{"id":2335,"date":"2020-07-15T14:28:25","date_gmt":"2020-07-15T12:28:25","guid":{"rendered":"http:\/\/demainlargentiere.fr\/?page_id=2335"},"modified":"2020-12-20T11:38:48","modified_gmt":"2020-12-20T10:38:48","slug":"cm-du-20-juillet-2020","status":"publish","type":"page","link":"https:\/\/demainlargentiere.fr\/index.php\/cm-du-20-juillet-2020\/","title":{"rendered":"CM du 20 juillet 2020"},"content":{"rendered":"\n<p>La question sous tendue \u00e0 ce conseil : Quel architecte pour le projet Ch\u00e2teau ?<\/p>\n\n\n\n<h4 class=\"wp-block-heading\">Nos prises de paroles<img loading=\"lazy\" decoding=\"async\" width=\"40\" height=\"40\" class=\"wp-image-1132\" style=\"width: 40px;\" src=\"http:\/\/demainlargentiere.fr\/wp-content\/uploads\/2020\/02\/rencontre.png\" alt=\"Picto rencontre Largenti\u00e8re\" srcset=\"https:\/\/demainlargentiere.fr\/wp-content\/uploads\/2020\/02\/rencontre.png 418w, https:\/\/demainlargentiere.fr\/wp-content\/uploads\/2020\/02\/rencontre-300x300.png 300w, https:\/\/demainlargentiere.fr\/wp-content\/uploads\/2020\/02\/rencontre-150x150.png 150w\" sizes=\"auto, (max-width: 40px) 100vw, 40px\" \/><\/h4>\n\n\n\n<p><em>Claudine Fournet, Jean-Philippe Smadja, Mil\u00e8ne Villard et Bruno Descombe, \u00e9lu\u00b7e\u00b7s de Demain Largenti\u00e8re ont pris la parole pour :<\/em><\/p>\n\n\n\n<p>&#8211; Souligner que le Compte Rendu ne rend compte que des d\u00e9lib\u00e9rations et qu&rsquo;il nous semble important que le ou la secr\u00e9taire de s\u00e9ance, nomm\u00e9 en d\u00e9but de s\u00e9ance et en vertus de de l&rsquo;article L. 2121-15 du CGCT, puisse noter les prises de parole faites en CM et donc de r\u00e9diger, non pas le compte rendu de s\u00e9ance, mais le proc\u00e8s verbal de la s\u00e9ance ce qui serait plus lisible pour la population. <\/p>\n\n\n\n<p>&#8211; <a href=\"http:\/\/demainlargentiere.fr\/index.php\/les-cao-commission-dappel-doffre\/\" target=\"_blank\" aria-label=\"undefined (s\u2019ouvre dans un nouvel onglet)\" rel=\"noreferrer noopener\">La CAO<\/a> a valid\u00e9 un architecte pour le projet ch\u00e2teau en amont du CM. Le Syndicat de D\u00e9veloppement, d\u2019Equipement et d&rsquo;Am\u00e9nagement &#8211; SDEA \u00e9tait pr\u00e9sent pour r\u00e9pondre \u00e0 nos questions. Nous avons donc valid\u00e9 la proposition soumise par la CAO.<\/p>\n\n\n\n<p>&nbsp;&#8211; Poser des questions sur le dispositif AVAP &#8211; Aire de Valorisation de l&rsquo;Architecture et du Patrimoine, et sa mise en application (notamment sur la composition des commissions&nbsp;locales). Plus d&rsquo;info sur <a href=\"https:\/\/www.largentiere.fr\/mairie\/urbanisme-architecture\/aire-de-valorisation-de-l-architecture-et-du-patrimoine-avap\/\" target=\"_blank\" aria-label=\"undefined (s\u2019ouvre dans un nouvel onglet)\" rel=\"noreferrer noopener\">le site de la commune, dans l&rsquo;onglet urbanisme<\/a>.<\/p>\n\n\n\n<p>&#8211; Remercier le maire d&rsquo;avoir accept\u00e9 d&rsquo;octroyer la prime COVID \u00e0 un agent qui se l&rsquo;\u00e9tait vu refus\u00e9e, un manquement que nous avions soulign\u00e9e lors du <a aria-label=\"undefined (s\u2019ouvre dans un nouvel onglet)\" href=\"http:\/\/demainlargentiere.fr\/index.php\/conseil-municipal-25-juin-2020\/\" target=\"_blank\" rel=\"noreferrer noopener\">CM du 3 juillet 2020<\/a>.<\/p>\n\n\n\n<p>&#8211;&nbsp; Monsieur le Maire qui nous a inform\u00e9 qu&rsquo;il donne suite \u00e0 nos demandes sur les d\u00e9l\u00e9gations d&rsquo;attribution faites au Maire et \u00e0&nbsp;notre courrier, ci-dessous, puisque ces derni\u00e8res seront remises \u00e0 l&rsquo;ordre du jour lundi 27 juillet, nous sommes satisfait.<\/p>\n\n\n\n<figure class=\"wp-block-image size-large\"><img loading=\"lazy\" decoding=\"async\" width=\"705\" height=\"920\" src=\"http:\/\/demainlargentiere.fr\/wp-content\/uploads\/2020\/07\/PDF-Architect-7-Lettre-de-demande_d\u00e9l\u00e9gations.pdf.jpg\" alt=\"\" class=\"wp-image-2400\" srcset=\"https:\/\/demainlargentiere.fr\/wp-content\/uploads\/2020\/07\/PDF-Architect-7-Lettre-de-demande_d\u00e9l\u00e9gations.pdf.jpg 705w, https:\/\/demainlargentiere.fr\/wp-content\/uploads\/2020\/07\/PDF-Architect-7-Lettre-de-demande_d\u00e9l\u00e9gations.pdf-230x300.jpg 230w\" sizes=\"auto, (max-width: 705px) 100vw, 705px\" \/><figcaption>Discussion et demandes sur les d\u00e9l\u00e9gations d&rsquo;attribution faites au Maire<\/figcaption><\/figure>\n\n\n\n<h4 class=\"wp-block-heading\">Les votes <img loading=\"lazy\" decoding=\"async\" width=\"40\" height=\"40\" class=\"wp-image-1130\" style=\"width: 40px;\" src=\"http:\/\/demainlargentiere.fr\/wp-content\/uploads\/2020\/02\/kit-campagne.png\" alt=\"Picto vote Largenti\u00e8re\" srcset=\"https:\/\/demainlargentiere.fr\/wp-content\/uploads\/2020\/02\/kit-campagne.png 418w, https:\/\/demainlargentiere.fr\/wp-content\/uploads\/2020\/02\/kit-campagne-300x300.png 300w, https:\/\/demainlargentiere.fr\/wp-content\/uploads\/2020\/02\/kit-campagne-150x150.png 150w\" sizes=\"auto, (max-width: 40px) 100vw, 40px\" \/><\/h4>\n\n\n\n<p>Choix de l&rsquo;architecte propos\u00e9 valid\u00e9 \u00e0 l&rsquo;unanimit\u00e9.<\/p>\n\n\n\n<h4 class=\"wp-block-heading\">La retranscription du CM <img loading=\"lazy\" decoding=\"async\" width=\"40\" height=\"40\" class=\"wp-image-1131\" style=\"width: 40px;\" src=\"http:\/\/demainlargentiere.fr\/wp-content\/uploads\/2020\/02\/programme.png\" alt=\"Picto campagne Demain Largenti\u00e8re\" srcset=\"https:\/\/demainlargentiere.fr\/wp-content\/uploads\/2020\/02\/programme.png 417w, https:\/\/demainlargentiere.fr\/wp-content\/uploads\/2020\/02\/programme-300x300.png 300w, https:\/\/demainlargentiere.fr\/wp-content\/uploads\/2020\/02\/programme-150x150.png 150w\" sizes=\"auto, (max-width: 40px) 100vw, 40px\" \/><\/h4>\n\n\n\n<p><em>En cours<\/em><\/p>\n\n\n\n<h4 class=\"wp-block-heading\">Le podcast du CM <img loading=\"lazy\" decoding=\"async\" width=\"40\" height=\"40\" class=\"wp-image-1128\" style=\"width: 40px;\" src=\"http:\/\/demainlargentiere.fr\/wp-content\/uploads\/2020\/02\/conference.png\" alt=\"Picto conf \u00e9lection\" srcset=\"https:\/\/demainlargentiere.fr\/wp-content\/uploads\/2020\/02\/conference.png 417w, https:\/\/demainlargentiere.fr\/wp-content\/uploads\/2020\/02\/conference-300x300.png 300w, https:\/\/demainlargentiere.fr\/wp-content\/uploads\/2020\/02\/conference-150x150.png 150w\" sizes=\"auto, (max-width: 40px) 100vw, 40px\" \/><\/h4>\n\n\n\n<figure class=\"wp-block-audio\"><audio controls src=\"http:\/\/demainlargentiere.fr\/wp-content\/uploads\/2020\/07\/conseil-muni-20-07-20-3.mp3\"><\/audio><\/figure>\n\n\n\n<figure class=\"wp-block-image size-large is-resized\"><img loading=\"lazy\" decoding=\"async\" src=\"http:\/\/demainlargentiere.fr\/wp-content\/uploads\/2020\/07\/Convoc-du-CM-pour-r\u00e9union-du-20.07.2020.pdf-Adobe-Acrobat-Pro-716x1024.jpg\" alt=\"\" class=\"wp-image-2337\" width=\"460\" height=\"658\" srcset=\"https:\/\/demainlargentiere.fr\/wp-content\/uploads\/2020\/07\/Convoc-du-CM-pour-r\u00e9union-du-20.07.2020.pdf-Adobe-Acrobat-Pro-716x1024.jpg 716w, https:\/\/demainlargentiere.fr\/wp-content\/uploads\/2020\/07\/Convoc-du-CM-pour-r\u00e9union-du-20.07.2020.pdf-Adobe-Acrobat-Pro-210x300.jpg 210w, https:\/\/demainlargentiere.fr\/wp-content\/uploads\/2020\/07\/Convoc-du-CM-pour-r\u00e9union-du-20.07.2020.pdf-Adobe-Acrobat-Pro.jpg 729w\" sizes=\"auto, (max-width: 460px) 100vw, 460px\" \/><\/figure>\n\n\n\n<hr class=\"wp-block-separator\"\/>\n\n\n\n<p>Le\u00a0<a href=\"https:\/\/www.largentiere.fr\/mairie\/comptes-rendus-des-conseils-municipaux\/\" target=\"_blank\" rel=\"noreferrer noopener\">compte rendu du conseil municipa<\/a>l\u00a0sur le site de la commune de Largenti\u00e8re.<\/p>\n\n\n\n<hr class=\"wp-block-separator\"\/>\n\n\n\n<p><\/p>\n","protected":false},"excerpt":{"rendered":"<p>La question sous tendue \u00e0 ce conseil : Quel architecte pour le projet Ch\u00e2teau ? Nos prises de paroles Claudine Fournet, Jean-Philippe Smadja, Mil\u00e8ne Villard et Bruno Descombe, \u00e9lu\u00b7e\u00b7s de Demain Largenti\u00e8re ont pris la parole pour : &#8211; Souligner que le Compte Rendu ne rend compte que des d\u00e9lib\u00e9rations et qu&rsquo;il nous semble important &hellip; <\/p>\n<p class=\"link-more\"><a href=\"https:\/\/demainlargentiere.fr\/index.php\/cm-du-20-juillet-2020\/\" class=\"more-link\">Continuer la lecture <span class=\"screen-reader-text\"> \u00ab\u00a0CM du 20 juillet 2020\u00a0\u00bb<\/span><\/a><\/p>\n","protected":false},"author":2,"featured_media":0,"parent":0,"menu_order":0,"comment_status":"closed","ping_status":"closed","template":"","meta":{"ngg_post_thumbnail":0,"footnotes":""},"class_list":["post-2335","page","type-page","status-publish","hentry","entry"],"yoast_head":"<!-- This site is optimized with the Yoast SEO plugin v27.4 - https:\/\/yoast.com\/product\/yoast-seo-wordpress\/ -->\n<title>CM du 20 juillet 2020 - Demain LARGENTIERE !<\/title>\n<meta name=\"robots\" content=\"index, follow, max-snippet:-1, max-image-preview:large, max-video-preview:-1\" \/>\n<link rel=\"canonical\" href=\"http:\/\/demainlargentiere.fr\/index.php\/cm-du-20-juillet-2020\/\" \/>\n<meta property=\"og:locale\" content=\"fr_FR\" \/>\n<meta property=\"og:type\" content=\"article\" \/>\n<meta property=\"og:title\" content=\"CM du 20 juillet 2020 - Demain LARGENTIERE !\" \/>\n<meta property=\"og:description\" content=\"La question sous tendue \u00e0 ce conseil : Quel architecte pour le projet Ch\u00e2teau ? Nos prises de paroles Claudine Fournet, Jean-Philippe Smadja, Mil\u00e8ne Villard et Bruno Descombe, \u00e9lu\u00b7e\u00b7s de Demain Largenti\u00e8re ont pris la parole pour : &#8211; Souligner que le Compte Rendu ne rend compte que des d\u00e9lib\u00e9rations et qu&rsquo;il nous semble important &hellip; Continuer la lecture \u00ab\u00a0CM du 20 juillet 2020\u00a0\u00bb\" \/>\n<meta property=\"og:url\" content=\"http:\/\/demainlargentiere.fr\/index.php\/cm-du-20-juillet-2020\/\" \/>\n<meta property=\"og:site_name\" content=\"Demain LARGENTIERE !\" \/>\n<meta property=\"article:publisher\" content=\"https:\/\/www.facebook.com\/DemainLargentiere\/\" \/>\n<meta property=\"article:modified_time\" content=\"2020-12-20T10:38:48+00:00\" \/>\n<meta property=\"og:image\" content=\"http:\/\/demainlargentiere.fr\/wp-content\/uploads\/2020\/02\/rencontre.png\" \/>\n<meta name=\"twitter:card\" content=\"summary_large_image\" \/>\n<meta name=\"twitter:label1\" content=\"Dur\u00e9e de lecture estim\u00e9e\" \/>\n\t<meta name=\"twitter:data1\" content=\"2 minutes\" \/>\n<script type=\"application\/ld+json\" class=\"yoast-schema-graph\">{\"@context\":\"https:\\\/\\\/schema.org\",\"@graph\":[{\"@type\":\"WebPage\",\"@id\":\"http:\\\/\\\/demainlargentiere.fr\\\/index.php\\\/cm-du-20-juillet-2020\\\/\",\"url\":\"http:\\\/\\\/demainlargentiere.fr\\\/index.php\\\/cm-du-20-juillet-2020\\\/\",\"name\":\"CM du 20 juillet 2020 - Demain LARGENTIERE !\",\"isPartOf\":{\"@id\":\"http:\\\/\\\/demainlargentiere.fr\\\/#website\"},\"primaryImageOfPage\":{\"@id\":\"http:\\\/\\\/demainlargentiere.fr\\\/index.php\\\/cm-du-20-juillet-2020\\\/#primaryimage\"},\"image\":{\"@id\":\"http:\\\/\\\/demainlargentiere.fr\\\/index.php\\\/cm-du-20-juillet-2020\\\/#primaryimage\"},\"thumbnailUrl\":\"http:\\\/\\\/demainlargentiere.fr\\\/wp-content\\\/uploads\\\/2020\\\/02\\\/rencontre.png\",\"datePublished\":\"2020-07-15T12:28:25+00:00\",\"dateModified\":\"2020-12-20T10:38:48+00:00\",\"breadcrumb\":{\"@id\":\"http:\\\/\\\/demainlargentiere.fr\\\/index.php\\\/cm-du-20-juillet-2020\\\/#breadcrumb\"},\"inLanguage\":\"fr-FR\",\"potentialAction\":[{\"@type\":\"ReadAction\",\"target\":[\"http:\\\/\\\/demainlargentiere.fr\\\/index.php\\\/cm-du-20-juillet-2020\\\/\"]}]},{\"@type\":\"ImageObject\",\"inLanguage\":\"fr-FR\",\"@id\":\"http:\\\/\\\/demainlargentiere.fr\\\/index.php\\\/cm-du-20-juillet-2020\\\/#primaryimage\",\"url\":\"https:\\\/\\\/demainlargentiere.fr\\\/wp-content\\\/uploads\\\/2020\\\/02\\\/rencontre.png\",\"contentUrl\":\"https:\\\/\\\/demainlargentiere.fr\\\/wp-content\\\/uploads\\\/2020\\\/02\\\/rencontre.png\",\"width\":418,\"height\":417,\"caption\":\"Picto rencontre Largenti\u00e8re\"},{\"@type\":\"BreadcrumbList\",\"@id\":\"http:\\\/\\\/demainlargentiere.fr\\\/index.php\\\/cm-du-20-juillet-2020\\\/#breadcrumb\",\"itemListElement\":[{\"@type\":\"ListItem\",\"position\":1,\"name\":\"Accueil\",\"item\":\"https:\\\/\\\/demainlargentiere.fr\\\/\"},{\"@type\":\"ListItem\",\"position\":2,\"name\":\"CM du 20 juillet 2020\"}]},{\"@type\":\"WebSite\",\"@id\":\"http:\\\/\\\/demainlargentiere.fr\\\/#website\",\"url\":\"http:\\\/\\\/demainlargentiere.fr\\\/\",\"name\":\"Demain LARGENTIERE !\",\"description\":\"Ensemble, cr\u00e9ons demain.\",\"publisher\":{\"@id\":\"http:\\\/\\\/demainlargentiere.fr\\\/#organization\"},\"potentialAction\":[{\"@type\":\"SearchAction\",\"target\":{\"@type\":\"EntryPoint\",\"urlTemplate\":\"http:\\\/\\\/demainlargentiere.fr\\\/?s={search_term_string}\"},\"query-input\":{\"@type\":\"PropertyValueSpecification\",\"valueRequired\":true,\"valueName\":\"search_term_string\"}}],\"inLanguage\":\"fr-FR\"},{\"@type\":\"Organization\",\"@id\":\"http:\\\/\\\/demainlargentiere.fr\\\/#organization\",\"name\":\"DemainLargentiere\",\"url\":\"http:\\\/\\\/demainlargentiere.fr\\\/\",\"logo\":{\"@type\":\"ImageObject\",\"inLanguage\":\"fr-FR\",\"@id\":\"http:\\\/\\\/demainlargentiere.fr\\\/#\\\/schema\\\/logo\\\/image\\\/\",\"url\":\"http:\\\/\\\/demainlargentiere.fr\\\/wp-content\\\/uploads\\\/2020\\\/02\\\/logo-250x250-1.png\",\"contentUrl\":\"http:\\\/\\\/demainlargentiere.fr\\\/wp-content\\\/uploads\\\/2020\\\/02\\\/logo-250x250-1.png\",\"width\":250,\"height\":250,\"caption\":\"DemainLargentiere\"},\"image\":{\"@id\":\"http:\\\/\\\/demainlargentiere.fr\\\/#\\\/schema\\\/logo\\\/image\\\/\"},\"sameAs\":[\"https:\\\/\\\/www.facebook.com\\\/DemainLargentiere\\\/\"]}]}<\/script>\n<!-- \/ Yoast SEO plugin. -->","yoast_head_json":{"title":"CM du 20 juillet 2020 - Demain LARGENTIERE !","robots":{"index":"index","follow":"follow","max-snippet":"max-snippet:-1","max-image-preview":"max-image-preview:large","max-video-preview":"max-video-preview:-1"},"canonical":"http:\/\/demainlargentiere.fr\/index.php\/cm-du-20-juillet-2020\/","og_locale":"fr_FR","og_type":"article","og_title":"CM du 20 juillet 2020 - Demain LARGENTIERE !","og_description":"La question sous tendue \u00e0 ce conseil : Quel architecte pour le projet Ch\u00e2teau ? Nos prises de paroles Claudine Fournet, Jean-Philippe Smadja, Mil\u00e8ne Villard et Bruno Descombe, \u00e9lu\u00b7e\u00b7s de Demain Largenti\u00e8re ont pris la parole pour : &#8211; Souligner que le Compte Rendu ne rend compte que des d\u00e9lib\u00e9rations et qu&rsquo;il nous semble important &hellip; Continuer la lecture \u00ab\u00a0CM du 20 juillet 2020\u00a0\u00bb","og_url":"http:\/\/demainlargentiere.fr\/index.php\/cm-du-20-juillet-2020\/","og_site_name":"Demain LARGENTIERE !","article_publisher":"https:\/\/www.facebook.com\/DemainLargentiere\/","article_modified_time":"2020-12-20T10:38:48+00:00","og_image":[{"url":"http:\/\/demainlargentiere.fr\/wp-content\/uploads\/2020\/02\/rencontre.png","type":"","width":"","height":""}],"twitter_card":"summary_large_image","twitter_misc":{"Dur\u00e9e de lecture estim\u00e9e":"2 minutes"},"schema":{"@context":"https:\/\/schema.org","@graph":[{"@type":"WebPage","@id":"http:\/\/demainlargentiere.fr\/index.php\/cm-du-20-juillet-2020\/","url":"http:\/\/demainlargentiere.fr\/index.php\/cm-du-20-juillet-2020\/","name":"CM du 20 juillet 2020 - Demain LARGENTIERE !","isPartOf":{"@id":"http:\/\/demainlargentiere.fr\/#website"},"primaryImageOfPage":{"@id":"http:\/\/demainlargentiere.fr\/index.php\/cm-du-20-juillet-2020\/#primaryimage"},"image":{"@id":"http:\/\/demainlargentiere.fr\/index.php\/cm-du-20-juillet-2020\/#primaryimage"},"thumbnailUrl":"http:\/\/demainlargentiere.fr\/wp-content\/uploads\/2020\/02\/rencontre.png","datePublished":"2020-07-15T12:28:25+00:00","dateModified":"2020-12-20T10:38:48+00:00","breadcrumb":{"@id":"http:\/\/demainlargentiere.fr\/index.php\/cm-du-20-juillet-2020\/#breadcrumb"},"inLanguage":"fr-FR","potentialAction":[{"@type":"ReadAction","target":["http:\/\/demainlargentiere.fr\/index.php\/cm-du-20-juillet-2020\/"]}]},{"@type":"ImageObject","inLanguage":"fr-FR","@id":"http:\/\/demainlargentiere.fr\/index.php\/cm-du-20-juillet-2020\/#primaryimage","url":"https:\/\/demainlargentiere.fr\/wp-content\/uploads\/2020\/02\/rencontre.png","contentUrl":"https:\/\/demainlargentiere.fr\/wp-content\/uploads\/2020\/02\/rencontre.png","width":418,"height":417,"caption":"Picto rencontre Largenti\u00e8re"},{"@type":"BreadcrumbList","@id":"http:\/\/demainlargentiere.fr\/index.php\/cm-du-20-juillet-2020\/#breadcrumb","itemListElement":[{"@type":"ListItem","position":1,"name":"Accueil","item":"https:\/\/demainlargentiere.fr\/"},{"@type":"ListItem","position":2,"name":"CM du 20 juillet 2020"}]},{"@type":"WebSite","@id":"http:\/\/demainlargentiere.fr\/#website","url":"http:\/\/demainlargentiere.fr\/","name":"Demain LARGENTIERE !","description":"Ensemble, cr\u00e9ons demain.","publisher":{"@id":"http:\/\/demainlargentiere.fr\/#organization"},"potentialAction":[{"@type":"SearchAction","target":{"@type":"EntryPoint","urlTemplate":"http:\/\/demainlargentiere.fr\/?s={search_term_string}"},"query-input":{"@type":"PropertyValueSpecification","valueRequired":true,"valueName":"search_term_string"}}],"inLanguage":"fr-FR"},{"@type":"Organization","@id":"http:\/\/demainlargentiere.fr\/#organization","name":"DemainLargentiere","url":"http:\/\/demainlargentiere.fr\/","logo":{"@type":"ImageObject","inLanguage":"fr-FR","@id":"http:\/\/demainlargentiere.fr\/#\/schema\/logo\/image\/","url":"http:\/\/demainlargentiere.fr\/wp-content\/uploads\/2020\/02\/logo-250x250-1.png","contentUrl":"http:\/\/demainlargentiere.fr\/wp-content\/uploads\/2020\/02\/logo-250x250-1.png","width":250,"height":250,"caption":"DemainLargentiere"},"image":{"@id":"http:\/\/demainlargentiere.fr\/#\/schema\/logo\/image\/"},"sameAs":["https:\/\/www.facebook.com\/DemainLargentiere\/"]}]}},"_links":{"self":[{"href":"https:\/\/demainlargentiere.fr\/index.php\/wp-json\/wp\/v2\/pages\/2335","targetHints":{"allow":["GET"]}}],"collection":[{"href":"https:\/\/demainlargentiere.fr\/index.php\/wp-json\/wp\/v2\/pages"}],"about":[{"href":"https:\/\/demainlargentiere.fr\/index.php\/wp-json\/wp\/v2\/types\/page"}],"author":[{"embeddable":true,"href":"https:\/\/demainlargentiere.fr\/index.php\/wp-json\/wp\/v2\/users\/2"}],"replies":[{"embeddable":true,"href":"https:\/\/demainlargentiere.fr\/index.php\/wp-json\/wp\/v2\/comments?post=2335"}],"version-history":[{"count":9,"href":"https:\/\/demainlargentiere.fr\/index.php\/wp-json\/wp\/v2\/pages\/2335\/revisions"}],"predecessor-version":[{"id":2844,"href":"https:\/\/demainlargentiere.fr\/index.php\/wp-json\/wp\/v2\/pages\/2335\/revisions\/2844"}],"wp:attachment":[{"href":"https:\/\/demainlargentiere.fr\/index.php\/wp-json\/wp\/v2\/media?parent=2335"}],"curies":[{"name":"wp","href":"https:\/\/api.w.org\/{rel}","templated":true}]}}