{"id":2384,"date":"2020-07-22T10:58:02","date_gmt":"2020-07-22T08:58:02","guid":{"rendered":"http:\/\/demainlargentiere.fr\/?page_id=2384"},"modified":"2024-06-17T22:48:38","modified_gmt":"2024-06-17T20:48:38","slug":"gestion-communale-les-commissions","status":"publish","type":"page","link":"https:\/\/demainlargentiere.fr\/index.php\/gestion-communale-les-commissions\/","title":{"rendered":"Gestion communale : les commissions"},"content":{"rendered":"\n<p>Les commissions municipales ne se r\u00e9unissant que peu de fois, nous nous sommes r\u00e9partis comme \u00ab\u00a0r\u00e9f\u00e9rents\u00a0\u00bb et non plus comme participants aux commissions : (Emanuelle Martin prend la suite de Bruno Descombes qui est d\u00e9c\u00e9d\u00e9 en avril 2023)<\/p>\n\n\n\n<figure class=\"wp-block-image size-large\"><img loading=\"lazy\" decoding=\"async\" width=\"1024\" height=\"329\" src=\"http:\/\/demainlargentiere.fr\/wp-content\/uploads\/2024\/02\/referents-1024x329.jpg\" alt=\"\" class=\"wp-image-4813\" srcset=\"https:\/\/demainlargentiere.fr\/wp-content\/uploads\/2024\/02\/referents-1024x329.jpg 1024w, https:\/\/demainlargentiere.fr\/wp-content\/uploads\/2024\/02\/referents-300x96.jpg 300w, https:\/\/demainlargentiere.fr\/wp-content\/uploads\/2024\/02\/referents-768x247.jpg 768w, https:\/\/demainlargentiere.fr\/wp-content\/uploads\/2024\/02\/referents.jpg 1077w\" sizes=\"auto, (max-width: 1024px) 100vw, 1024px\" \/><\/figure>\n\n\n\n<h3 class=\"wp-block-heading\">La Commission d&rsquo;Appel d&rsquo;Offre &#8211; CAO<\/h3>\n\n\n\n<p>Composition de la liste minoritaire \u00ab Demain Largenti\u00e8re \u00bb : Mme. FOURNET Claudine (titulaire), Mme. VILLARD Mil\u00e8ne (suppl\u00e9ante)<\/p>\n\n\n\n<h3 class=\"wp-block-heading\">Le Centre Communal d&rsquo;Action Social &#8211; CCAS<\/h3>\n\n\n\n<p>Concernant la liste minoritaire \u00ab Demain Largenti\u00e8re \u00bb  : Emanuelle Martin<\/p>\n\n\n\n<h3 class=\"wp-block-heading\">La Commission Municipale Jeunesse , Sport, Vie Associative et Culture <\/h3>\n\n\n\n<p>Composition des \u00e9lu\u00b7e\u00b7s de la liste minoritaire \u00ab Demain Largenti\u00e8re \u00bb :\u00a0Juliette Olivier<\/p>\n\n\n\n<h3 class=\"wp-block-heading\">La Commission Municipale Patrimoine, Bourg Centre, Travaux et Environnement<\/h3>\n\n\n\n<p>Composition des \u00e9lu\u00b7e\u00b7s de la liste minoritaire \u00ab Demain Largenti\u00e8re \u00bb : Claudine Fournet.&nbsp;<\/p>\n\n\n\n<h3 class=\"wp-block-heading\">La Commission Municipale communication, animations et festivit\u00e9s<\/h3>\n\n\n\n<p>Composition des \u00e9lu\u00b7e\u00b7s de la liste minoritaire \u00ab Demain Largenti\u00e8re \u00bb :&nbsp;Mil\u00e8ne Villard<\/p>\n\n\n\n<h3 class=\"wp-block-heading\">La Commission Municipale Largenti\u00e8re au quotidien et s\u00e9curit\u00e9 <\/h3>\n\n\n\n<p>Composition des \u00e9lu\u00b7e\u00b7s de la liste minoritaire \u00ab Demain Largenti\u00e8re \u00bb :\u00a0Emanuelle Martin<\/p>\n\n\n\n<h3 class=\"wp-block-heading\">Autre : R\u00e9union de travail PLU<\/h3>\n\n\n\n<p>Composition des \u00e9lu\u00b7e\u00b7s de la liste minoritaire \u00ab Demain Largenti\u00e8re \u00bb :&nbsp;Claudine Fournet<\/p>\n\n\n\n<hr class=\"wp-block-separator has-css-opacity\"\/>\n\n\n\n<p><a href=\"http:\/\/demainlargentiere.fr\/index.php\/ecrivez-nous\/\" target=\"_blank\" rel=\"noreferrer noopener\">Nous contacter<\/a><\/p>\n","protected":false},"excerpt":{"rendered":"<p>Les commissions municipales ne se r\u00e9unissant que peu de fois, nous nous sommes r\u00e9partis comme \u00ab\u00a0r\u00e9f\u00e9rents\u00a0\u00bb et non plus comme participants aux commissions : (Emanuelle Martin prend la suite de Bruno Descombes qui est d\u00e9c\u00e9d\u00e9 en avril 2023) La Commission d&rsquo;Appel d&rsquo;Offre &#8211; CAO Composition de la liste minoritaire \u00ab Demain Largenti\u00e8re \u00bb : Mme. &hellip; <\/p>\n<p class=\"link-more\"><a href=\"https:\/\/demainlargentiere.fr\/index.php\/gestion-communale-les-commissions\/\" class=\"more-link\">Continuer la lecture <span class=\"screen-reader-text\"> \u00ab\u00a0Gestion communale : les commissions\u00a0\u00bb<\/span><\/a><\/p>\n","protected":false},"author":2,"featured_media":0,"parent":0,"menu_order":0,"comment_status":"closed","ping_status":"closed","template":"","meta":{"ngg_post_thumbnail":0,"footnotes":""},"class_list":["post-2384","page","type-page","status-publish","hentry","entry"],"yoast_head":"<!-- This site is optimized with the Yoast SEO plugin v27.4 - https:\/\/yoast.com\/product\/yoast-seo-wordpress\/ -->\n<title>Gestion communale : les commissions - Demain LARGENTIERE !<\/title>\n<meta name=\"robots\" content=\"index, follow, max-snippet:-1, max-image-preview:large, max-video-preview:-1\" \/>\n<link rel=\"canonical\" href=\"https:\/\/demainlargentiere.fr\/index.php\/gestion-communale-les-commissions\/\" \/>\n<meta property=\"og:locale\" content=\"fr_FR\" \/>\n<meta property=\"og:type\" content=\"article\" \/>\n<meta property=\"og:title\" content=\"Gestion communale : les commissions - Demain LARGENTIERE !\" \/>\n<meta property=\"og:description\" content=\"Les commissions municipales ne se r\u00e9unissant que peu de fois, nous nous sommes r\u00e9partis comme \u00ab\u00a0r\u00e9f\u00e9rents\u00a0\u00bb et non plus comme participants aux commissions : (Emanuelle Martin prend la suite de Bruno Descombes qui est d\u00e9c\u00e9d\u00e9 en avril 2023) La Commission d&rsquo;Appel d&rsquo;Offre &#8211; CAO Composition de la liste minoritaire \u00ab Demain Largenti\u00e8re \u00bb : Mme. &hellip; Continuer la lecture \u00ab\u00a0Gestion communale : les commissions\u00a0\u00bb\" \/>\n<meta property=\"og:url\" content=\"https:\/\/demainlargentiere.fr\/index.php\/gestion-communale-les-commissions\/\" \/>\n<meta property=\"og:site_name\" content=\"Demain LARGENTIERE !\" \/>\n<meta property=\"article:publisher\" content=\"https:\/\/www.facebook.com\/DemainLargentiere\/\" \/>\n<meta property=\"article:modified_time\" content=\"2024-06-17T20:48:38+00:00\" \/>\n<meta property=\"og:image\" content=\"http:\/\/demainlargentiere.fr\/wp-content\/uploads\/2024\/02\/referents-1024x329.jpg\" \/>\n<meta name=\"twitter:card\" content=\"summary_large_image\" \/>\n<meta name=\"twitter:label1\" content=\"Dur\u00e9e de lecture estim\u00e9e\" \/>\n\t<meta name=\"twitter:data1\" content=\"2 minutes\" \/>\n<script type=\"application\/ld+json\" class=\"yoast-schema-graph\">{\"@context\":\"https:\\\/\\\/schema.org\",\"@graph\":[{\"@type\":\"WebPage\",\"@id\":\"https:\\\/\\\/demainlargentiere.fr\\\/index.php\\\/gestion-communale-les-commissions\\\/\",\"url\":\"https:\\\/\\\/demainlargentiere.fr\\\/index.php\\\/gestion-communale-les-commissions\\\/\",\"name\":\"Gestion communale : les commissions - Demain LARGENTIERE !\",\"isPartOf\":{\"@id\":\"http:\\\/\\\/demainlargentiere.fr\\\/#website\"},\"primaryImageOfPage\":{\"@id\":\"https:\\\/\\\/demainlargentiere.fr\\\/index.php\\\/gestion-communale-les-commissions\\\/#primaryimage\"},\"image\":{\"@id\":\"https:\\\/\\\/demainlargentiere.fr\\\/index.php\\\/gestion-communale-les-commissions\\\/#primaryimage\"},\"thumbnailUrl\":\"http:\\\/\\\/demainlargentiere.fr\\\/wp-content\\\/uploads\\\/2024\\\/02\\\/referents-1024x329.jpg\",\"datePublished\":\"2020-07-22T08:58:02+00:00\",\"dateModified\":\"2024-06-17T20:48:38+00:00\",\"breadcrumb\":{\"@id\":\"https:\\\/\\\/demainlargentiere.fr\\\/index.php\\\/gestion-communale-les-commissions\\\/#breadcrumb\"},\"inLanguage\":\"fr-FR\",\"potentialAction\":[{\"@type\":\"ReadAction\",\"target\":[\"https:\\\/\\\/demainlargentiere.fr\\\/index.php\\\/gestion-communale-les-commissions\\\/\"]}]},{\"@type\":\"ImageObject\",\"inLanguage\":\"fr-FR\",\"@id\":\"https:\\\/\\\/demainlargentiere.fr\\\/index.php\\\/gestion-communale-les-commissions\\\/#primaryimage\",\"url\":\"https:\\\/\\\/demainlargentiere.fr\\\/wp-content\\\/uploads\\\/2024\\\/02\\\/referents.jpg\",\"contentUrl\":\"https:\\\/\\\/demainlargentiere.fr\\\/wp-content\\\/uploads\\\/2024\\\/02\\\/referents.jpg\",\"width\":1077,\"height\":346},{\"@type\":\"BreadcrumbList\",\"@id\":\"https:\\\/\\\/demainlargentiere.fr\\\/index.php\\\/gestion-communale-les-commissions\\\/#breadcrumb\",\"itemListElement\":[{\"@type\":\"ListItem\",\"position\":1,\"name\":\"Accueil\",\"item\":\"https:\\\/\\\/demainlargentiere.fr\\\/\"},{\"@type\":\"ListItem\",\"position\":2,\"name\":\"Gestion communale : les commissions\"}]},{\"@type\":\"WebSite\",\"@id\":\"http:\\\/\\\/demainlargentiere.fr\\\/#website\",\"url\":\"http:\\\/\\\/demainlargentiere.fr\\\/\",\"name\":\"Demain LARGENTIERE !\",\"description\":\"Ensemble, cr\u00e9ons demain.\",\"publisher\":{\"@id\":\"http:\\\/\\\/demainlargentiere.fr\\\/#organization\"},\"potentialAction\":[{\"@type\":\"SearchAction\",\"target\":{\"@type\":\"EntryPoint\",\"urlTemplate\":\"http:\\\/\\\/demainlargentiere.fr\\\/?s={search_term_string}\"},\"query-input\":{\"@type\":\"PropertyValueSpecification\",\"valueRequired\":true,\"valueName\":\"search_term_string\"}}],\"inLanguage\":\"fr-FR\"},{\"@type\":\"Organization\",\"@id\":\"http:\\\/\\\/demainlargentiere.fr\\\/#organization\",\"name\":\"DemainLargentiere\",\"url\":\"http:\\\/\\\/demainlargentiere.fr\\\/\",\"logo\":{\"@type\":\"ImageObject\",\"inLanguage\":\"fr-FR\",\"@id\":\"http:\\\/\\\/demainlargentiere.fr\\\/#\\\/schema\\\/logo\\\/image\\\/\",\"url\":\"http:\\\/\\\/demainlargentiere.fr\\\/wp-content\\\/uploads\\\/2020\\\/02\\\/logo-250x250-1.png\",\"contentUrl\":\"http:\\\/\\\/demainlargentiere.fr\\\/wp-content\\\/uploads\\\/2020\\\/02\\\/logo-250x250-1.png\",\"width\":250,\"height\":250,\"caption\":\"DemainLargentiere\"},\"image\":{\"@id\":\"http:\\\/\\\/demainlargentiere.fr\\\/#\\\/schema\\\/logo\\\/image\\\/\"},\"sameAs\":[\"https:\\\/\\\/www.facebook.com\\\/DemainLargentiere\\\/\"]}]}<\/script>\n<!-- \/ Yoast SEO plugin. -->","yoast_head_json":{"title":"Gestion communale : les commissions - Demain LARGENTIERE !","robots":{"index":"index","follow":"follow","max-snippet":"max-snippet:-1","max-image-preview":"max-image-preview:large","max-video-preview":"max-video-preview:-1"},"canonical":"https:\/\/demainlargentiere.fr\/index.php\/gestion-communale-les-commissions\/","og_locale":"fr_FR","og_type":"article","og_title":"Gestion communale : les commissions - Demain LARGENTIERE !","og_description":"Les commissions municipales ne se r\u00e9unissant que peu de fois, nous nous sommes r\u00e9partis comme \u00ab\u00a0r\u00e9f\u00e9rents\u00a0\u00bb et non plus comme participants aux commissions : (Emanuelle Martin prend la suite de Bruno Descombes qui est d\u00e9c\u00e9d\u00e9 en avril 2023) La Commission d&rsquo;Appel d&rsquo;Offre &#8211; CAO Composition de la liste minoritaire \u00ab Demain Largenti\u00e8re \u00bb : Mme. &hellip; Continuer la lecture \u00ab\u00a0Gestion communale : les commissions\u00a0\u00bb","og_url":"https:\/\/demainlargentiere.fr\/index.php\/gestion-communale-les-commissions\/","og_site_name":"Demain LARGENTIERE !","article_publisher":"https:\/\/www.facebook.com\/DemainLargentiere\/","article_modified_time":"2024-06-17T20:48:38+00:00","og_image":[{"url":"http:\/\/demainlargentiere.fr\/wp-content\/uploads\/2024\/02\/referents-1024x329.jpg","type":"","width":"","height":""}],"twitter_card":"summary_large_image","twitter_misc":{"Dur\u00e9e de lecture estim\u00e9e":"2 minutes"},"schema":{"@context":"https:\/\/schema.org","@graph":[{"@type":"WebPage","@id":"https:\/\/demainlargentiere.fr\/index.php\/gestion-communale-les-commissions\/","url":"https:\/\/demainlargentiere.fr\/index.php\/gestion-communale-les-commissions\/","name":"Gestion communale : les commissions - Demain LARGENTIERE !","isPartOf":{"@id":"http:\/\/demainlargentiere.fr\/#website"},"primaryImageOfPage":{"@id":"https:\/\/demainlargentiere.fr\/index.php\/gestion-communale-les-commissions\/#primaryimage"},"image":{"@id":"https:\/\/demainlargentiere.fr\/index.php\/gestion-communale-les-commissions\/#primaryimage"},"thumbnailUrl":"http:\/\/demainlargentiere.fr\/wp-content\/uploads\/2024\/02\/referents-1024x329.jpg","datePublished":"2020-07-22T08:58:02+00:00","dateModified":"2024-06-17T20:48:38+00:00","breadcrumb":{"@id":"https:\/\/demainlargentiere.fr\/index.php\/gestion-communale-les-commissions\/#breadcrumb"},"inLanguage":"fr-FR","potentialAction":[{"@type":"ReadAction","target":["https:\/\/demainlargentiere.fr\/index.php\/gestion-communale-les-commissions\/"]}]},{"@type":"ImageObject","inLanguage":"fr-FR","@id":"https:\/\/demainlargentiere.fr\/index.php\/gestion-communale-les-commissions\/#primaryimage","url":"https:\/\/demainlargentiere.fr\/wp-content\/uploads\/2024\/02\/referents.jpg","contentUrl":"https:\/\/demainlargentiere.fr\/wp-content\/uploads\/2024\/02\/referents.jpg","width":1077,"height":346},{"@type":"BreadcrumbList","@id":"https:\/\/demainlargentiere.fr\/index.php\/gestion-communale-les-commissions\/#breadcrumb","itemListElement":[{"@type":"ListItem","position":1,"name":"Accueil","item":"https:\/\/demainlargentiere.fr\/"},{"@type":"ListItem","position":2,"name":"Gestion communale : les commissions"}]},{"@type":"WebSite","@id":"http:\/\/demainlargentiere.fr\/#website","url":"http:\/\/demainlargentiere.fr\/","name":"Demain LARGENTIERE !","description":"Ensemble, cr\u00e9ons demain.","publisher":{"@id":"http:\/\/demainlargentiere.fr\/#organization"},"potentialAction":[{"@type":"SearchAction","target":{"@type":"EntryPoint","urlTemplate":"http:\/\/demainlargentiere.fr\/?s={search_term_string}"},"query-input":{"@type":"PropertyValueSpecification","valueRequired":true,"valueName":"search_term_string"}}],"inLanguage":"fr-FR"},{"@type":"Organization","@id":"http:\/\/demainlargentiere.fr\/#organization","name":"DemainLargentiere","url":"http:\/\/demainlargentiere.fr\/","logo":{"@type":"ImageObject","inLanguage":"fr-FR","@id":"http:\/\/demainlargentiere.fr\/#\/schema\/logo\/image\/","url":"http:\/\/demainlargentiere.fr\/wp-content\/uploads\/2020\/02\/logo-250x250-1.png","contentUrl":"http:\/\/demainlargentiere.fr\/wp-content\/uploads\/2020\/02\/logo-250x250-1.png","width":250,"height":250,"caption":"DemainLargentiere"},"image":{"@id":"http:\/\/demainlargentiere.fr\/#\/schema\/logo\/image\/"},"sameAs":["https:\/\/www.facebook.com\/DemainLargentiere\/"]}]}},"_links":{"self":[{"href":"https:\/\/demainlargentiere.fr\/index.php\/wp-json\/wp\/v2\/pages\/2384","targetHints":{"allow":["GET"]}}],"collection":[{"href":"https:\/\/demainlargentiere.fr\/index.php\/wp-json\/wp\/v2\/pages"}],"about":[{"href":"https:\/\/demainlargentiere.fr\/index.php\/wp-json\/wp\/v2\/types\/page"}],"author":[{"embeddable":true,"href":"https:\/\/demainlargentiere.fr\/index.php\/wp-json\/wp\/v2\/users\/2"}],"replies":[{"embeddable":true,"href":"https:\/\/demainlargentiere.fr\/index.php\/wp-json\/wp\/v2\/comments?post=2384"}],"version-history":[{"count":34,"href":"https:\/\/demainlargentiere.fr\/index.php\/wp-json\/wp\/v2\/pages\/2384\/revisions"}],"predecessor-version":[{"id":4923,"href":"https:\/\/demainlargentiere.fr\/index.php\/wp-json\/wp\/v2\/pages\/2384\/revisions\/4923"}],"wp:attachment":[{"href":"https:\/\/demainlargentiere.fr\/index.php\/wp-json\/wp\/v2\/media?parent=2384"}],"curies":[{"name":"wp","href":"https:\/\/api.w.org\/{rel}","templated":true}]}}