{"id":3742,"date":"2022-01-30T18:03:31","date_gmt":"2022-01-30T17:03:31","guid":{"rendered":"http:\/\/demainlargentiere.fr\/?page_id=3742"},"modified":"2022-02-09T14:20:13","modified_gmt":"2022-02-09T13:20:13","slug":"cm-du-31-janvier-2022-transfert-de-propriete-du-chateau","status":"publish","type":"page","link":"https:\/\/demainlargentiere.fr\/index.php\/cm-du-31-janvier-2022-transfert-de-propriete-du-chateau\/","title":{"rendered":"CM du 31 janvier 2022 &#8211; L&rsquo;avenir de notre ch\u00e2teau : transfert de propri\u00e9t\u00e9 \u00e0 la r\u00e9gion AURA"},"content":{"rendered":"\n<figure class=\"wp-block-image size-large is-resized\"><img loading=\"lazy\" decoding=\"async\" src=\"http:\/\/demainlargentiere.fr\/wp-content\/uploads\/2022\/01\/convoc.jpg\" alt=\"\" class=\"wp-image-3743\" width=\"417\" height=\"608\" srcset=\"https:\/\/demainlargentiere.fr\/wp-content\/uploads\/2022\/01\/convoc.jpg 490w, https:\/\/demainlargentiere.fr\/wp-content\/uploads\/2022\/01\/convoc-206x300.jpg 206w\" sizes=\"auto, (max-width: 417px) 100vw, 417px\" \/><\/figure>\n\n\n\n<p>C\u2019est lors de ce conseil municipal, que la liste majoritaire a vot\u00e9 unanimement pour le transfert de propri\u00e9t\u00e9&nbsp;du ch\u00e2teau&nbsp;\u00e0 la r\u00e9gion AURA, pour une somme inconnue et des conditions&nbsp;non dites&nbsp; (conditions&nbsp;financi\u00e8res,&nbsp;d\u2019usages,&nbsp;d\u2019accessibilit\u00e9, remboursement des emprunts en cours, etc.), le tout en 2 mn 30, apr\u00e8s la pr\u00e9sentation, tr\u00e8s professionnelle, du projet ch\u00e2teau&nbsp;mais&nbsp;uniquement sur son aspect architectural\u2026<\/p>\n\n\n\n<p>Les \u00e9lu\u00b7e\u00b7s de Demain Largenti\u00e8re ont vot\u00e9 contre cette cession.&nbsp;<\/p>\n\n\n\n<p>Pour les autres sujets abord\u00e9s (classe Ulis et cession parcelle Volpilliaire) : vote pour.<\/p>\n\n\n\n<h4 class=\"wp-block-heading\">Retranscription du CM <img loading=\"lazy\" decoding=\"async\" width=\"40\" height=\"40\" class=\"wp-image-1131\" style=\"width: 40px;\" src=\"http:\/\/demainlargentiere.fr\/wp-content\/uploads\/2020\/02\/programme.png\" alt=\"Picto campagne Demain Largenti\u00e8re\" srcset=\"https:\/\/demainlargentiere.fr\/wp-content\/uploads\/2020\/02\/programme.png 417w, https:\/\/demainlargentiere.fr\/wp-content\/uploads\/2020\/02\/programme-300x300.png 300w, https:\/\/demainlargentiere.fr\/wp-content\/uploads\/2020\/02\/programme-150x150.png 150w\" sizes=\"auto, (max-width: 40px) 100vw, 40px\" \/><\/h4>\n\n\n<div class=\"sdm_download_button_box_default\"><div class=\"sdm_download_link\"><a href=\"https:\/\/demainlargentiere.fr\/?sdm_process_download=1&download_id=3770\" class=\"sdm_download green\" title=\"Retranscription partielle 31.01.2022\" >T\u00e9l\u00e9charger la retranscription Ventre ch\u00e2teau partie 1<\/a><\/div><\/div>\n\n\n\n<h4 class=\"wp-block-heading\">Podcast du CM <img loading=\"lazy\" decoding=\"async\" width=\"40\" height=\"40\" class=\"wp-image-1128\" style=\"width: 40px;\" src=\"http:\/\/demainlargentiere.fr\/wp-content\/uploads\/2020\/02\/conference.png\" alt=\"Picto conf \u00e9lection\" srcset=\"https:\/\/demainlargentiere.fr\/wp-content\/uploads\/2020\/02\/conference.png 417w, https:\/\/demainlargentiere.fr\/wp-content\/uploads\/2020\/02\/conference-300x300.png 300w, https:\/\/demainlargentiere.fr\/wp-content\/uploads\/2020\/02\/conference-150x150.png 150w\" sizes=\"auto, (max-width: 40px) 100vw, 40px\" \/><\/h4>\n\n\n\n<figure class=\"wp-block-audio\"><audio controls src=\"http:\/\/demainlargentiere.fr\/wp-content\/uploads\/2022\/02\/15-conseil-muni-31-01-22-2.mp3\"><\/audio><\/figure>\n\n\n\n<figure class=\"wp-block-gallery columns-2 is-cropped wp-block-gallery-1 is-layout-flex wp-block-gallery-is-layout-flex\"><ul class=\"blocks-gallery-grid\"><li class=\"blocks-gallery-item\"><figure><img loading=\"lazy\" decoding=\"async\" width=\"1024\" height=\"726\" src=\"http:\/\/demainlargentiere.fr\/wp-content\/uploads\/2022\/02\/A-vendre-Immobilier-1024x726.jpg\" alt=\"\" data-id=\"3754\" data-full-url=\"http:\/\/demainlargentiere.fr\/wp-content\/uploads\/2022\/02\/A-vendre-Immobilier.jpg\" data-link=\"http:\/\/demainlargentiere.fr\/index.php\/2022\/02\/01\/2-mn-30-pour-ceder-le-chateau-des-largentierois\/a-vendre-immobilier\/\" class=\"wp-image-3754\" srcset=\"https:\/\/demainlargentiere.fr\/wp-content\/uploads\/2022\/02\/A-vendre-Immobilier-1024x726.jpg 1024w, https:\/\/demainlargentiere.fr\/wp-content\/uploads\/2022\/02\/A-vendre-Immobilier-300x213.jpg 300w, https:\/\/demainlargentiere.fr\/wp-content\/uploads\/2022\/02\/A-vendre-Immobilier-768x545.jpg 768w, https:\/\/demainlargentiere.fr\/wp-content\/uploads\/2022\/02\/A-vendre-Immobilier-1536x1090.jpg 1536w, https:\/\/demainlargentiere.fr\/wp-content\/uploads\/2022\/02\/A-vendre-Immobilier-1568x1112.jpg 1568w, https:\/\/demainlargentiere.fr\/wp-content\/uploads\/2022\/02\/A-vendre-Immobilier.jpg 1748w\" sizes=\"auto, (max-width: 1024px) 100vw, 1024px\" \/><\/figure><\/li><li class=\"blocks-gallery-item\"><figure><img loading=\"lazy\" decoding=\"async\" width=\"1024\" height=\"768\" src=\"http:\/\/demainlargentiere.fr\/wp-content\/uploads\/2022\/01\/IMG_1510-1-1024x768.jpg\" alt=\"\" data-id=\"3749\" data-full-url=\"http:\/\/demainlargentiere.fr\/wp-content\/uploads\/2022\/01\/IMG_1510-1-scaled.jpg\" data-link=\"http:\/\/demainlargentiere.fr\/index.php\/cm-du-31-janvier-2022-transfert-de-propriete-du-chateau\/img_1510-1\/\" class=\"wp-image-3749\" srcset=\"https:\/\/demainlargentiere.fr\/wp-content\/uploads\/2022\/01\/IMG_1510-1-1024x768.jpg 1024w, https:\/\/demainlargentiere.fr\/wp-content\/uploads\/2022\/01\/IMG_1510-1-300x225.jpg 300w, https:\/\/demainlargentiere.fr\/wp-content\/uploads\/2022\/01\/IMG_1510-1-768x576.jpg 768w, https:\/\/demainlargentiere.fr\/wp-content\/uploads\/2022\/01\/IMG_1510-1-1536x1152.jpg 1536w, https:\/\/demainlargentiere.fr\/wp-content\/uploads\/2022\/01\/IMG_1510-1-2048x1536.jpg 2048w, https:\/\/demainlargentiere.fr\/wp-content\/uploads\/2022\/01\/IMG_1510-1-1568x1176.jpg 1568w\" sizes=\"auto, (max-width: 1024px) 100vw, 1024px\" \/><\/figure><\/li><\/ul><\/figure>\n\n\n\n<p><a href=\"http:\/\/demainlargentiere.fr\/index.php\/2022\/02\/01\/2-mn-30-pour-ceder-le-chateau-des-largentierois\/\">Article sur la cession du ch\u00e2teau<\/a><\/p>\n\n\n\n<figure class=\"wp-block-image size-large is-resized\"><img loading=\"lazy\" decoding=\"async\" src=\"http:\/\/demainlargentiere.fr\/wp-content\/uploads\/2022\/02\/IMAG0028-vcoupe-1024x816.jpg\" alt=\"\" class=\"wp-image-3779\" width=\"572\" height=\"455\" srcset=\"https:\/\/demainlargentiere.fr\/wp-content\/uploads\/2022\/02\/IMAG0028-vcoupe-1024x816.jpg 1024w, https:\/\/demainlargentiere.fr\/wp-content\/uploads\/2022\/02\/IMAG0028-vcoupe-300x239.jpg 300w, https:\/\/demainlargentiere.fr\/wp-content\/uploads\/2022\/02\/IMAG0028-vcoupe-768x612.jpg 768w, https:\/\/demainlargentiere.fr\/wp-content\/uploads\/2022\/02\/IMAG0028-vcoupe-1536x1224.jpg 1536w, https:\/\/demainlargentiere.fr\/wp-content\/uploads\/2022\/02\/IMAG0028-vcoupe-2048x1632.jpg 2048w, https:\/\/demainlargentiere.fr\/wp-content\/uploads\/2022\/02\/IMAG0028-vcoupe-1568x1249.jpg 1568w\" sizes=\"auto, (max-width: 572px) 100vw, 572px\" \/><figcaption>09.02.2022 Dauphin\u00e9 Lib\u00e9r\u00e9<\/figcaption><\/figure>\n","protected":false},"excerpt":{"rendered":"<p>C\u2019est lors de ce conseil municipal, que la liste majoritaire a vot\u00e9 unanimement pour le transfert de propri\u00e9t\u00e9&nbsp;du ch\u00e2teau&nbsp;\u00e0 la r\u00e9gion AURA, pour une somme inconnue et des conditions&nbsp;non dites&nbsp; (conditions&nbsp;financi\u00e8res,&nbsp;d\u2019usages,&nbsp;d\u2019accessibilit\u00e9, remboursement des emprunts en cours, etc.), le tout en 2 mn 30, apr\u00e8s la pr\u00e9sentation, tr\u00e8s professionnelle, du projet ch\u00e2teau&nbsp;mais&nbsp;uniquement sur son aspect architectural\u2026 &hellip; <\/p>\n<p class=\"link-more\"><a href=\"https:\/\/demainlargentiere.fr\/index.php\/cm-du-31-janvier-2022-transfert-de-propriete-du-chateau\/\" class=\"more-link\">Continuer la lecture <span class=\"screen-reader-text\"> \u00ab\u00a0CM du 31 janvier 2022 &#8211; L&rsquo;avenir de notre ch\u00e2teau : transfert de propri\u00e9t\u00e9 \u00e0 la r\u00e9gion AURA\u00a0\u00bb<\/span><\/a><\/p>\n","protected":false},"author":2,"featured_media":0,"parent":0,"menu_order":0,"comment_status":"closed","ping_status":"closed","template":"","meta":{"ngg_post_thumbnail":0,"footnotes":""},"class_list":["post-3742","page","type-page","status-publish","hentry","entry"],"yoast_head":"<!-- This site is optimized with the Yoast SEO plugin v27.4 - https:\/\/yoast.com\/product\/yoast-seo-wordpress\/ -->\n<title>CM du 31 janvier 2022 - L&#039;avenir de notre ch\u00e2teau : transfert de propri\u00e9t\u00e9 \u00e0 la r\u00e9gion AURA - Demain LARGENTIERE !<\/title>\n<meta name=\"robots\" content=\"index, follow, max-snippet:-1, max-image-preview:large, max-video-preview:-1\" \/>\n<link rel=\"canonical\" href=\"https:\/\/demainlargentiere.fr\/index.php\/cm-du-31-janvier-2022-transfert-de-propriete-du-chateau\/\" \/>\n<meta property=\"og:locale\" content=\"fr_FR\" \/>\n<meta property=\"og:type\" content=\"article\" \/>\n<meta property=\"og:title\" content=\"CM du 31 janvier 2022 - L&#039;avenir de notre ch\u00e2teau : transfert de propri\u00e9t\u00e9 \u00e0 la r\u00e9gion AURA - Demain LARGENTIERE !\" \/>\n<meta property=\"og:description\" content=\"C\u2019est lors de ce conseil municipal, que la liste majoritaire a vot\u00e9 unanimement pour le transfert de propri\u00e9t\u00e9&nbsp;du ch\u00e2teau&nbsp;\u00e0 la r\u00e9gion AURA, pour une somme inconnue et des conditions&nbsp;non dites&nbsp; (conditions&nbsp;financi\u00e8res,&nbsp;d\u2019usages,&nbsp;d\u2019accessibilit\u00e9, remboursement des emprunts en cours, etc.), le tout en 2 mn 30, apr\u00e8s la pr\u00e9sentation, tr\u00e8s professionnelle, du projet ch\u00e2teau&nbsp;mais&nbsp;uniquement sur son aspect architectural\u2026 &hellip; Continuer la lecture \u00ab\u00a0CM du 31 janvier 2022 &#8211; L&rsquo;avenir de notre ch\u00e2teau : transfert de propri\u00e9t\u00e9 \u00e0 la r\u00e9gion AURA\u00a0\u00bb\" \/>\n<meta property=\"og:url\" content=\"https:\/\/demainlargentiere.fr\/index.php\/cm-du-31-janvier-2022-transfert-de-propriete-du-chateau\/\" \/>\n<meta property=\"og:site_name\" content=\"Demain LARGENTIERE !\" \/>\n<meta property=\"article:publisher\" content=\"https:\/\/www.facebook.com\/DemainLargentiere\/\" \/>\n<meta property=\"article:modified_time\" content=\"2022-02-09T13:20:13+00:00\" \/>\n<meta property=\"og:image\" content=\"http:\/\/demainlargentiere.fr\/wp-content\/uploads\/2022\/01\/convoc.jpg\" \/>\n<meta name=\"twitter:card\" content=\"summary_large_image\" \/>\n<meta name=\"twitter:label1\" content=\"Dur\u00e9e de lecture estim\u00e9e\" \/>\n\t<meta name=\"twitter:data1\" content=\"2 minutes\" \/>\n<script type=\"application\/ld+json\" class=\"yoast-schema-graph\">{\"@context\":\"https:\\\/\\\/schema.org\",\"@graph\":[{\"@type\":\"WebPage\",\"@id\":\"https:\\\/\\\/demainlargentiere.fr\\\/index.php\\\/cm-du-31-janvier-2022-transfert-de-propriete-du-chateau\\\/\",\"url\":\"https:\\\/\\\/demainlargentiere.fr\\\/index.php\\\/cm-du-31-janvier-2022-transfert-de-propriete-du-chateau\\\/\",\"name\":\"CM du 31 janvier 2022 - L'avenir de notre ch\u00e2teau : transfert de propri\u00e9t\u00e9 \u00e0 la r\u00e9gion AURA - Demain LARGENTIERE !\",\"isPartOf\":{\"@id\":\"http:\\\/\\\/demainlargentiere.fr\\\/#website\"},\"primaryImageOfPage\":{\"@id\":\"https:\\\/\\\/demainlargentiere.fr\\\/index.php\\\/cm-du-31-janvier-2022-transfert-de-propriete-du-chateau\\\/#primaryimage\"},\"image\":{\"@id\":\"https:\\\/\\\/demainlargentiere.fr\\\/index.php\\\/cm-du-31-janvier-2022-transfert-de-propriete-du-chateau\\\/#primaryimage\"},\"thumbnailUrl\":\"http:\\\/\\\/demainlargentiere.fr\\\/wp-content\\\/uploads\\\/2022\\\/01\\\/convoc.jpg\",\"datePublished\":\"2022-01-30T17:03:31+00:00\",\"dateModified\":\"2022-02-09T13:20:13+00:00\",\"breadcrumb\":{\"@id\":\"https:\\\/\\\/demainlargentiere.fr\\\/index.php\\\/cm-du-31-janvier-2022-transfert-de-propriete-du-chateau\\\/#breadcrumb\"},\"inLanguage\":\"fr-FR\",\"potentialAction\":[{\"@type\":\"ReadAction\",\"target\":[\"https:\\\/\\\/demainlargentiere.fr\\\/index.php\\\/cm-du-31-janvier-2022-transfert-de-propriete-du-chateau\\\/\"]}]},{\"@type\":\"ImageObject\",\"inLanguage\":\"fr-FR\",\"@id\":\"https:\\\/\\\/demainlargentiere.fr\\\/index.php\\\/cm-du-31-janvier-2022-transfert-de-propriete-du-chateau\\\/#primaryimage\",\"url\":\"https:\\\/\\\/demainlargentiere.fr\\\/wp-content\\\/uploads\\\/2022\\\/01\\\/convoc.jpg\",\"contentUrl\":\"https:\\\/\\\/demainlargentiere.fr\\\/wp-content\\\/uploads\\\/2022\\\/01\\\/convoc.jpg\",\"width\":490,\"height\":715},{\"@type\":\"BreadcrumbList\",\"@id\":\"https:\\\/\\\/demainlargentiere.fr\\\/index.php\\\/cm-du-31-janvier-2022-transfert-de-propriete-du-chateau\\\/#breadcrumb\",\"itemListElement\":[{\"@type\":\"ListItem\",\"position\":1,\"name\":\"Accueil\",\"item\":\"https:\\\/\\\/demainlargentiere.fr\\\/\"},{\"@type\":\"ListItem\",\"position\":2,\"name\":\"CM du 31 janvier 2022 &#8211; L&rsquo;avenir de notre ch\u00e2teau : transfert de propri\u00e9t\u00e9 \u00e0 la r\u00e9gion AURA\"}]},{\"@type\":\"WebSite\",\"@id\":\"http:\\\/\\\/demainlargentiere.fr\\\/#website\",\"url\":\"http:\\\/\\\/demainlargentiere.fr\\\/\",\"name\":\"Demain LARGENTIERE !\",\"description\":\"Ensemble, cr\u00e9ons demain.\",\"publisher\":{\"@id\":\"http:\\\/\\\/demainlargentiere.fr\\\/#organization\"},\"potentialAction\":[{\"@type\":\"SearchAction\",\"target\":{\"@type\":\"EntryPoint\",\"urlTemplate\":\"http:\\\/\\\/demainlargentiere.fr\\\/?s={search_term_string}\"},\"query-input\":{\"@type\":\"PropertyValueSpecification\",\"valueRequired\":true,\"valueName\":\"search_term_string\"}}],\"inLanguage\":\"fr-FR\"},{\"@type\":\"Organization\",\"@id\":\"http:\\\/\\\/demainlargentiere.fr\\\/#organization\",\"name\":\"DemainLargentiere\",\"url\":\"http:\\\/\\\/demainlargentiere.fr\\\/\",\"logo\":{\"@type\":\"ImageObject\",\"inLanguage\":\"fr-FR\",\"@id\":\"http:\\\/\\\/demainlargentiere.fr\\\/#\\\/schema\\\/logo\\\/image\\\/\",\"url\":\"http:\\\/\\\/demainlargentiere.fr\\\/wp-content\\\/uploads\\\/2020\\\/02\\\/logo-250x250-1.png\",\"contentUrl\":\"http:\\\/\\\/demainlargentiere.fr\\\/wp-content\\\/uploads\\\/2020\\\/02\\\/logo-250x250-1.png\",\"width\":250,\"height\":250,\"caption\":\"DemainLargentiere\"},\"image\":{\"@id\":\"http:\\\/\\\/demainlargentiere.fr\\\/#\\\/schema\\\/logo\\\/image\\\/\"},\"sameAs\":[\"https:\\\/\\\/www.facebook.com\\\/DemainLargentiere\\\/\"]}]}<\/script>\n<!-- \/ Yoast SEO plugin. -->","yoast_head_json":{"title":"CM du 31 janvier 2022 - L'avenir de notre ch\u00e2teau : transfert de propri\u00e9t\u00e9 \u00e0 la r\u00e9gion AURA - Demain LARGENTIERE !","robots":{"index":"index","follow":"follow","max-snippet":"max-snippet:-1","max-image-preview":"max-image-preview:large","max-video-preview":"max-video-preview:-1"},"canonical":"https:\/\/demainlargentiere.fr\/index.php\/cm-du-31-janvier-2022-transfert-de-propriete-du-chateau\/","og_locale":"fr_FR","og_type":"article","og_title":"CM du 31 janvier 2022 - L'avenir de notre ch\u00e2teau : transfert de propri\u00e9t\u00e9 \u00e0 la r\u00e9gion AURA - Demain LARGENTIERE !","og_description":"C\u2019est lors de ce conseil municipal, que la liste majoritaire a vot\u00e9 unanimement pour le transfert de propri\u00e9t\u00e9&nbsp;du ch\u00e2teau&nbsp;\u00e0 la r\u00e9gion AURA, pour une somme inconnue et des conditions&nbsp;non dites&nbsp; (conditions&nbsp;financi\u00e8res,&nbsp;d\u2019usages,&nbsp;d\u2019accessibilit\u00e9, remboursement des emprunts en cours, etc.), le tout en 2 mn 30, apr\u00e8s la pr\u00e9sentation, tr\u00e8s professionnelle, du projet ch\u00e2teau&nbsp;mais&nbsp;uniquement sur son aspect architectural\u2026 &hellip; Continuer la lecture \u00ab\u00a0CM du 31 janvier 2022 &#8211; L&rsquo;avenir de notre ch\u00e2teau : transfert de propri\u00e9t\u00e9 \u00e0 la r\u00e9gion AURA\u00a0\u00bb","og_url":"https:\/\/demainlargentiere.fr\/index.php\/cm-du-31-janvier-2022-transfert-de-propriete-du-chateau\/","og_site_name":"Demain LARGENTIERE !","article_publisher":"https:\/\/www.facebook.com\/DemainLargentiere\/","article_modified_time":"2022-02-09T13:20:13+00:00","og_image":[{"url":"http:\/\/demainlargentiere.fr\/wp-content\/uploads\/2022\/01\/convoc.jpg","type":"","width":"","height":""}],"twitter_card":"summary_large_image","twitter_misc":{"Dur\u00e9e de lecture estim\u00e9e":"2 minutes"},"schema":{"@context":"https:\/\/schema.org","@graph":[{"@type":"WebPage","@id":"https:\/\/demainlargentiere.fr\/index.php\/cm-du-31-janvier-2022-transfert-de-propriete-du-chateau\/","url":"https:\/\/demainlargentiere.fr\/index.php\/cm-du-31-janvier-2022-transfert-de-propriete-du-chateau\/","name":"CM du 31 janvier 2022 - L'avenir de notre ch\u00e2teau : transfert de propri\u00e9t\u00e9 \u00e0 la r\u00e9gion AURA - Demain LARGENTIERE !","isPartOf":{"@id":"http:\/\/demainlargentiere.fr\/#website"},"primaryImageOfPage":{"@id":"https:\/\/demainlargentiere.fr\/index.php\/cm-du-31-janvier-2022-transfert-de-propriete-du-chateau\/#primaryimage"},"image":{"@id":"https:\/\/demainlargentiere.fr\/index.php\/cm-du-31-janvier-2022-transfert-de-propriete-du-chateau\/#primaryimage"},"thumbnailUrl":"http:\/\/demainlargentiere.fr\/wp-content\/uploads\/2022\/01\/convoc.jpg","datePublished":"2022-01-30T17:03:31+00:00","dateModified":"2022-02-09T13:20:13+00:00","breadcrumb":{"@id":"https:\/\/demainlargentiere.fr\/index.php\/cm-du-31-janvier-2022-transfert-de-propriete-du-chateau\/#breadcrumb"},"inLanguage":"fr-FR","potentialAction":[{"@type":"ReadAction","target":["https:\/\/demainlargentiere.fr\/index.php\/cm-du-31-janvier-2022-transfert-de-propriete-du-chateau\/"]}]},{"@type":"ImageObject","inLanguage":"fr-FR","@id":"https:\/\/demainlargentiere.fr\/index.php\/cm-du-31-janvier-2022-transfert-de-propriete-du-chateau\/#primaryimage","url":"https:\/\/demainlargentiere.fr\/wp-content\/uploads\/2022\/01\/convoc.jpg","contentUrl":"https:\/\/demainlargentiere.fr\/wp-content\/uploads\/2022\/01\/convoc.jpg","width":490,"height":715},{"@type":"BreadcrumbList","@id":"https:\/\/demainlargentiere.fr\/index.php\/cm-du-31-janvier-2022-transfert-de-propriete-du-chateau\/#breadcrumb","itemListElement":[{"@type":"ListItem","position":1,"name":"Accueil","item":"https:\/\/demainlargentiere.fr\/"},{"@type":"ListItem","position":2,"name":"CM du 31 janvier 2022 &#8211; L&rsquo;avenir de notre ch\u00e2teau : transfert de propri\u00e9t\u00e9 \u00e0 la r\u00e9gion AURA"}]},{"@type":"WebSite","@id":"http:\/\/demainlargentiere.fr\/#website","url":"http:\/\/demainlargentiere.fr\/","name":"Demain LARGENTIERE !","description":"Ensemble, cr\u00e9ons demain.","publisher":{"@id":"http:\/\/demainlargentiere.fr\/#organization"},"potentialAction":[{"@type":"SearchAction","target":{"@type":"EntryPoint","urlTemplate":"http:\/\/demainlargentiere.fr\/?s={search_term_string}"},"query-input":{"@type":"PropertyValueSpecification","valueRequired":true,"valueName":"search_term_string"}}],"inLanguage":"fr-FR"},{"@type":"Organization","@id":"http:\/\/demainlargentiere.fr\/#organization","name":"DemainLargentiere","url":"http:\/\/demainlargentiere.fr\/","logo":{"@type":"ImageObject","inLanguage":"fr-FR","@id":"http:\/\/demainlargentiere.fr\/#\/schema\/logo\/image\/","url":"http:\/\/demainlargentiere.fr\/wp-content\/uploads\/2020\/02\/logo-250x250-1.png","contentUrl":"http:\/\/demainlargentiere.fr\/wp-content\/uploads\/2020\/02\/logo-250x250-1.png","width":250,"height":250,"caption":"DemainLargentiere"},"image":{"@id":"http:\/\/demainlargentiere.fr\/#\/schema\/logo\/image\/"},"sameAs":["https:\/\/www.facebook.com\/DemainLargentiere\/"]}]}},"_links":{"self":[{"href":"https:\/\/demainlargentiere.fr\/index.php\/wp-json\/wp\/v2\/pages\/3742","targetHints":{"allow":["GET"]}}],"collection":[{"href":"https:\/\/demainlargentiere.fr\/index.php\/wp-json\/wp\/v2\/pages"}],"about":[{"href":"https:\/\/demainlargentiere.fr\/index.php\/wp-json\/wp\/v2\/types\/page"}],"author":[{"embeddable":true,"href":"https:\/\/demainlargentiere.fr\/index.php\/wp-json\/wp\/v2\/users\/2"}],"replies":[{"embeddable":true,"href":"https:\/\/demainlargentiere.fr\/index.php\/wp-json\/wp\/v2\/comments?post=3742"}],"version-history":[{"count":10,"href":"https:\/\/demainlargentiere.fr\/index.php\/wp-json\/wp\/v2\/pages\/3742\/revisions"}],"predecessor-version":[{"id":3780,"href":"https:\/\/demainlargentiere.fr\/index.php\/wp-json\/wp\/v2\/pages\/3742\/revisions\/3780"}],"wp:attachment":[{"href":"https:\/\/demainlargentiere.fr\/index.php\/wp-json\/wp\/v2\/media?parent=3742"}],"curies":[{"name":"wp","href":"https:\/\/api.w.org\/{rel}","templated":true}]}}