{"id":3857,"date":"2022-04-11T10:34:30","date_gmt":"2022-04-11T08:34:30","guid":{"rendered":"http:\/\/demainlargentiere.fr\/?page_id=3857"},"modified":"2022-09-03T22:05:15","modified_gmt":"2022-09-03T20:05:15","slug":"cm-du-14-avril-2022-quelles-orientations-et-budget-primitif-2022","status":"publish","type":"page","link":"https:\/\/demainlargentiere.fr\/index.php\/cm-du-14-avril-2022-quelles-orientations-et-budget-primitif-2022\/","title":{"rendered":"CM du 14 avril 2022 &#8211; Quelles orientations et budget primitif 2022 ?"},"content":{"rendered":"\n<figure class=\"wp-block-image size-large is-resized\"><img loading=\"lazy\" decoding=\"async\" src=\"http:\/\/demainlargentiere.fr\/wp-content\/uploads\/2022\/04\/Convocation-CM-du-14.04.2022-724x1024.jpg\" alt=\"\" class=\"wp-image-3858\" width=\"388\" height=\"548\" srcset=\"https:\/\/demainlargentiere.fr\/wp-content\/uploads\/2022\/04\/Convocation-CM-du-14.04.2022-724x1024.jpg 724w, https:\/\/demainlargentiere.fr\/wp-content\/uploads\/2022\/04\/Convocation-CM-du-14.04.2022-212x300.jpg 212w, https:\/\/demainlargentiere.fr\/wp-content\/uploads\/2022\/04\/Convocation-CM-du-14.04.2022-768x1086.jpg 768w, https:\/\/demainlargentiere.fr\/wp-content\/uploads\/2022\/04\/Convocation-CM-du-14.04.2022-1086x1536.jpg 1086w, https:\/\/demainlargentiere.fr\/wp-content\/uploads\/2022\/04\/Convocation-CM-du-14.04.2022-1448x2048.jpg 1448w, https:\/\/demainlargentiere.fr\/wp-content\/uploads\/2022\/04\/Convocation-CM-du-14.04.2022-1568x2217.jpg 1568w, https:\/\/demainlargentiere.fr\/wp-content\/uploads\/2022\/04\/Convocation-CM-du-14.04.2022-scaled.jpg 1810w\" sizes=\"auto, (max-width: 388px) 100vw, 388px\" \/><\/figure>\n\n\n\n<h4 class=\"wp-block-heading\">Nos retours, nos prises de paroles <img loading=\"lazy\" decoding=\"async\" width=\"40\" height=\"40\" class=\"wp-image-1132\" style=\"width: 40px;\" src=\"http:\/\/demainlargentiere.fr\/wp-content\/uploads\/2020\/02\/rencontre.png\" alt=\"Picto rencontre Largenti\u00e8re\" srcset=\"https:\/\/demainlargentiere.fr\/wp-content\/uploads\/2020\/02\/rencontre.png 418w, https:\/\/demainlargentiere.fr\/wp-content\/uploads\/2020\/02\/rencontre-300x300.png 300w, https:\/\/demainlargentiere.fr\/wp-content\/uploads\/2020\/02\/rencontre-150x150.png 150w\" sizes=\"auto, (max-width: 40px) 100vw, 40px\" \/><\/h4>\n\n\n\n<ul class=\"wp-block-list\"><li>Gros financement sur les \u00e9nergies en fonctionnement pour cause d&rsquo;augmentation mais rien de pr\u00e9vu sur l&rsquo;investissement dans ce domaine pour que les factures cessent de flamber (pas de projet isolation sur \u00e9cole ou mairie, rien sur \u00e9clairage public !).<\/li><li>Beaucoup de budget pr\u00e9vu pour des prestations ext\u00e9rieures en fonctionnement aussi. La raison invoqu\u00e9e : co\u00fbt moindre sur masse salariale mais du coup pas de stabilit\u00e9 sur les agents en place, malheureusement.<\/li><li>Investissement nouveau pr\u00e9vu juste pour le jardin public et pumptrak, mais rien pour le tribunal qui se d\u00e9t\u00e9riore \u00e0 grande vitesse. Va-t-on finir par le vendre comme le ch\u00e2teau ?<\/li><li>A priori aucune proposition de la R\u00e9gion sur la vente du ch\u00e2teau, de ce fait les emprunts courent toujours&#8230;<\/li><\/ul>\n\n\n\n<h4 class=\"wp-block-heading\">Pour aller plus loin :<\/h4>\n\n\n\n<p><strong>Budget : une dette forte, des services faibles<\/strong><\/p>\n\n\n\n<p>Le compte administratif de la commune a \u00e9t\u00e9 d\u00e9battu lors de la s\u00e9ance du conseil municipal du 21 mars 2022. Avec une dette qui d\u00e9passe 3 millions d\u2019euros, la situation budg\u00e9taire de Largenti\u00e8re est d\u00e9grad\u00e9e. La dette r\u00e9duit fortement les marges de man\u0153uvre de la collectivit\u00e9. Elle atteint ainsi 1909 \u20ac par habitant : c\u2019est trois fois plus que la moyenne des communes de taille comparable (communes de 500 \u00e0 2000 habitants). Ainsi, la capacit\u00e9 de d\u00e9sendettement de la commune avoisine les 12 ans, un seuil critique. Preuve que la municipalit\u00e9 privil\u00e9gie les projets co\u00fbteux aux d\u00e9pens des besoins de la population, les charges de personnel apparaissent relativement peu importantes (36% du total des d\u00e9penses de fonctionnement, contre 45% pour les communes de taille comparable), ce qui traduit en r\u00e9alit\u00e9 la faiblesse des services propos\u00e9s \u00e0 la population, services qui pourraient pourtant \u00eatre source de recettes et d\u2019autofinancement. Une mauvaise gestion qui va malheureusement \u00eatre aggrav\u00e9e par la hausse des prix de l\u2019\u00e9nergie et l\u2019inflation, les collectivit\u00e9s n\u2019\u00e9tant pas prot\u00e9g\u00e9es par le bouclier tarifaire dont b\u00e9n\u00e9ficient les m\u00e9nages.&nbsp;<\/p>\n\n\n\n<figure class=\"wp-block-table is-style-stripes\"><table><tbody><tr><td><strong>Cantine scolaire : nos enfants, leur priorit\u00e9 ?<br><\/strong>Dans le budget primitif 2022, la majorit\u00e9 actuelle n\u2019a pas anticip\u00e9 la hausse des prix qui touche la restauration scolaire. Alors que la hausse moyenne du co\u00fbt d\u2019un repas est estim\u00e9e \u00e0 10 %, elle a pr\u00e9vu d\u2019y consacrer 24 000 euros, un budget identique \u00e0 celui de l\u2019exercice pr\u00e9c\u00e9dent. Le surco\u00fbt sera-t-il support\u00e9 par les familles ? Preuve que tout est affaire de choix, notre commune, qui promeut pourtant la gastronomie, a consacr\u00e9 pr\u00e8s de 60 000 euros en 2021, plus de deux fois plus, \u00e0 la vid\u00e9osurveillance. Dans un contexte de flamb\u00e9e des prix et parce que le go\u00fbt est aussi une affaire d\u2019\u00e9ducation, de nombreuses communes r\u00e9interrogent aujourd&rsquo;hui leur mod\u00e8le de restauration scolaire, en retravaillant le contenu de l\u2019assiette (plus v\u00e9g\u00e9tale et avec plus de produits bruts, moins co\u00fbteux que les produits transform\u00e9s), en favorisant les sources d\u2019approvisionnement locales de qualit\u00e9 et les circuits courts, moins sensibles \u00e0 la hausse des prix, et en luttant contre le gaspillage alimentaire. <br>Pourquoi pas nous ?\u00a0<\/td><\/tr><\/tbody><\/table><\/figure>\n\n\n\n<h4 class=\"wp-block-heading\">Podcast du CM <img loading=\"lazy\" decoding=\"async\" width=\"40\" height=\"40\" class=\"wp-image-1128\" style=\"width: 40px;\" src=\"http:\/\/demainlargentiere.fr\/wp-content\/uploads\/2020\/02\/conference.png\" alt=\"Picto conf \u00e9lection\" srcset=\"https:\/\/demainlargentiere.fr\/wp-content\/uploads\/2020\/02\/conference.png 417w, https:\/\/demainlargentiere.fr\/wp-content\/uploads\/2020\/02\/conference-300x300.png 300w, https:\/\/demainlargentiere.fr\/wp-content\/uploads\/2020\/02\/conference-150x150.png 150w\" sizes=\"auto, (max-width: 40px) 100vw, 40px\" \/><\/h4>\n\n\n\n<p>Partie 1 et 2 :<\/p>\n\n\n\n<figure class=\"wp-block-audio\"><audio controls src=\"http:\/\/demainlargentiere.fr\/wp-content\/uploads\/2022\/04\/conseil-municipal-14-04-22-Partie-1-1.mp3\"><\/audio><\/figure>\n\n\n\n<figure class=\"wp-block-audio\"><audio controls src=\"http:\/\/demainlargentiere.fr\/wp-content\/uploads\/2022\/04\/conseil-municipal-14-04-22-Partie-2.mp3\"><\/audio><\/figure>\n","protected":false},"excerpt":{"rendered":"<p>Nos retours, nos prises de paroles Gros financement sur les \u00e9nergies en fonctionnement pour cause d&rsquo;augmentation mais rien de pr\u00e9vu sur l&rsquo;investissement dans ce domaine pour que les factures cessent de flamber (pas de projet isolation sur \u00e9cole ou mairie, rien sur \u00e9clairage public !). Beaucoup de budget pr\u00e9vu pour des prestations ext\u00e9rieures en fonctionnement &hellip; <\/p>\n<p class=\"link-more\"><a href=\"https:\/\/demainlargentiere.fr\/index.php\/cm-du-14-avril-2022-quelles-orientations-et-budget-primitif-2022\/\" class=\"more-link\">Continuer la lecture <span class=\"screen-reader-text\"> \u00ab\u00a0CM du 14 avril 2022 &#8211; Quelles orientations et budget primitif 2022 ?\u00a0\u00bb<\/span><\/a><\/p>\n","protected":false},"author":2,"featured_media":0,"parent":0,"menu_order":0,"comment_status":"closed","ping_status":"closed","template":"","meta":{"ngg_post_thumbnail":0,"footnotes":""},"class_list":["post-3857","page","type-page","status-publish","hentry","entry"],"yoast_head":"<!-- This site is optimized with the Yoast SEO plugin v27.5 - https:\/\/yoast.com\/product\/yoast-seo-wordpress\/ -->\n<title>CM du 14 avril 2022 - Quelles orientations et budget primitif 2022 ? - Demain LARGENTIERE !<\/title>\n<meta name=\"robots\" content=\"index, follow, max-snippet:-1, max-image-preview:large, max-video-preview:-1\" \/>\n<link rel=\"canonical\" href=\"https:\/\/demainlargentiere.fr\/index.php\/cm-du-14-avril-2022-quelles-orientations-et-budget-primitif-2022\/\" \/>\n<meta property=\"og:locale\" content=\"fr_FR\" \/>\n<meta property=\"og:type\" content=\"article\" \/>\n<meta property=\"og:title\" content=\"CM du 14 avril 2022 - Quelles orientations et budget primitif 2022 ? - Demain LARGENTIERE !\" \/>\n<meta property=\"og:description\" content=\"Nos retours, nos prises de paroles Gros financement sur les \u00e9nergies en fonctionnement pour cause d&rsquo;augmentation mais rien de pr\u00e9vu sur l&rsquo;investissement dans ce domaine pour que les factures cessent de flamber (pas de projet isolation sur \u00e9cole ou mairie, rien sur \u00e9clairage public !). Beaucoup de budget pr\u00e9vu pour des prestations ext\u00e9rieures en fonctionnement &hellip; Continuer la lecture \u00ab\u00a0CM du 14 avril 2022 &#8211; Quelles orientations et budget primitif 2022 ?\u00a0\u00bb\" \/>\n<meta property=\"og:url\" content=\"https:\/\/demainlargentiere.fr\/index.php\/cm-du-14-avril-2022-quelles-orientations-et-budget-primitif-2022\/\" \/>\n<meta property=\"og:site_name\" content=\"Demain LARGENTIERE !\" \/>\n<meta property=\"article:publisher\" content=\"https:\/\/www.facebook.com\/DemainLargentiere\/\" \/>\n<meta property=\"article:modified_time\" content=\"2022-09-03T20:05:15+00:00\" \/>\n<meta property=\"og:image\" content=\"http:\/\/demainlargentiere.fr\/wp-content\/uploads\/2022\/04\/Convocation-CM-du-14.04.2022-724x1024.jpg\" \/>\n<meta name=\"twitter:card\" content=\"summary_large_image\" \/>\n<meta name=\"twitter:label1\" content=\"Dur\u00e9e de lecture estim\u00e9e\" \/>\n\t<meta name=\"twitter:data1\" content=\"3 minutes\" \/>\n<script type=\"application\/ld+json\" class=\"yoast-schema-graph\">{\"@context\":\"https:\\\/\\\/schema.org\",\"@graph\":[{\"@type\":\"WebPage\",\"@id\":\"https:\\\/\\\/demainlargentiere.fr\\\/index.php\\\/cm-du-14-avril-2022-quelles-orientations-et-budget-primitif-2022\\\/\",\"url\":\"https:\\\/\\\/demainlargentiere.fr\\\/index.php\\\/cm-du-14-avril-2022-quelles-orientations-et-budget-primitif-2022\\\/\",\"name\":\"CM du 14 avril 2022 - Quelles orientations et budget primitif 2022 ? - Demain LARGENTIERE !\",\"isPartOf\":{\"@id\":\"http:\\\/\\\/demainlargentiere.fr\\\/#website\"},\"primaryImageOfPage\":{\"@id\":\"https:\\\/\\\/demainlargentiere.fr\\\/index.php\\\/cm-du-14-avril-2022-quelles-orientations-et-budget-primitif-2022\\\/#primaryimage\"},\"image\":{\"@id\":\"https:\\\/\\\/demainlargentiere.fr\\\/index.php\\\/cm-du-14-avril-2022-quelles-orientations-et-budget-primitif-2022\\\/#primaryimage\"},\"thumbnailUrl\":\"http:\\\/\\\/demainlargentiere.fr\\\/wp-content\\\/uploads\\\/2022\\\/04\\\/Convocation-CM-du-14.04.2022-724x1024.jpg\",\"datePublished\":\"2022-04-11T08:34:30+00:00\",\"dateModified\":\"2022-09-03T20:05:15+00:00\",\"breadcrumb\":{\"@id\":\"https:\\\/\\\/demainlargentiere.fr\\\/index.php\\\/cm-du-14-avril-2022-quelles-orientations-et-budget-primitif-2022\\\/#breadcrumb\"},\"inLanguage\":\"fr-FR\",\"potentialAction\":[{\"@type\":\"ReadAction\",\"target\":[\"https:\\\/\\\/demainlargentiere.fr\\\/index.php\\\/cm-du-14-avril-2022-quelles-orientations-et-budget-primitif-2022\\\/\"]}]},{\"@type\":\"ImageObject\",\"inLanguage\":\"fr-FR\",\"@id\":\"https:\\\/\\\/demainlargentiere.fr\\\/index.php\\\/cm-du-14-avril-2022-quelles-orientations-et-budget-primitif-2022\\\/#primaryimage\",\"url\":\"http:\\\/\\\/demainlargentiere.fr\\\/wp-content\\\/uploads\\\/2022\\\/04\\\/Convocation-CM-du-14.04.2022-724x1024.jpg\",\"contentUrl\":\"http:\\\/\\\/demainlargentiere.fr\\\/wp-content\\\/uploads\\\/2022\\\/04\\\/Convocation-CM-du-14.04.2022-724x1024.jpg\"},{\"@type\":\"BreadcrumbList\",\"@id\":\"https:\\\/\\\/demainlargentiere.fr\\\/index.php\\\/cm-du-14-avril-2022-quelles-orientations-et-budget-primitif-2022\\\/#breadcrumb\",\"itemListElement\":[{\"@type\":\"ListItem\",\"position\":1,\"name\":\"Accueil\",\"item\":\"https:\\\/\\\/demainlargentiere.fr\\\/\"},{\"@type\":\"ListItem\",\"position\":2,\"name\":\"CM du 14 avril 2022 &#8211; Quelles orientations et budget primitif 2022 ?\"}]},{\"@type\":\"WebSite\",\"@id\":\"http:\\\/\\\/demainlargentiere.fr\\\/#website\",\"url\":\"http:\\\/\\\/demainlargentiere.fr\\\/\",\"name\":\"Demain LARGENTIERE !\",\"description\":\"Ensemble, cr\u00e9ons demain.\",\"publisher\":{\"@id\":\"http:\\\/\\\/demainlargentiere.fr\\\/#organization\"},\"potentialAction\":[{\"@type\":\"SearchAction\",\"target\":{\"@type\":\"EntryPoint\",\"urlTemplate\":\"http:\\\/\\\/demainlargentiere.fr\\\/?s={search_term_string}\"},\"query-input\":{\"@type\":\"PropertyValueSpecification\",\"valueRequired\":true,\"valueName\":\"search_term_string\"}}],\"inLanguage\":\"fr-FR\"},{\"@type\":\"Organization\",\"@id\":\"http:\\\/\\\/demainlargentiere.fr\\\/#organization\",\"name\":\"DemainLargentiere\",\"url\":\"http:\\\/\\\/demainlargentiere.fr\\\/\",\"logo\":{\"@type\":\"ImageObject\",\"inLanguage\":\"fr-FR\",\"@id\":\"http:\\\/\\\/demainlargentiere.fr\\\/#\\\/schema\\\/logo\\\/image\\\/\",\"url\":\"http:\\\/\\\/demainlargentiere.fr\\\/wp-content\\\/uploads\\\/2020\\\/02\\\/logo-250x250-1.png\",\"contentUrl\":\"http:\\\/\\\/demainlargentiere.fr\\\/wp-content\\\/uploads\\\/2020\\\/02\\\/logo-250x250-1.png\",\"width\":250,\"height\":250,\"caption\":\"DemainLargentiere\"},\"image\":{\"@id\":\"http:\\\/\\\/demainlargentiere.fr\\\/#\\\/schema\\\/logo\\\/image\\\/\"},\"sameAs\":[\"https:\\\/\\\/www.facebook.com\\\/DemainLargentiere\\\/\"]}]}<\/script>\n<!-- \/ Yoast SEO plugin. -->","yoast_head_json":{"title":"CM du 14 avril 2022 - Quelles orientations et budget primitif 2022 ? - Demain LARGENTIERE !","robots":{"index":"index","follow":"follow","max-snippet":"max-snippet:-1","max-image-preview":"max-image-preview:large","max-video-preview":"max-video-preview:-1"},"canonical":"https:\/\/demainlargentiere.fr\/index.php\/cm-du-14-avril-2022-quelles-orientations-et-budget-primitif-2022\/","og_locale":"fr_FR","og_type":"article","og_title":"CM du 14 avril 2022 - Quelles orientations et budget primitif 2022 ? - Demain LARGENTIERE !","og_description":"Nos retours, nos prises de paroles Gros financement sur les \u00e9nergies en fonctionnement pour cause d&rsquo;augmentation mais rien de pr\u00e9vu sur l&rsquo;investissement dans ce domaine pour que les factures cessent de flamber (pas de projet isolation sur \u00e9cole ou mairie, rien sur \u00e9clairage public !). Beaucoup de budget pr\u00e9vu pour des prestations ext\u00e9rieures en fonctionnement &hellip; Continuer la lecture \u00ab\u00a0CM du 14 avril 2022 &#8211; Quelles orientations et budget primitif 2022 ?\u00a0\u00bb","og_url":"https:\/\/demainlargentiere.fr\/index.php\/cm-du-14-avril-2022-quelles-orientations-et-budget-primitif-2022\/","og_site_name":"Demain LARGENTIERE !","article_publisher":"https:\/\/www.facebook.com\/DemainLargentiere\/","article_modified_time":"2022-09-03T20:05:15+00:00","og_image":[{"url":"http:\/\/demainlargentiere.fr\/wp-content\/uploads\/2022\/04\/Convocation-CM-du-14.04.2022-724x1024.jpg","type":"","width":"","height":""}],"twitter_card":"summary_large_image","twitter_misc":{"Dur\u00e9e de lecture estim\u00e9e":"3 minutes"},"schema":{"@context":"https:\/\/schema.org","@graph":[{"@type":"WebPage","@id":"https:\/\/demainlargentiere.fr\/index.php\/cm-du-14-avril-2022-quelles-orientations-et-budget-primitif-2022\/","url":"https:\/\/demainlargentiere.fr\/index.php\/cm-du-14-avril-2022-quelles-orientations-et-budget-primitif-2022\/","name":"CM du 14 avril 2022 - Quelles orientations et budget primitif 2022 ? - Demain LARGENTIERE !","isPartOf":{"@id":"http:\/\/demainlargentiere.fr\/#website"},"primaryImageOfPage":{"@id":"https:\/\/demainlargentiere.fr\/index.php\/cm-du-14-avril-2022-quelles-orientations-et-budget-primitif-2022\/#primaryimage"},"image":{"@id":"https:\/\/demainlargentiere.fr\/index.php\/cm-du-14-avril-2022-quelles-orientations-et-budget-primitif-2022\/#primaryimage"},"thumbnailUrl":"http:\/\/demainlargentiere.fr\/wp-content\/uploads\/2022\/04\/Convocation-CM-du-14.04.2022-724x1024.jpg","datePublished":"2022-04-11T08:34:30+00:00","dateModified":"2022-09-03T20:05:15+00:00","breadcrumb":{"@id":"https:\/\/demainlargentiere.fr\/index.php\/cm-du-14-avril-2022-quelles-orientations-et-budget-primitif-2022\/#breadcrumb"},"inLanguage":"fr-FR","potentialAction":[{"@type":"ReadAction","target":["https:\/\/demainlargentiere.fr\/index.php\/cm-du-14-avril-2022-quelles-orientations-et-budget-primitif-2022\/"]}]},{"@type":"ImageObject","inLanguage":"fr-FR","@id":"https:\/\/demainlargentiere.fr\/index.php\/cm-du-14-avril-2022-quelles-orientations-et-budget-primitif-2022\/#primaryimage","url":"http:\/\/demainlargentiere.fr\/wp-content\/uploads\/2022\/04\/Convocation-CM-du-14.04.2022-724x1024.jpg","contentUrl":"http:\/\/demainlargentiere.fr\/wp-content\/uploads\/2022\/04\/Convocation-CM-du-14.04.2022-724x1024.jpg"},{"@type":"BreadcrumbList","@id":"https:\/\/demainlargentiere.fr\/index.php\/cm-du-14-avril-2022-quelles-orientations-et-budget-primitif-2022\/#breadcrumb","itemListElement":[{"@type":"ListItem","position":1,"name":"Accueil","item":"https:\/\/demainlargentiere.fr\/"},{"@type":"ListItem","position":2,"name":"CM du 14 avril 2022 &#8211; Quelles orientations et budget primitif 2022 ?"}]},{"@type":"WebSite","@id":"http:\/\/demainlargentiere.fr\/#website","url":"http:\/\/demainlargentiere.fr\/","name":"Demain LARGENTIERE !","description":"Ensemble, cr\u00e9ons demain.","publisher":{"@id":"http:\/\/demainlargentiere.fr\/#organization"},"potentialAction":[{"@type":"SearchAction","target":{"@type":"EntryPoint","urlTemplate":"http:\/\/demainlargentiere.fr\/?s={search_term_string}"},"query-input":{"@type":"PropertyValueSpecification","valueRequired":true,"valueName":"search_term_string"}}],"inLanguage":"fr-FR"},{"@type":"Organization","@id":"http:\/\/demainlargentiere.fr\/#organization","name":"DemainLargentiere","url":"http:\/\/demainlargentiere.fr\/","logo":{"@type":"ImageObject","inLanguage":"fr-FR","@id":"http:\/\/demainlargentiere.fr\/#\/schema\/logo\/image\/","url":"http:\/\/demainlargentiere.fr\/wp-content\/uploads\/2020\/02\/logo-250x250-1.png","contentUrl":"http:\/\/demainlargentiere.fr\/wp-content\/uploads\/2020\/02\/logo-250x250-1.png","width":250,"height":250,"caption":"DemainLargentiere"},"image":{"@id":"http:\/\/demainlargentiere.fr\/#\/schema\/logo\/image\/"},"sameAs":["https:\/\/www.facebook.com\/DemainLargentiere\/"]}]}},"_links":{"self":[{"href":"https:\/\/demainlargentiere.fr\/index.php\/wp-json\/wp\/v2\/pages\/3857","targetHints":{"allow":["GET"]}}],"collection":[{"href":"https:\/\/demainlargentiere.fr\/index.php\/wp-json\/wp\/v2\/pages"}],"about":[{"href":"https:\/\/demainlargentiere.fr\/index.php\/wp-json\/wp\/v2\/types\/page"}],"author":[{"embeddable":true,"href":"https:\/\/demainlargentiere.fr\/index.php\/wp-json\/wp\/v2\/users\/2"}],"replies":[{"embeddable":true,"href":"https:\/\/demainlargentiere.fr\/index.php\/wp-json\/wp\/v2\/comments?post=3857"}],"version-history":[{"count":5,"href":"https:\/\/demainlargentiere.fr\/index.php\/wp-json\/wp\/v2\/pages\/3857\/revisions"}],"predecessor-version":[{"id":3926,"href":"https:\/\/demainlargentiere.fr\/index.php\/wp-json\/wp\/v2\/pages\/3857\/revisions\/3926"}],"wp:attachment":[{"href":"https:\/\/demainlargentiere.fr\/index.php\/wp-json\/wp\/v2\/media?parent=3857"}],"curies":[{"name":"wp","href":"https:\/\/api.w.org\/{rel}","templated":true}]}}