{"id":4421,"date":"2023-02-03T22:18:11","date_gmt":"2023-02-03T21:18:11","guid":{"rendered":"http:\/\/demainlargentiere.fr\/?page_id=4421"},"modified":"2023-02-10T21:20:06","modified_gmt":"2023-02-10T20:20:06","slug":"cm-du-30-janvier-2023-convention-petite-ville-de-demain","status":"publish","type":"page","link":"https:\/\/demainlargentiere.fr\/index.php\/cm-du-30-janvier-2023-convention-petite-ville-de-demain\/","title":{"rendered":"CM du 30 janvier 2023 : convention petite ville de demain"},"content":{"rendered":"\n<figure class=\"wp-block-image size-full is-resized\"><img loading=\"lazy\" decoding=\"async\" src=\"http:\/\/demainlargentiere.fr\/wp-content\/uploads\/2023\/02\/ordredujour.jpg\" alt=\"\" class=\"wp-image-4422\" width=\"346\" height=\"437\" srcset=\"https:\/\/demainlargentiere.fr\/wp-content\/uploads\/2023\/02\/ordredujour.jpg 576w, https:\/\/demainlargentiere.fr\/wp-content\/uploads\/2023\/02\/ordredujour-237x300.jpg 237w\" sizes=\"auto, (max-width: 346px) 100vw, 346px\" \/><\/figure>\n\n\n\n<h4 class=\"wp-block-heading\">Juliette Olivier, nouvelle conseill\u00e8re municipale de Demain Largenti\u00e8re<\/h4>\n\n\n\n<p><a href=\"http:\/\/demainlargentiere.fr\/index.php\/2023\/01\/28\/le-mot-de-juliette-olivier-nouvelle-elue-dopposition\/\" target=\"_blank\" rel=\"noreferrer noopener\">Article et mot de Juliette Olivier<\/a><\/p>\n\n\n\n<h4 class=\"wp-block-heading\">Nos prises de parole <img loading=\"lazy\" decoding=\"async\" width=\"40\" height=\"40\" class=\"wp-image-1132\" style=\"width: 40px;\" src=\"http:\/\/demainlargentiere.fr\/wp-content\/uploads\/2020\/02\/rencontre.png\" alt=\"Picto rencontre Largenti\u00e8re\" srcset=\"https:\/\/demainlargentiere.fr\/wp-content\/uploads\/2020\/02\/rencontre.png 418w, https:\/\/demainlargentiere.fr\/wp-content\/uploads\/2020\/02\/rencontre-300x300.png 300w, https:\/\/demainlargentiere.fr\/wp-content\/uploads\/2020\/02\/rencontre-150x150.png 150w\" sizes=\"auto, (max-width: 40px) 100vw, 40px\" \/><\/h4>\n\n\n\n<p>A l\u2019ordre du jour&nbsp;:<\/p>\n\n\n\n<p>&#8211; Validation de l\u2019Op\u00e9ration Programm\u00e9e de l\u2019Am\u00e9lioration de l\u2019Habitat (OPAH)<\/p>\n\n\n\n<p>&#8211; Validation de la convention Petite Ville de Demain (PVD)<\/p>\n\n\n\n<p><strong><u>Validation de l\u2019Op\u00e9ration Programm\u00e9e de l\u2019Am\u00e9lioration de l\u2019Habitat (OPAH)<\/u><\/strong><\/p>\n\n\n\n<p>Cette op\u00e9ration, d\u00e9but\u00e9e en juillet 2017, court jusqu\u2019au 30 juin 2023. Elle consiste \u00e0 apporter des aides aux travaux pour les propri\u00e9taires priv\u00e9s occupants ou bailleurs, avec dans un premier temps l\u2019\u00e9laboration d\u2019un diagnostic sur les b\u00e2timents et dans un second temps par un accompagnement dans la recherche d\u2019aides financi\u00e8res. Chaque propri\u00e9taire est suivi par un cabinet d\u2019\u00e9tude sp\u00e9cialis\u00e9.<\/p>\n\n\n\n<p>Sur le p\u00e9rim\u00e8tre intercommunal, l\u2019objectif de cette OPAH est largement atteint&nbsp;: 126 r\u00e9novations pour des propri\u00e9taires occupants et 6 r\u00e9novations pour des logements locatifs.<\/p>\n\n\n\n<p><strong>Les r\u00e9sultats sont plus contrast\u00e9s sur le centre bourg de Largenti\u00e8re<\/strong>&nbsp;: 13 r\u00e9novations de propri\u00e9taires occupants, 23 logements locatifs et 30 projets portant sur des travaux de fa\u00e7ades ou de \u00ab&nbsp;clos et de couvert&nbsp;\u00bb (ces projets sp\u00e9cifiques b\u00e9n\u00e9ficient d\u2019un accompagnement financier particulier par la commune de Largenti\u00e8re).<\/p>\n\n\n\n<p>Le montant total de ces travaux effectu\u00e9s dans le cadre de l\u2019OPAH se monte \u00e0 5,5 millions d\u2019euros dont 2 millions d\u2019euros r\u00e9alis\u00e9s par des entreprises de la communaut\u00e9 de communes du Val de Ligne.<\/p>\n\n\n\n<p>Une prochaine convention OPAH devrait \u00eatre programm\u00e9e pour la p\u00e9riode 2023-2026.<\/p>\n\n\n\n<p><strong><u>Validation de la convention Petite Ville de Demain (PVD)<\/u><\/strong><\/p>\n\n\n\n<p>Le programme \u00ab&nbsp;Petites Villes de Demain&nbsp;\u00bb doit permettre aux petites centralit\u00e9s d\u2019acc\u00e9l\u00e9rer leur transformation pour r\u00e9pondre aux enjeux actuels et futurs&nbsp; en leur proposant une offre de services sur mesure, mobilisable en fonction de leurs besoins. Il permet d\u2019\u00e9laborer un projet de territoire partag\u00e9 par l\u2019ensemble des acteurs locaux.<\/p>\n\n\n\n<p>La communaut\u00e9 de communes et la commune de Largenti\u00e8re se sont engag\u00e9es dans ce programme.<\/p>\n\n\n\n<p>Apr\u00e8s une phase de diagnostic du territoire, le programme a \u00e9t\u00e9 \u00e9tabli, avec 23 actions \u00e0 mener concernant&nbsp;:<\/p>\n\n\n\n<ul class=\"wp-block-list\">\n<li>Urbain, Habitat, Mobilit\u00e9 ;<\/li>\n\n\n\n<li>Services (reconversion du b\u00e2ti) ;<\/li>\n\n\n\n<li>Commerces ;<\/li>\n\n\n\n<li>Attractivit\u00e9, Tourisme.<\/li>\n<\/ul>\n\n\n\n<p>Les actions en lien avec la communaut\u00e9 de communes (voie verte, PLUi, d\u00e9ploiement de la fibre optique, restructuration de l\u2019office du tourisme\u2026) sont pour la plupart soit d\u00e9j\u00e0 entreprises, soit en cours d\u2019\u00e9laboration.<\/p>\n\n\n\n<p>Quelques actions concernant plus particuli\u00e8rement Largenti\u00e8re (op\u00e9ration fa\u00e7ades et \u00ab&nbsp;clos et couvert&nbsp;\u00bb, l\u2019am\u00e9nagement du jardin public, la requalification de la RD5 par exemple) sont elles aussi d\u00e9j\u00e0 lanc\u00e9es.<\/p>\n\n\n\n<p>Malheureusement, pour les actions ambitieuses comme&nbsp; la reconversion du Tribunal, la cr\u00e9ation d\u2019un p\u00f4le culturel, l\u2019animation du site patrimonial remarquable, ou la strat\u00e9gie d\u2019accompagnement de la dynamique commerciale (et d\u2019autres encore\u2026), si elles sont clairement identifi\u00e9es dans ce programme, le plan de financement reste tr\u00e8s vague.<\/p>\n\n\n\n<p><strong>Le programme \u00ab&nbsp; Petite Ville de Demain&nbsp;\u00bb est ambitieux, mais c\u2019est en particulier \u00e0 cause du manque de pr\u00e9cision sur les financements mais aussi sur un choix de projets \u00e9tabli sans concertation aucune avec les habitants que les \u00e9lu-e-s de Demain Largenti\u00e8re se sont abstenus sur le vote de ce programme.<\/strong><\/p>\n\n\n\n<p>De nombreuses questions ont \u00e9t\u00e9 pos\u00e9es en ce sens par les \u00e9lu\u00b7e\u00b7s de Demain Largenti\u00e8re : les enveloppes financi\u00e8res, les personnes qui si\u00e8gent dans le comit\u00e9 de pilotage, une vigilance sur les avances possibles des travaux par les propri\u00e9taires, etc.<\/p>\n\n\n\n<p>Autre point soulev\u00e9 : <\/p>\n\n\n\n<p>Le projet de s\u00e9curisation des pi\u00e9tons a \u00e9t\u00e9 \u00e9voqu\u00e9 concernant plusieurs axes routiers de Largenti\u00e8re. Cependant, la s\u00e9curisation des abords de l&rsquo;\u00e9cole publique (ou liaison Volpilli\u00e8re\/St Foy vers le Centre bourg) a \u00e9t\u00e9 omise dans ces pr\u00e9visions ! Lorsque notre \u00e9lue&nbsp;de Demain Largenti\u00e8re&nbsp;a soulev\u00e9 cet oubli, certains conseillers ont&nbsp;r\u00e9pondu que les \u00e9l\u00e8ves prenaient le bus, ce qui d\u00e9montre une m\u00e9connaissance de la r\u00e9alit\u00e9 des sorties d&rsquo;\u00e9cole et de ces quartiers. En effet, beaucoup d&rsquo;enfants, ou encore des ados, des adultes ou des retrait\u00e9s empruntent une petite portion non s\u00e9curis\u00e9e de route, en plein virage.&nbsp;<\/p>\n\n\n\n<h4 class=\"wp-block-heading\">Podcast du conseil municipal <img loading=\"lazy\" decoding=\"async\" width=\"40\" height=\"40\" class=\"wp-image-1128\" style=\"width: 40px;\" src=\"http:\/\/demainlargentiere.fr\/wp-content\/uploads\/2020\/02\/conference.png\" alt=\"Picto conf \u00e9lection\" srcset=\"https:\/\/demainlargentiere.fr\/wp-content\/uploads\/2020\/02\/conference.png 417w, https:\/\/demainlargentiere.fr\/wp-content\/uploads\/2020\/02\/conference-300x300.png 300w, https:\/\/demainlargentiere.fr\/wp-content\/uploads\/2020\/02\/conference-150x150.png 150w\" sizes=\"auto, (max-width: 40px) 100vw, 40px\" \/><\/h4>\n\n\n\n<figure class=\"wp-block-audio\"><audio controls src=\"http:\/\/demainlargentiere.fr\/wp-content\/uploads\/2023\/02\/Conseil-muni-30-01-2023-Part-1.mp3\"><\/audio><figcaption class=\"wp-element-caption\">Partie 1<\/figcaption><\/figure>\n\n\n\n<figure class=\"wp-block-audio\"><audio controls src=\"http:\/\/demainlargentiere.fr\/wp-content\/uploads\/2023\/02\/Conseil-muni-30-01-2023-Part-2.mp3\"><\/audio><figcaption class=\"wp-element-caption\">Partie 2<\/figcaption><\/figure>\n\n\n\n<h4 class=\"wp-block-heading\">Les questions diverses omises du conseil<\/h4>\n\n\n\n<p>Les questions diverses font partie int\u00e9grante du bon d\u00e9roul\u00e9 d&rsquo;un conseil municipal et, m\u00eame si elles ne figurent pas \u00e0 l&rsquo;ordre du jour, elles ne<br>peuvent \u00eatre omises. \u00c0 d\u00e9faut, toutes les d\u00e9lib\u00e9rations prises au cours du conseil municipal concern\u00e9 peuvent \u00eatre frapp\u00e9es de nullit\u00e9. Un manquement qui a \u00e9t\u00e9 signal\u00e9 \u00e0 Monsieur le Maire dans un courrier.<\/p>\n\n\n\n<h4 class=\"wp-block-heading\">Retour Presse<\/h4>\n\n\n\n<figure class=\"wp-block-image size-large\"><img loading=\"lazy\" decoding=\"async\" width=\"1024\" height=\"1011\" src=\"http:\/\/demainlargentiere.fr\/wp-content\/uploads\/2023\/02\/art-presse-CM-30.01.2023-1024x1011.jpg\" alt=\"\" class=\"wp-image-4428\" srcset=\"https:\/\/demainlargentiere.fr\/wp-content\/uploads\/2023\/02\/art-presse-CM-30.01.2023-1024x1011.jpg 1024w, https:\/\/demainlargentiere.fr\/wp-content\/uploads\/2023\/02\/art-presse-CM-30.01.2023-300x296.jpg 300w, https:\/\/demainlargentiere.fr\/wp-content\/uploads\/2023\/02\/art-presse-CM-30.01.2023-768x758.jpg 768w, https:\/\/demainlargentiere.fr\/wp-content\/uploads\/2023\/02\/art-presse-CM-30.01.2023-1536x1517.jpg 1536w, https:\/\/demainlargentiere.fr\/wp-content\/uploads\/2023\/02\/art-presse-CM-30.01.2023-2048x2022.jpg 2048w, https:\/\/demainlargentiere.fr\/wp-content\/uploads\/2023\/02\/art-presse-CM-30.01.2023-1568x1548.jpg 1568w\" sizes=\"auto, (max-width: 1024px) 100vw, 1024px\" \/><figcaption class=\"wp-element-caption\">Dauphin\u00e9 30.01.2023<\/figcaption><\/figure>\n","protected":false},"excerpt":{"rendered":"<p>Juliette Olivier, nouvelle conseill\u00e8re municipale de Demain Largenti\u00e8re Article et mot de Juliette Olivier Nos prises de parole A l\u2019ordre du jour&nbsp;: &#8211; Validation de l\u2019Op\u00e9ration Programm\u00e9e de l\u2019Am\u00e9lioration de l\u2019Habitat (OPAH) &#8211; Validation de la convention Petite Ville de Demain (PVD) Validation de l\u2019Op\u00e9ration Programm\u00e9e de l\u2019Am\u00e9lioration de l\u2019Habitat (OPAH) Cette op\u00e9ration, d\u00e9but\u00e9e en &hellip; <\/p>\n<p class=\"link-more\"><a href=\"https:\/\/demainlargentiere.fr\/index.php\/cm-du-30-janvier-2023-convention-petite-ville-de-demain\/\" class=\"more-link\">Continuer la lecture <span class=\"screen-reader-text\"> \u00ab\u00a0CM du 30 janvier 2023 : convention petite ville de demain\u00a0\u00bb<\/span><\/a><\/p>\n","protected":false},"author":2,"featured_media":0,"parent":0,"menu_order":0,"comment_status":"closed","ping_status":"closed","template":"","meta":{"ngg_post_thumbnail":0,"footnotes":""},"class_list":["post-4421","page","type-page","status-publish","hentry","entry"],"yoast_head":"<!-- This site is optimized with the Yoast SEO plugin v27.4 - https:\/\/yoast.com\/product\/yoast-seo-wordpress\/ -->\n<title>CM du 30 janvier 2023 : convention petite ville de demain - Demain LARGENTIERE !<\/title>\n<meta name=\"robots\" content=\"index, follow, max-snippet:-1, max-image-preview:large, max-video-preview:-1\" \/>\n<link rel=\"canonical\" href=\"https:\/\/demainlargentiere.fr\/index.php\/cm-du-30-janvier-2023-convention-petite-ville-de-demain\/\" \/>\n<meta property=\"og:locale\" content=\"fr_FR\" \/>\n<meta property=\"og:type\" content=\"article\" \/>\n<meta property=\"og:title\" content=\"CM du 30 janvier 2023 : convention petite ville de demain - Demain LARGENTIERE !\" \/>\n<meta property=\"og:description\" content=\"Juliette Olivier, nouvelle conseill\u00e8re municipale de Demain Largenti\u00e8re Article et mot de Juliette Olivier Nos prises de parole A l\u2019ordre du jour&nbsp;: &#8211; Validation de l\u2019Op\u00e9ration Programm\u00e9e de l\u2019Am\u00e9lioration de l\u2019Habitat (OPAH) &#8211; Validation de la convention Petite Ville de Demain (PVD) Validation de l\u2019Op\u00e9ration Programm\u00e9e de l\u2019Am\u00e9lioration de l\u2019Habitat (OPAH) Cette op\u00e9ration, d\u00e9but\u00e9e en &hellip; Continuer la lecture \u00ab\u00a0CM du 30 janvier 2023 : convention petite ville de demain\u00a0\u00bb\" \/>\n<meta property=\"og:url\" content=\"https:\/\/demainlargentiere.fr\/index.php\/cm-du-30-janvier-2023-convention-petite-ville-de-demain\/\" \/>\n<meta property=\"og:site_name\" content=\"Demain LARGENTIERE !\" \/>\n<meta property=\"article:publisher\" content=\"https:\/\/www.facebook.com\/DemainLargentiere\/\" \/>\n<meta property=\"article:modified_time\" content=\"2023-02-10T20:20:06+00:00\" \/>\n<meta property=\"og:image\" content=\"http:\/\/demainlargentiere.fr\/wp-content\/uploads\/2023\/02\/ordredujour.jpg\" \/>\n<meta name=\"twitter:card\" content=\"summary_large_image\" \/>\n<meta name=\"twitter:label1\" content=\"Dur\u00e9e de lecture estim\u00e9e\" \/>\n\t<meta name=\"twitter:data1\" content=\"5 minutes\" \/>\n<script type=\"application\/ld+json\" class=\"yoast-schema-graph\">{\"@context\":\"https:\\\/\\\/schema.org\",\"@graph\":[{\"@type\":\"WebPage\",\"@id\":\"https:\\\/\\\/demainlargentiere.fr\\\/index.php\\\/cm-du-30-janvier-2023-convention-petite-ville-de-demain\\\/\",\"url\":\"https:\\\/\\\/demainlargentiere.fr\\\/index.php\\\/cm-du-30-janvier-2023-convention-petite-ville-de-demain\\\/\",\"name\":\"CM du 30 janvier 2023 : convention petite ville de demain - Demain LARGENTIERE !\",\"isPartOf\":{\"@id\":\"http:\\\/\\\/demainlargentiere.fr\\\/#website\"},\"primaryImageOfPage\":{\"@id\":\"https:\\\/\\\/demainlargentiere.fr\\\/index.php\\\/cm-du-30-janvier-2023-convention-petite-ville-de-demain\\\/#primaryimage\"},\"image\":{\"@id\":\"https:\\\/\\\/demainlargentiere.fr\\\/index.php\\\/cm-du-30-janvier-2023-convention-petite-ville-de-demain\\\/#primaryimage\"},\"thumbnailUrl\":\"http:\\\/\\\/demainlargentiere.fr\\\/wp-content\\\/uploads\\\/2023\\\/02\\\/ordredujour.jpg\",\"datePublished\":\"2023-02-03T21:18:11+00:00\",\"dateModified\":\"2023-02-10T20:20:06+00:00\",\"breadcrumb\":{\"@id\":\"https:\\\/\\\/demainlargentiere.fr\\\/index.php\\\/cm-du-30-janvier-2023-convention-petite-ville-de-demain\\\/#breadcrumb\"},\"inLanguage\":\"fr-FR\",\"potentialAction\":[{\"@type\":\"ReadAction\",\"target\":[\"https:\\\/\\\/demainlargentiere.fr\\\/index.php\\\/cm-du-30-janvier-2023-convention-petite-ville-de-demain\\\/\"]}]},{\"@type\":\"ImageObject\",\"inLanguage\":\"fr-FR\",\"@id\":\"https:\\\/\\\/demainlargentiere.fr\\\/index.php\\\/cm-du-30-janvier-2023-convention-petite-ville-de-demain\\\/#primaryimage\",\"url\":\"https:\\\/\\\/demainlargentiere.fr\\\/wp-content\\\/uploads\\\/2023\\\/02\\\/ordredujour.jpg\",\"contentUrl\":\"https:\\\/\\\/demainlargentiere.fr\\\/wp-content\\\/uploads\\\/2023\\\/02\\\/ordredujour.jpg\",\"width\":576,\"height\":728},{\"@type\":\"BreadcrumbList\",\"@id\":\"https:\\\/\\\/demainlargentiere.fr\\\/index.php\\\/cm-du-30-janvier-2023-convention-petite-ville-de-demain\\\/#breadcrumb\",\"itemListElement\":[{\"@type\":\"ListItem\",\"position\":1,\"name\":\"Accueil\",\"item\":\"https:\\\/\\\/demainlargentiere.fr\\\/\"},{\"@type\":\"ListItem\",\"position\":2,\"name\":\"CM du 30 janvier 2023 : convention petite ville de demain\"}]},{\"@type\":\"WebSite\",\"@id\":\"http:\\\/\\\/demainlargentiere.fr\\\/#website\",\"url\":\"http:\\\/\\\/demainlargentiere.fr\\\/\",\"name\":\"Demain LARGENTIERE !\",\"description\":\"Ensemble, cr\u00e9ons demain.\",\"publisher\":{\"@id\":\"http:\\\/\\\/demainlargentiere.fr\\\/#organization\"},\"potentialAction\":[{\"@type\":\"SearchAction\",\"target\":{\"@type\":\"EntryPoint\",\"urlTemplate\":\"http:\\\/\\\/demainlargentiere.fr\\\/?s={search_term_string}\"},\"query-input\":{\"@type\":\"PropertyValueSpecification\",\"valueRequired\":true,\"valueName\":\"search_term_string\"}}],\"inLanguage\":\"fr-FR\"},{\"@type\":\"Organization\",\"@id\":\"http:\\\/\\\/demainlargentiere.fr\\\/#organization\",\"name\":\"DemainLargentiere\",\"url\":\"http:\\\/\\\/demainlargentiere.fr\\\/\",\"logo\":{\"@type\":\"ImageObject\",\"inLanguage\":\"fr-FR\",\"@id\":\"http:\\\/\\\/demainlargentiere.fr\\\/#\\\/schema\\\/logo\\\/image\\\/\",\"url\":\"http:\\\/\\\/demainlargentiere.fr\\\/wp-content\\\/uploads\\\/2020\\\/02\\\/logo-250x250-1.png\",\"contentUrl\":\"http:\\\/\\\/demainlargentiere.fr\\\/wp-content\\\/uploads\\\/2020\\\/02\\\/logo-250x250-1.png\",\"width\":250,\"height\":250,\"caption\":\"DemainLargentiere\"},\"image\":{\"@id\":\"http:\\\/\\\/demainlargentiere.fr\\\/#\\\/schema\\\/logo\\\/image\\\/\"},\"sameAs\":[\"https:\\\/\\\/www.facebook.com\\\/DemainLargentiere\\\/\"]}]}<\/script>\n<!-- \/ Yoast SEO plugin. -->","yoast_head_json":{"title":"CM du 30 janvier 2023 : convention petite ville de demain - Demain LARGENTIERE !","robots":{"index":"index","follow":"follow","max-snippet":"max-snippet:-1","max-image-preview":"max-image-preview:large","max-video-preview":"max-video-preview:-1"},"canonical":"https:\/\/demainlargentiere.fr\/index.php\/cm-du-30-janvier-2023-convention-petite-ville-de-demain\/","og_locale":"fr_FR","og_type":"article","og_title":"CM du 30 janvier 2023 : convention petite ville de demain - Demain LARGENTIERE !","og_description":"Juliette Olivier, nouvelle conseill\u00e8re municipale de Demain Largenti\u00e8re Article et mot de Juliette Olivier Nos prises de parole A l\u2019ordre du jour&nbsp;: &#8211; Validation de l\u2019Op\u00e9ration Programm\u00e9e de l\u2019Am\u00e9lioration de l\u2019Habitat (OPAH) &#8211; Validation de la convention Petite Ville de Demain (PVD) Validation de l\u2019Op\u00e9ration Programm\u00e9e de l\u2019Am\u00e9lioration de l\u2019Habitat (OPAH) Cette op\u00e9ration, d\u00e9but\u00e9e en &hellip; Continuer la lecture \u00ab\u00a0CM du 30 janvier 2023 : convention petite ville de demain\u00a0\u00bb","og_url":"https:\/\/demainlargentiere.fr\/index.php\/cm-du-30-janvier-2023-convention-petite-ville-de-demain\/","og_site_name":"Demain LARGENTIERE !","article_publisher":"https:\/\/www.facebook.com\/DemainLargentiere\/","article_modified_time":"2023-02-10T20:20:06+00:00","og_image":[{"url":"http:\/\/demainlargentiere.fr\/wp-content\/uploads\/2023\/02\/ordredujour.jpg","type":"","width":"","height":""}],"twitter_card":"summary_large_image","twitter_misc":{"Dur\u00e9e de lecture estim\u00e9e":"5 minutes"},"schema":{"@context":"https:\/\/schema.org","@graph":[{"@type":"WebPage","@id":"https:\/\/demainlargentiere.fr\/index.php\/cm-du-30-janvier-2023-convention-petite-ville-de-demain\/","url":"https:\/\/demainlargentiere.fr\/index.php\/cm-du-30-janvier-2023-convention-petite-ville-de-demain\/","name":"CM du 30 janvier 2023 : convention petite ville de demain - Demain LARGENTIERE !","isPartOf":{"@id":"http:\/\/demainlargentiere.fr\/#website"},"primaryImageOfPage":{"@id":"https:\/\/demainlargentiere.fr\/index.php\/cm-du-30-janvier-2023-convention-petite-ville-de-demain\/#primaryimage"},"image":{"@id":"https:\/\/demainlargentiere.fr\/index.php\/cm-du-30-janvier-2023-convention-petite-ville-de-demain\/#primaryimage"},"thumbnailUrl":"http:\/\/demainlargentiere.fr\/wp-content\/uploads\/2023\/02\/ordredujour.jpg","datePublished":"2023-02-03T21:18:11+00:00","dateModified":"2023-02-10T20:20:06+00:00","breadcrumb":{"@id":"https:\/\/demainlargentiere.fr\/index.php\/cm-du-30-janvier-2023-convention-petite-ville-de-demain\/#breadcrumb"},"inLanguage":"fr-FR","potentialAction":[{"@type":"ReadAction","target":["https:\/\/demainlargentiere.fr\/index.php\/cm-du-30-janvier-2023-convention-petite-ville-de-demain\/"]}]},{"@type":"ImageObject","inLanguage":"fr-FR","@id":"https:\/\/demainlargentiere.fr\/index.php\/cm-du-30-janvier-2023-convention-petite-ville-de-demain\/#primaryimage","url":"https:\/\/demainlargentiere.fr\/wp-content\/uploads\/2023\/02\/ordredujour.jpg","contentUrl":"https:\/\/demainlargentiere.fr\/wp-content\/uploads\/2023\/02\/ordredujour.jpg","width":576,"height":728},{"@type":"BreadcrumbList","@id":"https:\/\/demainlargentiere.fr\/index.php\/cm-du-30-janvier-2023-convention-petite-ville-de-demain\/#breadcrumb","itemListElement":[{"@type":"ListItem","position":1,"name":"Accueil","item":"https:\/\/demainlargentiere.fr\/"},{"@type":"ListItem","position":2,"name":"CM du 30 janvier 2023 : convention petite ville de demain"}]},{"@type":"WebSite","@id":"http:\/\/demainlargentiere.fr\/#website","url":"http:\/\/demainlargentiere.fr\/","name":"Demain LARGENTIERE !","description":"Ensemble, cr\u00e9ons demain.","publisher":{"@id":"http:\/\/demainlargentiere.fr\/#organization"},"potentialAction":[{"@type":"SearchAction","target":{"@type":"EntryPoint","urlTemplate":"http:\/\/demainlargentiere.fr\/?s={search_term_string}"},"query-input":{"@type":"PropertyValueSpecification","valueRequired":true,"valueName":"search_term_string"}}],"inLanguage":"fr-FR"},{"@type":"Organization","@id":"http:\/\/demainlargentiere.fr\/#organization","name":"DemainLargentiere","url":"http:\/\/demainlargentiere.fr\/","logo":{"@type":"ImageObject","inLanguage":"fr-FR","@id":"http:\/\/demainlargentiere.fr\/#\/schema\/logo\/image\/","url":"http:\/\/demainlargentiere.fr\/wp-content\/uploads\/2020\/02\/logo-250x250-1.png","contentUrl":"http:\/\/demainlargentiere.fr\/wp-content\/uploads\/2020\/02\/logo-250x250-1.png","width":250,"height":250,"caption":"DemainLargentiere"},"image":{"@id":"http:\/\/demainlargentiere.fr\/#\/schema\/logo\/image\/"},"sameAs":["https:\/\/www.facebook.com\/DemainLargentiere\/"]}]}},"_links":{"self":[{"href":"https:\/\/demainlargentiere.fr\/index.php\/wp-json\/wp\/v2\/pages\/4421","targetHints":{"allow":["GET"]}}],"collection":[{"href":"https:\/\/demainlargentiere.fr\/index.php\/wp-json\/wp\/v2\/pages"}],"about":[{"href":"https:\/\/demainlargentiere.fr\/index.php\/wp-json\/wp\/v2\/types\/page"}],"author":[{"embeddable":true,"href":"https:\/\/demainlargentiere.fr\/index.php\/wp-json\/wp\/v2\/users\/2"}],"replies":[{"embeddable":true,"href":"https:\/\/demainlargentiere.fr\/index.php\/wp-json\/wp\/v2\/comments?post=4421"}],"version-history":[{"count":9,"href":"https:\/\/demainlargentiere.fr\/index.php\/wp-json\/wp\/v2\/pages\/4421\/revisions"}],"predecessor-version":[{"id":4455,"href":"https:\/\/demainlargentiere.fr\/index.php\/wp-json\/wp\/v2\/pages\/4421\/revisions\/4455"}],"wp:attachment":[{"href":"https:\/\/demainlargentiere.fr\/index.php\/wp-json\/wp\/v2\/media?parent=4421"}],"curies":[{"name":"wp","href":"https:\/\/api.w.org\/{rel}","templated":true}]}}