{"id":4807,"date":"2024-02-21T13:34:44","date_gmt":"2024-02-21T12:34:44","guid":{"rendered":"http:\/\/demainlargentiere.fr\/?page_id=4807"},"modified":"2024-02-26T21:52:14","modified_gmt":"2024-02-26T20:52:14","slug":"cm-du-19-fevrier-2024-une-association-a-lecole","status":"publish","type":"page","link":"https:\/\/demainlargentiere.fr\/index.php\/cm-du-19-fevrier-2024-une-association-a-lecole\/","title":{"rendered":"CM du 19 f\u00e9vrier 2024 : une association sportive \u00e0 l&rsquo;\u00e9cole ?"},"content":{"rendered":"\n<figure class=\"wp-block-image size-large\"><img loading=\"lazy\" decoding=\"async\" width=\"1024\" height=\"456\" src=\"http:\/\/demainlargentiere.fr\/wp-content\/uploads\/2024\/02\/colistiersdemainlargentiere-convocation-Conseil-Municipal-du-19.02.2024-villardmilene@gmail.com-Gmail-Google-Chrome-1024x456.jpg\" alt=\"\" class=\"wp-image-4808\" srcset=\"https:\/\/demainlargentiere.fr\/wp-content\/uploads\/2024\/02\/colistiersdemainlargentiere-convocation-Conseil-Municipal-du-19.02.2024-villardmilene@gmail.com-Gmail-Google-Chrome-1024x456.jpg 1024w, https:\/\/demainlargentiere.fr\/wp-content\/uploads\/2024\/02\/colistiersdemainlargentiere-convocation-Conseil-Municipal-du-19.02.2024-villardmilene@gmail.com-Gmail-Google-Chrome-300x134.jpg 300w, https:\/\/demainlargentiere.fr\/wp-content\/uploads\/2024\/02\/colistiersdemainlargentiere-convocation-Conseil-Municipal-du-19.02.2024-villardmilene@gmail.com-Gmail-Google-Chrome-768x342.jpg 768w, https:\/\/demainlargentiere.fr\/wp-content\/uploads\/2024\/02\/colistiersdemainlargentiere-convocation-Conseil-Municipal-du-19.02.2024-villardmilene@gmail.com-Gmail-Google-Chrome.jpg 1092w\" sizes=\"auto, (max-width: 1024px) 100vw, 1024px\" \/><\/figure>\n\n\n\n<h4 class=\"wp-block-heading\">Nos prises de paroles<\/h4>\n\n\n\n<figure class=\"wp-block-image size-large is-resized\"><img loading=\"lazy\" decoding=\"async\" src=\"http:\/\/demainlargentiere.fr\/wp-content\/uploads\/2024\/02\/image-conventino-1024x665.jpg\" alt=\"\" class=\"wp-image-4821\" width=\"427\" height=\"277\" srcset=\"https:\/\/demainlargentiere.fr\/wp-content\/uploads\/2024\/02\/image-conventino-1024x665.jpg 1024w, https:\/\/demainlargentiere.fr\/wp-content\/uploads\/2024\/02\/image-conventino-300x195.jpg 300w, https:\/\/demainlargentiere.fr\/wp-content\/uploads\/2024\/02\/image-conventino-768x498.jpg 768w, https:\/\/demainlargentiere.fr\/wp-content\/uploads\/2024\/02\/image-conventino.jpg 1094w\" sizes=\"auto, (max-width: 427px) 100vw, 427px\" \/><\/figure>\n\n\n\n<p>En r\u00e9ponse \u00e0 la convention propos\u00e9e \u00e0 l\u2019ordre du jour du conseil municipal du 19.02.2024, nous avons fait un courriel au secr\u00e9taire de mairie pour informer de nos interrogations en amont du conseil, voir, ci-dessous, et le conseil municipal a report\u00e9 ce point au prochain conseil municipal.<\/p>\n\n\n\n<figure class=\"wp-block-image size-full\"><img loading=\"lazy\" decoding=\"async\" width=\"658\" height=\"785\" src=\"http:\/\/demainlargentiere.fr\/wp-content\/uploads\/2024\/02\/En-reponse-a-la-convention.docx-Microsoft-Word.jpg\" alt=\"\" class=\"wp-image-4822\" srcset=\"https:\/\/demainlargentiere.fr\/wp-content\/uploads\/2024\/02\/En-reponse-a-la-convention.docx-Microsoft-Word.jpg 658w, https:\/\/demainlargentiere.fr\/wp-content\/uploads\/2024\/02\/En-reponse-a-la-convention.docx-Microsoft-Word-251x300.jpg 251w\" sizes=\"auto, (max-width: 658px) 100vw, 658px\" \/><\/figure>\n\n\n\n<figure class=\"wp-block-image size-large\"><img loading=\"lazy\" decoding=\"async\" width=\"1024\" height=\"117\" src=\"http:\/\/demainlargentiere.fr\/wp-content\/uploads\/2024\/02\/Compte-rendu-du-CM-du-19.02.2024-villardmilene@gmail.com-Gmail-Google-Chrome-1024x117.jpg\" alt=\"\" class=\"wp-image-4823\" srcset=\"https:\/\/demainlargentiere.fr\/wp-content\/uploads\/2024\/02\/Compte-rendu-du-CM-du-19.02.2024-villardmilene@gmail.com-Gmail-Google-Chrome-1024x117.jpg 1024w, https:\/\/demainlargentiere.fr\/wp-content\/uploads\/2024\/02\/Compte-rendu-du-CM-du-19.02.2024-villardmilene@gmail.com-Gmail-Google-Chrome-300x34.jpg 300w, https:\/\/demainlargentiere.fr\/wp-content\/uploads\/2024\/02\/Compte-rendu-du-CM-du-19.02.2024-villardmilene@gmail.com-Gmail-Google-Chrome-768x88.jpg 768w, https:\/\/demainlargentiere.fr\/wp-content\/uploads\/2024\/02\/Compte-rendu-du-CM-du-19.02.2024-villardmilene@gmail.com-Gmail-Google-Chrome.jpg 1126w\" sizes=\"auto, (max-width: 1024px) 100vw, 1024px\" \/><\/figure>\n\n\n\n<p>Article : <a href=\"http:\/\/demainlargentiere.fr\/index.php\/2024\/02\/26\/lecole-nest-elle-pas-un-lieu-a-part\/\" target=\"_blank\" rel=\"noreferrer noopener\">l&rsquo;\u00e9cole n&rsquo;est-elle pas un lieu \u00e0 part ?<\/a><\/p>\n\n\n\n<h4 class=\"wp-block-heading\">L&rsquo;audio du conseil municipal<\/h4>\n\n\n\n<figure class=\"wp-block-audio\"><audio controls src=\"http:\/\/demainlargentiere.fr\/wp-content\/uploads\/2024\/02\/29-conseil-muni-19-01-2-24.mp3\"><\/audio><\/figure>\n\n\n\n<h4 class=\"wp-block-heading\">Retranscription partielle \u00e0 venir<\/h4>\n","protected":false},"excerpt":{"rendered":"<p>Nos prises de paroles En r\u00e9ponse \u00e0 la convention propos\u00e9e \u00e0 l\u2019ordre du jour du conseil municipal du 19.02.2024, nous avons fait un courriel au secr\u00e9taire de mairie pour informer de nos interrogations en amont du conseil, voir, ci-dessous, et le conseil municipal a report\u00e9 ce point au prochain conseil municipal. Article : l&rsquo;\u00e9cole n&rsquo;est-elle &hellip; <\/p>\n<p class=\"link-more\"><a href=\"https:\/\/demainlargentiere.fr\/index.php\/cm-du-19-fevrier-2024-une-association-a-lecole\/\" class=\"more-link\">Continuer la lecture <span class=\"screen-reader-text\"> \u00ab\u00a0CM du 19 f\u00e9vrier 2024 : une association sportive \u00e0 l&rsquo;\u00e9cole ?\u00a0\u00bb<\/span><\/a><\/p>\n","protected":false},"author":2,"featured_media":0,"parent":0,"menu_order":0,"comment_status":"closed","ping_status":"closed","template":"","meta":{"ngg_post_thumbnail":0,"footnotes":""},"class_list":["post-4807","page","type-page","status-publish","hentry","entry"],"yoast_head":"<!-- This site is optimized with the Yoast SEO plugin v27.4 - https:\/\/yoast.com\/product\/yoast-seo-wordpress\/ -->\n<title>CM du 19 f\u00e9vrier 2024 : une association sportive \u00e0 l&#039;\u00e9cole ? - Demain LARGENTIERE !<\/title>\n<meta name=\"robots\" content=\"index, follow, max-snippet:-1, max-image-preview:large, max-video-preview:-1\" \/>\n<link rel=\"canonical\" href=\"https:\/\/demainlargentiere.fr\/index.php\/cm-du-19-fevrier-2024-une-association-a-lecole\/\" \/>\n<meta property=\"og:locale\" content=\"fr_FR\" \/>\n<meta property=\"og:type\" content=\"article\" \/>\n<meta property=\"og:title\" content=\"CM du 19 f\u00e9vrier 2024 : une association sportive \u00e0 l&#039;\u00e9cole ? - Demain LARGENTIERE !\" \/>\n<meta property=\"og:description\" content=\"Nos prises de paroles En r\u00e9ponse \u00e0 la convention propos\u00e9e \u00e0 l\u2019ordre du jour du conseil municipal du 19.02.2024, nous avons fait un courriel au secr\u00e9taire de mairie pour informer de nos interrogations en amont du conseil, voir, ci-dessous, et le conseil municipal a report\u00e9 ce point au prochain conseil municipal. Article : l&rsquo;\u00e9cole n&rsquo;est-elle &hellip; Continuer la lecture \u00ab\u00a0CM du 19 f\u00e9vrier 2024 : une association sportive \u00e0 l&rsquo;\u00e9cole ?\u00a0\u00bb\" \/>\n<meta property=\"og:url\" content=\"https:\/\/demainlargentiere.fr\/index.php\/cm-du-19-fevrier-2024-une-association-a-lecole\/\" \/>\n<meta property=\"og:site_name\" content=\"Demain LARGENTIERE !\" \/>\n<meta property=\"article:publisher\" content=\"https:\/\/www.facebook.com\/DemainLargentiere\/\" \/>\n<meta property=\"article:modified_time\" content=\"2024-02-26T20:52:14+00:00\" \/>\n<meta property=\"og:image\" content=\"http:\/\/demainlargentiere.fr\/wp-content\/uploads\/2024\/02\/colistiersdemainlargentiere-convocation-Conseil-Municipal-du-19.02.2024-villardmilene@gmail.com-Gmail-Google-Chrome-1024x456.jpg\" \/>\n<meta name=\"twitter:card\" content=\"summary_large_image\" \/>\n<meta name=\"twitter:label1\" content=\"Dur\u00e9e de lecture estim\u00e9e\" \/>\n\t<meta name=\"twitter:data1\" content=\"2 minutes\" \/>\n<script type=\"application\/ld+json\" class=\"yoast-schema-graph\">{\"@context\":\"https:\\\/\\\/schema.org\",\"@graph\":[{\"@type\":\"WebPage\",\"@id\":\"https:\\\/\\\/demainlargentiere.fr\\\/index.php\\\/cm-du-19-fevrier-2024-une-association-a-lecole\\\/\",\"url\":\"https:\\\/\\\/demainlargentiere.fr\\\/index.php\\\/cm-du-19-fevrier-2024-une-association-a-lecole\\\/\",\"name\":\"CM du 19 f\u00e9vrier 2024 : une association sportive \u00e0 l'\u00e9cole ? - Demain LARGENTIERE !\",\"isPartOf\":{\"@id\":\"http:\\\/\\\/demainlargentiere.fr\\\/#website\"},\"primaryImageOfPage\":{\"@id\":\"https:\\\/\\\/demainlargentiere.fr\\\/index.php\\\/cm-du-19-fevrier-2024-une-association-a-lecole\\\/#primaryimage\"},\"image\":{\"@id\":\"https:\\\/\\\/demainlargentiere.fr\\\/index.php\\\/cm-du-19-fevrier-2024-une-association-a-lecole\\\/#primaryimage\"},\"thumbnailUrl\":\"http:\\\/\\\/demainlargentiere.fr\\\/wp-content\\\/uploads\\\/2024\\\/02\\\/colistiersdemainlargentiere-convocation-Conseil-Municipal-du-19.02.2024-villardmilene@gmail.com-Gmail-Google-Chrome-1024x456.jpg\",\"datePublished\":\"2024-02-21T12:34:44+00:00\",\"dateModified\":\"2024-02-26T20:52:14+00:00\",\"breadcrumb\":{\"@id\":\"https:\\\/\\\/demainlargentiere.fr\\\/index.php\\\/cm-du-19-fevrier-2024-une-association-a-lecole\\\/#breadcrumb\"},\"inLanguage\":\"fr-FR\",\"potentialAction\":[{\"@type\":\"ReadAction\",\"target\":[\"https:\\\/\\\/demainlargentiere.fr\\\/index.php\\\/cm-du-19-fevrier-2024-une-association-a-lecole\\\/\"]}]},{\"@type\":\"ImageObject\",\"inLanguage\":\"fr-FR\",\"@id\":\"https:\\\/\\\/demainlargentiere.fr\\\/index.php\\\/cm-du-19-fevrier-2024-une-association-a-lecole\\\/#primaryimage\",\"url\":\"https:\\\/\\\/demainlargentiere.fr\\\/wp-content\\\/uploads\\\/2024\\\/02\\\/colistiersdemainlargentiere-convocation-Conseil-Municipal-du-19.02.2024-villardmilene@gmail.com-Gmail-Google-Chrome.jpg\",\"contentUrl\":\"https:\\\/\\\/demainlargentiere.fr\\\/wp-content\\\/uploads\\\/2024\\\/02\\\/colistiersdemainlargentiere-convocation-Conseil-Municipal-du-19.02.2024-villardmilene@gmail.com-Gmail-Google-Chrome.jpg\",\"width\":1092,\"height\":486},{\"@type\":\"BreadcrumbList\",\"@id\":\"https:\\\/\\\/demainlargentiere.fr\\\/index.php\\\/cm-du-19-fevrier-2024-une-association-a-lecole\\\/#breadcrumb\",\"itemListElement\":[{\"@type\":\"ListItem\",\"position\":1,\"name\":\"Accueil\",\"item\":\"https:\\\/\\\/demainlargentiere.fr\\\/\"},{\"@type\":\"ListItem\",\"position\":2,\"name\":\"CM du 19 f\u00e9vrier 2024 : une association sportive \u00e0 l&rsquo;\u00e9cole ?\"}]},{\"@type\":\"WebSite\",\"@id\":\"http:\\\/\\\/demainlargentiere.fr\\\/#website\",\"url\":\"http:\\\/\\\/demainlargentiere.fr\\\/\",\"name\":\"Demain LARGENTIERE !\",\"description\":\"Ensemble, cr\u00e9ons demain.\",\"publisher\":{\"@id\":\"http:\\\/\\\/demainlargentiere.fr\\\/#organization\"},\"potentialAction\":[{\"@type\":\"SearchAction\",\"target\":{\"@type\":\"EntryPoint\",\"urlTemplate\":\"http:\\\/\\\/demainlargentiere.fr\\\/?s={search_term_string}\"},\"query-input\":{\"@type\":\"PropertyValueSpecification\",\"valueRequired\":true,\"valueName\":\"search_term_string\"}}],\"inLanguage\":\"fr-FR\"},{\"@type\":\"Organization\",\"@id\":\"http:\\\/\\\/demainlargentiere.fr\\\/#organization\",\"name\":\"DemainLargentiere\",\"url\":\"http:\\\/\\\/demainlargentiere.fr\\\/\",\"logo\":{\"@type\":\"ImageObject\",\"inLanguage\":\"fr-FR\",\"@id\":\"http:\\\/\\\/demainlargentiere.fr\\\/#\\\/schema\\\/logo\\\/image\\\/\",\"url\":\"http:\\\/\\\/demainlargentiere.fr\\\/wp-content\\\/uploads\\\/2020\\\/02\\\/logo-250x250-1.png\",\"contentUrl\":\"http:\\\/\\\/demainlargentiere.fr\\\/wp-content\\\/uploads\\\/2020\\\/02\\\/logo-250x250-1.png\",\"width\":250,\"height\":250,\"caption\":\"DemainLargentiere\"},\"image\":{\"@id\":\"http:\\\/\\\/demainlargentiere.fr\\\/#\\\/schema\\\/logo\\\/image\\\/\"},\"sameAs\":[\"https:\\\/\\\/www.facebook.com\\\/DemainLargentiere\\\/\"]}]}<\/script>\n<!-- \/ Yoast SEO plugin. -->","yoast_head_json":{"title":"CM du 19 f\u00e9vrier 2024 : une association sportive \u00e0 l'\u00e9cole ? - Demain LARGENTIERE !","robots":{"index":"index","follow":"follow","max-snippet":"max-snippet:-1","max-image-preview":"max-image-preview:large","max-video-preview":"max-video-preview:-1"},"canonical":"https:\/\/demainlargentiere.fr\/index.php\/cm-du-19-fevrier-2024-une-association-a-lecole\/","og_locale":"fr_FR","og_type":"article","og_title":"CM du 19 f\u00e9vrier 2024 : une association sportive \u00e0 l'\u00e9cole ? - Demain LARGENTIERE !","og_description":"Nos prises de paroles En r\u00e9ponse \u00e0 la convention propos\u00e9e \u00e0 l\u2019ordre du jour du conseil municipal du 19.02.2024, nous avons fait un courriel au secr\u00e9taire de mairie pour informer de nos interrogations en amont du conseil, voir, ci-dessous, et le conseil municipal a report\u00e9 ce point au prochain conseil municipal. Article : l&rsquo;\u00e9cole n&rsquo;est-elle &hellip; Continuer la lecture \u00ab\u00a0CM du 19 f\u00e9vrier 2024 : une association sportive \u00e0 l&rsquo;\u00e9cole ?\u00a0\u00bb","og_url":"https:\/\/demainlargentiere.fr\/index.php\/cm-du-19-fevrier-2024-une-association-a-lecole\/","og_site_name":"Demain LARGENTIERE !","article_publisher":"https:\/\/www.facebook.com\/DemainLargentiere\/","article_modified_time":"2024-02-26T20:52:14+00:00","og_image":[{"url":"http:\/\/demainlargentiere.fr\/wp-content\/uploads\/2024\/02\/colistiersdemainlargentiere-convocation-Conseil-Municipal-du-19.02.2024-villardmilene@gmail.com-Gmail-Google-Chrome-1024x456.jpg","type":"","width":"","height":""}],"twitter_card":"summary_large_image","twitter_misc":{"Dur\u00e9e de lecture estim\u00e9e":"2 minutes"},"schema":{"@context":"https:\/\/schema.org","@graph":[{"@type":"WebPage","@id":"https:\/\/demainlargentiere.fr\/index.php\/cm-du-19-fevrier-2024-une-association-a-lecole\/","url":"https:\/\/demainlargentiere.fr\/index.php\/cm-du-19-fevrier-2024-une-association-a-lecole\/","name":"CM du 19 f\u00e9vrier 2024 : une association sportive \u00e0 l'\u00e9cole ? - Demain LARGENTIERE !","isPartOf":{"@id":"http:\/\/demainlargentiere.fr\/#website"},"primaryImageOfPage":{"@id":"https:\/\/demainlargentiere.fr\/index.php\/cm-du-19-fevrier-2024-une-association-a-lecole\/#primaryimage"},"image":{"@id":"https:\/\/demainlargentiere.fr\/index.php\/cm-du-19-fevrier-2024-une-association-a-lecole\/#primaryimage"},"thumbnailUrl":"http:\/\/demainlargentiere.fr\/wp-content\/uploads\/2024\/02\/colistiersdemainlargentiere-convocation-Conseil-Municipal-du-19.02.2024-villardmilene@gmail.com-Gmail-Google-Chrome-1024x456.jpg","datePublished":"2024-02-21T12:34:44+00:00","dateModified":"2024-02-26T20:52:14+00:00","breadcrumb":{"@id":"https:\/\/demainlargentiere.fr\/index.php\/cm-du-19-fevrier-2024-une-association-a-lecole\/#breadcrumb"},"inLanguage":"fr-FR","potentialAction":[{"@type":"ReadAction","target":["https:\/\/demainlargentiere.fr\/index.php\/cm-du-19-fevrier-2024-une-association-a-lecole\/"]}]},{"@type":"ImageObject","inLanguage":"fr-FR","@id":"https:\/\/demainlargentiere.fr\/index.php\/cm-du-19-fevrier-2024-une-association-a-lecole\/#primaryimage","url":"https:\/\/demainlargentiere.fr\/wp-content\/uploads\/2024\/02\/colistiersdemainlargentiere-convocation-Conseil-Municipal-du-19.02.2024-villardmilene@gmail.com-Gmail-Google-Chrome.jpg","contentUrl":"https:\/\/demainlargentiere.fr\/wp-content\/uploads\/2024\/02\/colistiersdemainlargentiere-convocation-Conseil-Municipal-du-19.02.2024-villardmilene@gmail.com-Gmail-Google-Chrome.jpg","width":1092,"height":486},{"@type":"BreadcrumbList","@id":"https:\/\/demainlargentiere.fr\/index.php\/cm-du-19-fevrier-2024-une-association-a-lecole\/#breadcrumb","itemListElement":[{"@type":"ListItem","position":1,"name":"Accueil","item":"https:\/\/demainlargentiere.fr\/"},{"@type":"ListItem","position":2,"name":"CM du 19 f\u00e9vrier 2024 : une association sportive \u00e0 l&rsquo;\u00e9cole ?"}]},{"@type":"WebSite","@id":"http:\/\/demainlargentiere.fr\/#website","url":"http:\/\/demainlargentiere.fr\/","name":"Demain LARGENTIERE !","description":"Ensemble, cr\u00e9ons demain.","publisher":{"@id":"http:\/\/demainlargentiere.fr\/#organization"},"potentialAction":[{"@type":"SearchAction","target":{"@type":"EntryPoint","urlTemplate":"http:\/\/demainlargentiere.fr\/?s={search_term_string}"},"query-input":{"@type":"PropertyValueSpecification","valueRequired":true,"valueName":"search_term_string"}}],"inLanguage":"fr-FR"},{"@type":"Organization","@id":"http:\/\/demainlargentiere.fr\/#organization","name":"DemainLargentiere","url":"http:\/\/demainlargentiere.fr\/","logo":{"@type":"ImageObject","inLanguage":"fr-FR","@id":"http:\/\/demainlargentiere.fr\/#\/schema\/logo\/image\/","url":"http:\/\/demainlargentiere.fr\/wp-content\/uploads\/2020\/02\/logo-250x250-1.png","contentUrl":"http:\/\/demainlargentiere.fr\/wp-content\/uploads\/2020\/02\/logo-250x250-1.png","width":250,"height":250,"caption":"DemainLargentiere"},"image":{"@id":"http:\/\/demainlargentiere.fr\/#\/schema\/logo\/image\/"},"sameAs":["https:\/\/www.facebook.com\/DemainLargentiere\/"]}]}},"_links":{"self":[{"href":"https:\/\/demainlargentiere.fr\/index.php\/wp-json\/wp\/v2\/pages\/4807","targetHints":{"allow":["GET"]}}],"collection":[{"href":"https:\/\/demainlargentiere.fr\/index.php\/wp-json\/wp\/v2\/pages"}],"about":[{"href":"https:\/\/demainlargentiere.fr\/index.php\/wp-json\/wp\/v2\/types\/page"}],"author":[{"embeddable":true,"href":"https:\/\/demainlargentiere.fr\/index.php\/wp-json\/wp\/v2\/users\/2"}],"replies":[{"embeddable":true,"href":"https:\/\/demainlargentiere.fr\/index.php\/wp-json\/wp\/v2\/comments?post=4807"}],"version-history":[{"count":5,"href":"https:\/\/demainlargentiere.fr\/index.php\/wp-json\/wp\/v2\/pages\/4807\/revisions"}],"predecessor-version":[{"id":4843,"href":"https:\/\/demainlargentiere.fr\/index.php\/wp-json\/wp\/v2\/pages\/4807\/revisions\/4843"}],"wp:attachment":[{"href":"https:\/\/demainlargentiere.fr\/index.php\/wp-json\/wp\/v2\/media?parent=4807"}],"curies":[{"name":"wp","href":"https:\/\/api.w.org\/{rel}","templated":true}]}}