{"id":4855,"date":"2024-03-28T09:47:45","date_gmt":"2024-03-28T08:47:45","guid":{"rendered":"http:\/\/demainlargentiere.fr\/?page_id=4855"},"modified":"2024-03-28T23:00:33","modified_gmt":"2024-03-28T22:00:33","slug":"cm-du-26-mars-2024-vote-des-taux-dimposition","status":"publish","type":"page","link":"https:\/\/demainlargentiere.fr\/index.php\/cm-du-26-mars-2024-vote-des-taux-dimposition\/","title":{"rendered":"CM du 26 mars 2024 : vote des taux d&rsquo;imposition"},"content":{"rendered":"\n<figure class=\"wp-block-image size-full\"><img loading=\"lazy\" decoding=\"async\" width=\"577\" height=\"256\" src=\"http:\/\/demainlargentiere.fr\/wp-content\/uploads\/2024\/03\/ODJ.jpg\" alt=\"\" class=\"wp-image-4856\" srcset=\"https:\/\/demainlargentiere.fr\/wp-content\/uploads\/2024\/03\/ODJ.jpg 577w, https:\/\/demainlargentiere.fr\/wp-content\/uploads\/2024\/03\/ODJ-300x133.jpg 300w\" sizes=\"auto, (max-width: 577px) 100vw, 577px\" \/><\/figure>\n\n\n\n<h3 class=\"wp-block-heading\">Podcast<\/h3>\n\n\n\n<figure class=\"wp-block-audio\"><audio controls src=\"http:\/\/demainlargentiere.fr\/wp-content\/uploads\/2024\/03\/30-conseil-muni-26-03-24-2.mp3\"><\/audio><\/figure>\n\n\n\n<h3 class=\"wp-block-heading\">Prises de paroles<\/h3>\n\n\n\n<p><strong>Taux d\u2019imposition 2024<\/strong><\/p>\n\n\n\n<p>Ils demeurent inchang\u00e9s pour cette ann\u00e9e tr\u00e8s compliqu\u00e9e pour les foyers du fait de l\u2019inflation.<\/p>\n\n\n\n<p>Pour faire suite \u00e0 l\u2019\u00e9change sur les taxes et la dette :<\/p>\n\n\n\n<p>Le conseiller municipal en charge des finances a souhait\u00e9 r\u00e9pondre \u00e0 notre article paru dans le Mine d\u2019infos de f\u00e9vrier 2024, car selon lui ce que nous avons avanc\u00e9 n\u2019est pas tout \u00e0 fait juste. Cependant notre article est bas\u00e9 sur des \u00e9l\u00e9ments factuels issus de sources officielles, \u00e0 savoir les chiffres publi\u00e9s par l\u2019\u00c9tat (voir <a href=\"https:\/\/www.impots.gouv.fr\/cll\/zf1\/accueil\/flux.ex?_flowId=accueilcclloc-flow\">ici<\/a>). Il souligne que l\u2019\u00e9volution des bases est de 4,2%. Apr\u00e8s v\u00e9rification cette \u00e9volution n\u2019est que de 3,9% (contre 7,1% en 2023).<\/p>\n\n\n\n<p>Concernant l\u2019\u00e9change s\u00e9mantique sur la \u201cdette\u201d et l\u2019\u201demprunt\u201d, cette distinction ne figure pas dans la maquette budg\u00e9taire o\u00f9 il est bien \u00e9crit \u00ab&nbsp;encours de la DETTE&nbsp;\u00bb. C\u2019est sur cette donn\u00e9e que nous avons construit le graphique du Mine d\u2019infos, reprenant la terminologie privil\u00e9gi\u00e9e en comptabilit\u00e9 publique.<\/p>\n\n\n\n<p>Nous notons que la tr\u00e9sorerie s\u2019est effectivement am\u00e9lior\u00e9e depuis 2 ans (aucun nouvel emprunt souscrit) et nous nous en r\u00e9jouissons.<\/p>\n\n\n\n<p>Sur les risques en urbanisme : toutes les communes sont de plus \u00e0 plus expos\u00e9es \u00e0 des risques formalis\u00e9s dans des plans de pr\u00e9vention ou des porter \u00e0 connaissance de l\u2019Etat (risques miniers, inondation, feux de for\u00eats, etc.). Et que cela n\u2019est pas sp\u00e9cifique \u00e0 Largenti\u00e8re mais valable pour toutes les communes.<\/p>\n\n\n\n<p>Nous avons propos\u00e9 l\u2019instauration de la taxe sur les logements vacants&nbsp;: elle serait appliqu\u00e9e aux propri\u00e9taires de logements vacants depuis plus de deux ans. Notre commune comprend 17% de logements vacants selon l\u2019INSEE, particuli\u00e8rement marqu\u00e9e dans le centre ancien, soit plus de 200 logements. Cette situation est dommageable pour notre patrimoine, pour la vie locale et pour toutes celles et ceux qui cherchent un logement.<\/p>\n\n\n\n<p>Nous pensons que cet outil fiscal peut \u00eatre un levier parmi d\u2019autres pour que ces logements sortent de la vacance et retrouvent vie, entra\u00eenant de fait une augmentation de la population et des recettes au b\u00e9n\u00e9fice direct de la commune. Rappelons qu\u2019un logement vacant qui se d\u00e9grade au point de menacer de tomber en ruine peut induire un co\u00fbt important pour la collectivit\u00e9.<\/p>\n\n\n\n<p><strong>Une association \u00e0 l\u2019\u00e9cole<\/strong><\/p>\n\n\n\n<p>Nous affirmons depuis toujours notre soutien au tissu associatif local. Le d\u00e9bat ne se situe pas du tout sur les activit\u00e9s de l\u2019association en question, dont nous n\u2019avons remis en cause ni les valeurs, ni les comp\u00e9tences, ni son int\u00e9grit\u00e9 ou celle de ses membres. Les interrogations soulev\u00e9es proviennent uniquement du lieu d\u2019implantation de l\u2019activit\u00e9 propos\u00e9e : l\u2019\u00e9cole publique, qui selon nous est un lieu \u00e0 part et \u00e0 pr\u00e9server, ce qui explique notre vigilance. Nous rappelons que ces questions se seraient pos\u00e9es avec n\u2019importe quelle autre association qui aurait \u00e9mis le souhait d\u2019int\u00e9grer les locaux de notre \u00e9cole, de surcro\u00eet parce que c\u2019\u00e9tait la premi\u00e8re fois que cette situation se pr\u00e9sentait. Par ailleurs, nous regrettons le manque de transparence aupr\u00e8s des \u00e9lus d\u2019opposition, sensibles \u00e0 cette question, mais \u00e9galement un manque d\u2019information aupr\u00e8s du tissu associatif local.<\/p>\n\n\n\n<p><strong>Questions diverses<\/strong><\/p>\n\n\n\n<p>Nous avons abord\u00e9 plusieurs questions : subventions pour le jardin public, tarifs des abonnements \u00e0 la m\u00e9diath\u00e8que, d\u00e9ploiement de composteurs en centre ville, dispositif \u201ccantine \u00e0 1\u20ac\u201d, sens interdit de la mont\u00e9e \u00e0 l\u2019\u00e9glise peu respect\u00e9, prises de parole du public \u00e0 l\u2019issue du conseil municipal&#8230;<\/p>\n\n\n\n<p><\/p>\n","protected":false},"excerpt":{"rendered":"<p>Podcast Prises de paroles Taux d\u2019imposition 2024 Ils demeurent inchang\u00e9s pour cette ann\u00e9e tr\u00e8s compliqu\u00e9e pour les foyers du fait de l\u2019inflation. Pour faire suite \u00e0 l\u2019\u00e9change sur les taxes et la dette : Le conseiller municipal en charge des finances a souhait\u00e9 r\u00e9pondre \u00e0 notre article paru dans le Mine d\u2019infos de f\u00e9vrier 2024, &hellip; <\/p>\n<p class=\"link-more\"><a href=\"https:\/\/demainlargentiere.fr\/index.php\/cm-du-26-mars-2024-vote-des-taux-dimposition\/\" class=\"more-link\">Continuer la lecture <span class=\"screen-reader-text\"> \u00ab\u00a0CM du 26 mars 2024 : vote des taux d&rsquo;imposition\u00a0\u00bb<\/span><\/a><\/p>\n","protected":false},"author":2,"featured_media":0,"parent":0,"menu_order":0,"comment_status":"closed","ping_status":"closed","template":"","meta":{"ngg_post_thumbnail":0,"footnotes":""},"class_list":["post-4855","page","type-page","status-publish","hentry","entry"],"yoast_head":"<!-- This site is optimized with the Yoast SEO plugin v27.4 - https:\/\/yoast.com\/product\/yoast-seo-wordpress\/ -->\n<title>CM du 26 mars 2024 : vote des taux d&#039;imposition - Demain LARGENTIERE !<\/title>\n<meta name=\"robots\" content=\"index, follow, max-snippet:-1, max-image-preview:large, max-video-preview:-1\" \/>\n<link rel=\"canonical\" href=\"https:\/\/demainlargentiere.fr\/index.php\/cm-du-26-mars-2024-vote-des-taux-dimposition\/\" \/>\n<meta property=\"og:locale\" content=\"fr_FR\" \/>\n<meta property=\"og:type\" content=\"article\" \/>\n<meta property=\"og:title\" content=\"CM du 26 mars 2024 : vote des taux d&#039;imposition - Demain LARGENTIERE !\" \/>\n<meta property=\"og:description\" content=\"Podcast Prises de paroles Taux d\u2019imposition 2024 Ils demeurent inchang\u00e9s pour cette ann\u00e9e tr\u00e8s compliqu\u00e9e pour les foyers du fait de l\u2019inflation. Pour faire suite \u00e0 l\u2019\u00e9change sur les taxes et la dette : Le conseiller municipal en charge des finances a souhait\u00e9 r\u00e9pondre \u00e0 notre article paru dans le Mine d\u2019infos de f\u00e9vrier 2024, &hellip; Continuer la lecture \u00ab\u00a0CM du 26 mars 2024 : vote des taux d&rsquo;imposition\u00a0\u00bb\" \/>\n<meta property=\"og:url\" content=\"https:\/\/demainlargentiere.fr\/index.php\/cm-du-26-mars-2024-vote-des-taux-dimposition\/\" \/>\n<meta property=\"og:site_name\" content=\"Demain LARGENTIERE !\" \/>\n<meta property=\"article:publisher\" content=\"https:\/\/www.facebook.com\/DemainLargentiere\/\" \/>\n<meta property=\"article:modified_time\" content=\"2024-03-28T22:00:33+00:00\" \/>\n<meta property=\"og:image\" content=\"http:\/\/demainlargentiere.fr\/wp-content\/uploads\/2024\/03\/ODJ.jpg\" \/>\n<meta name=\"twitter:card\" content=\"summary_large_image\" \/>\n<meta name=\"twitter:label1\" content=\"Dur\u00e9e de lecture estim\u00e9e\" \/>\n\t<meta name=\"twitter:data1\" content=\"3 minutes\" \/>\n<script type=\"application\/ld+json\" class=\"yoast-schema-graph\">{\"@context\":\"https:\\\/\\\/schema.org\",\"@graph\":[{\"@type\":\"WebPage\",\"@id\":\"https:\\\/\\\/demainlargentiere.fr\\\/index.php\\\/cm-du-26-mars-2024-vote-des-taux-dimposition\\\/\",\"url\":\"https:\\\/\\\/demainlargentiere.fr\\\/index.php\\\/cm-du-26-mars-2024-vote-des-taux-dimposition\\\/\",\"name\":\"CM du 26 mars 2024 : vote des taux d'imposition - Demain LARGENTIERE !\",\"isPartOf\":{\"@id\":\"http:\\\/\\\/demainlargentiere.fr\\\/#website\"},\"primaryImageOfPage\":{\"@id\":\"https:\\\/\\\/demainlargentiere.fr\\\/index.php\\\/cm-du-26-mars-2024-vote-des-taux-dimposition\\\/#primaryimage\"},\"image\":{\"@id\":\"https:\\\/\\\/demainlargentiere.fr\\\/index.php\\\/cm-du-26-mars-2024-vote-des-taux-dimposition\\\/#primaryimage\"},\"thumbnailUrl\":\"http:\\\/\\\/demainlargentiere.fr\\\/wp-content\\\/uploads\\\/2024\\\/03\\\/ODJ.jpg\",\"datePublished\":\"2024-03-28T08:47:45+00:00\",\"dateModified\":\"2024-03-28T22:00:33+00:00\",\"breadcrumb\":{\"@id\":\"https:\\\/\\\/demainlargentiere.fr\\\/index.php\\\/cm-du-26-mars-2024-vote-des-taux-dimposition\\\/#breadcrumb\"},\"inLanguage\":\"fr-FR\",\"potentialAction\":[{\"@type\":\"ReadAction\",\"target\":[\"https:\\\/\\\/demainlargentiere.fr\\\/index.php\\\/cm-du-26-mars-2024-vote-des-taux-dimposition\\\/\"]}]},{\"@type\":\"ImageObject\",\"inLanguage\":\"fr-FR\",\"@id\":\"https:\\\/\\\/demainlargentiere.fr\\\/index.php\\\/cm-du-26-mars-2024-vote-des-taux-dimposition\\\/#primaryimage\",\"url\":\"https:\\\/\\\/demainlargentiere.fr\\\/wp-content\\\/uploads\\\/2024\\\/03\\\/ODJ.jpg\",\"contentUrl\":\"https:\\\/\\\/demainlargentiere.fr\\\/wp-content\\\/uploads\\\/2024\\\/03\\\/ODJ.jpg\",\"width\":577,\"height\":256},{\"@type\":\"BreadcrumbList\",\"@id\":\"https:\\\/\\\/demainlargentiere.fr\\\/index.php\\\/cm-du-26-mars-2024-vote-des-taux-dimposition\\\/#breadcrumb\",\"itemListElement\":[{\"@type\":\"ListItem\",\"position\":1,\"name\":\"Accueil\",\"item\":\"https:\\\/\\\/demainlargentiere.fr\\\/\"},{\"@type\":\"ListItem\",\"position\":2,\"name\":\"CM du 26 mars 2024 : vote des taux d&rsquo;imposition\"}]},{\"@type\":\"WebSite\",\"@id\":\"http:\\\/\\\/demainlargentiere.fr\\\/#website\",\"url\":\"http:\\\/\\\/demainlargentiere.fr\\\/\",\"name\":\"Demain LARGENTIERE !\",\"description\":\"Ensemble, cr\u00e9ons demain.\",\"publisher\":{\"@id\":\"http:\\\/\\\/demainlargentiere.fr\\\/#organization\"},\"potentialAction\":[{\"@type\":\"SearchAction\",\"target\":{\"@type\":\"EntryPoint\",\"urlTemplate\":\"http:\\\/\\\/demainlargentiere.fr\\\/?s={search_term_string}\"},\"query-input\":{\"@type\":\"PropertyValueSpecification\",\"valueRequired\":true,\"valueName\":\"search_term_string\"}}],\"inLanguage\":\"fr-FR\"},{\"@type\":\"Organization\",\"@id\":\"http:\\\/\\\/demainlargentiere.fr\\\/#organization\",\"name\":\"DemainLargentiere\",\"url\":\"http:\\\/\\\/demainlargentiere.fr\\\/\",\"logo\":{\"@type\":\"ImageObject\",\"inLanguage\":\"fr-FR\",\"@id\":\"http:\\\/\\\/demainlargentiere.fr\\\/#\\\/schema\\\/logo\\\/image\\\/\",\"url\":\"http:\\\/\\\/demainlargentiere.fr\\\/wp-content\\\/uploads\\\/2020\\\/02\\\/logo-250x250-1.png\",\"contentUrl\":\"http:\\\/\\\/demainlargentiere.fr\\\/wp-content\\\/uploads\\\/2020\\\/02\\\/logo-250x250-1.png\",\"width\":250,\"height\":250,\"caption\":\"DemainLargentiere\"},\"image\":{\"@id\":\"http:\\\/\\\/demainlargentiere.fr\\\/#\\\/schema\\\/logo\\\/image\\\/\"},\"sameAs\":[\"https:\\\/\\\/www.facebook.com\\\/DemainLargentiere\\\/\"]}]}<\/script>\n<!-- \/ Yoast SEO plugin. -->","yoast_head_json":{"title":"CM du 26 mars 2024 : vote des taux d'imposition - Demain LARGENTIERE !","robots":{"index":"index","follow":"follow","max-snippet":"max-snippet:-1","max-image-preview":"max-image-preview:large","max-video-preview":"max-video-preview:-1"},"canonical":"https:\/\/demainlargentiere.fr\/index.php\/cm-du-26-mars-2024-vote-des-taux-dimposition\/","og_locale":"fr_FR","og_type":"article","og_title":"CM du 26 mars 2024 : vote des taux d'imposition - Demain LARGENTIERE !","og_description":"Podcast Prises de paroles Taux d\u2019imposition 2024 Ils demeurent inchang\u00e9s pour cette ann\u00e9e tr\u00e8s compliqu\u00e9e pour les foyers du fait de l\u2019inflation. Pour faire suite \u00e0 l\u2019\u00e9change sur les taxes et la dette : Le conseiller municipal en charge des finances a souhait\u00e9 r\u00e9pondre \u00e0 notre article paru dans le Mine d\u2019infos de f\u00e9vrier 2024, &hellip; Continuer la lecture \u00ab\u00a0CM du 26 mars 2024 : vote des taux d&rsquo;imposition\u00a0\u00bb","og_url":"https:\/\/demainlargentiere.fr\/index.php\/cm-du-26-mars-2024-vote-des-taux-dimposition\/","og_site_name":"Demain LARGENTIERE !","article_publisher":"https:\/\/www.facebook.com\/DemainLargentiere\/","article_modified_time":"2024-03-28T22:00:33+00:00","og_image":[{"url":"http:\/\/demainlargentiere.fr\/wp-content\/uploads\/2024\/03\/ODJ.jpg","type":"","width":"","height":""}],"twitter_card":"summary_large_image","twitter_misc":{"Dur\u00e9e de lecture estim\u00e9e":"3 minutes"},"schema":{"@context":"https:\/\/schema.org","@graph":[{"@type":"WebPage","@id":"https:\/\/demainlargentiere.fr\/index.php\/cm-du-26-mars-2024-vote-des-taux-dimposition\/","url":"https:\/\/demainlargentiere.fr\/index.php\/cm-du-26-mars-2024-vote-des-taux-dimposition\/","name":"CM du 26 mars 2024 : vote des taux d'imposition - Demain LARGENTIERE !","isPartOf":{"@id":"http:\/\/demainlargentiere.fr\/#website"},"primaryImageOfPage":{"@id":"https:\/\/demainlargentiere.fr\/index.php\/cm-du-26-mars-2024-vote-des-taux-dimposition\/#primaryimage"},"image":{"@id":"https:\/\/demainlargentiere.fr\/index.php\/cm-du-26-mars-2024-vote-des-taux-dimposition\/#primaryimage"},"thumbnailUrl":"http:\/\/demainlargentiere.fr\/wp-content\/uploads\/2024\/03\/ODJ.jpg","datePublished":"2024-03-28T08:47:45+00:00","dateModified":"2024-03-28T22:00:33+00:00","breadcrumb":{"@id":"https:\/\/demainlargentiere.fr\/index.php\/cm-du-26-mars-2024-vote-des-taux-dimposition\/#breadcrumb"},"inLanguage":"fr-FR","potentialAction":[{"@type":"ReadAction","target":["https:\/\/demainlargentiere.fr\/index.php\/cm-du-26-mars-2024-vote-des-taux-dimposition\/"]}]},{"@type":"ImageObject","inLanguage":"fr-FR","@id":"https:\/\/demainlargentiere.fr\/index.php\/cm-du-26-mars-2024-vote-des-taux-dimposition\/#primaryimage","url":"https:\/\/demainlargentiere.fr\/wp-content\/uploads\/2024\/03\/ODJ.jpg","contentUrl":"https:\/\/demainlargentiere.fr\/wp-content\/uploads\/2024\/03\/ODJ.jpg","width":577,"height":256},{"@type":"BreadcrumbList","@id":"https:\/\/demainlargentiere.fr\/index.php\/cm-du-26-mars-2024-vote-des-taux-dimposition\/#breadcrumb","itemListElement":[{"@type":"ListItem","position":1,"name":"Accueil","item":"https:\/\/demainlargentiere.fr\/"},{"@type":"ListItem","position":2,"name":"CM du 26 mars 2024 : vote des taux d&rsquo;imposition"}]},{"@type":"WebSite","@id":"http:\/\/demainlargentiere.fr\/#website","url":"http:\/\/demainlargentiere.fr\/","name":"Demain LARGENTIERE !","description":"Ensemble, cr\u00e9ons demain.","publisher":{"@id":"http:\/\/demainlargentiere.fr\/#organization"},"potentialAction":[{"@type":"SearchAction","target":{"@type":"EntryPoint","urlTemplate":"http:\/\/demainlargentiere.fr\/?s={search_term_string}"},"query-input":{"@type":"PropertyValueSpecification","valueRequired":true,"valueName":"search_term_string"}}],"inLanguage":"fr-FR"},{"@type":"Organization","@id":"http:\/\/demainlargentiere.fr\/#organization","name":"DemainLargentiere","url":"http:\/\/demainlargentiere.fr\/","logo":{"@type":"ImageObject","inLanguage":"fr-FR","@id":"http:\/\/demainlargentiere.fr\/#\/schema\/logo\/image\/","url":"http:\/\/demainlargentiere.fr\/wp-content\/uploads\/2020\/02\/logo-250x250-1.png","contentUrl":"http:\/\/demainlargentiere.fr\/wp-content\/uploads\/2020\/02\/logo-250x250-1.png","width":250,"height":250,"caption":"DemainLargentiere"},"image":{"@id":"http:\/\/demainlargentiere.fr\/#\/schema\/logo\/image\/"},"sameAs":["https:\/\/www.facebook.com\/DemainLargentiere\/"]}]}},"_links":{"self":[{"href":"https:\/\/demainlargentiere.fr\/index.php\/wp-json\/wp\/v2\/pages\/4855","targetHints":{"allow":["GET"]}}],"collection":[{"href":"https:\/\/demainlargentiere.fr\/index.php\/wp-json\/wp\/v2\/pages"}],"about":[{"href":"https:\/\/demainlargentiere.fr\/index.php\/wp-json\/wp\/v2\/types\/page"}],"author":[{"embeddable":true,"href":"https:\/\/demainlargentiere.fr\/index.php\/wp-json\/wp\/v2\/users\/2"}],"replies":[{"embeddable":true,"href":"https:\/\/demainlargentiere.fr\/index.php\/wp-json\/wp\/v2\/comments?post=4855"}],"version-history":[{"count":7,"href":"https:\/\/demainlargentiere.fr\/index.php\/wp-json\/wp\/v2\/pages\/4855\/revisions"}],"predecessor-version":[{"id":4869,"href":"https:\/\/demainlargentiere.fr\/index.php\/wp-json\/wp\/v2\/pages\/4855\/revisions\/4869"}],"wp:attachment":[{"href":"https:\/\/demainlargentiere.fr\/index.php\/wp-json\/wp\/v2\/media?parent=4855"}],"curies":[{"name":"wp","href":"https:\/\/api.w.org\/{rel}","templated":true}]}}