{"id":5117,"date":"2025-02-10T09:20:08","date_gmt":"2025-02-10T08:20:08","guid":{"rendered":"http:\/\/demainlargentiere.fr\/?page_id=5117"},"modified":"2025-02-10T16:04:35","modified_gmt":"2025-02-10T15:04:35","slug":"cm-du-17-decembre-2024-demandes-et-convention-petits-dej","status":"publish","type":"page","link":"https:\/\/demainlargentiere.fr\/index.php\/cm-du-17-decembre-2024-demandes-et-convention-petits-dej\/","title":{"rendered":"CM du 17 d\u00e9cembre 2024 : demandes et convention petits d\u00e9j."},"content":{"rendered":"\n<figure class=\"wp-block-image size-full\"><img loading=\"lazy\" decoding=\"async\" width=\"514\" height=\"720\" src=\"http:\/\/demainlargentiere.fr\/wp-content\/uploads\/2025\/02\/469939797_906383341682442_5411803112434090029_n.jpg\" alt=\"\" class=\"wp-image-5118\" srcset=\"https:\/\/demainlargentiere.fr\/wp-content\/uploads\/2025\/02\/469939797_906383341682442_5411803112434090029_n.jpg 514w, https:\/\/demainlargentiere.fr\/wp-content\/uploads\/2025\/02\/469939797_906383341682442_5411803112434090029_n-214x300.jpg 214w\" sizes=\"auto, (max-width: 514px) 100vw, 514px\" \/><\/figure>\n\n\n\n<h4 class=\"wp-block-heading\">Nos prises de paroles<\/h4>\n\n\n\n<p>&#8211; Nous nous sommes abstenues sur les 2 demandes de subventions concernant des travaux d\u2019am\u00e9nagements envisag\u00e9s avenue des Marronniers et pour des travaux de voirie pour mise en s\u00e9curit\u00e9 devant le Tribunal ainsi que la cr\u00e9ation d\u2019un parvis.<\/p>\n\n\n\n<p>L\u2019am\u00e9nagement de l\u2019avenue des Marronniers \u00e9tait un engagement de la majorit\u00e9 lors du mandat pr\u00e9c\u00e9dent, mais n\u2019avait pas \u00e9t\u00e9 r\u00e9alis\u00e9 par manque de financement.<\/p>\n\n\n\n<p>La derni\u00e8re commission \u00ab&nbsp;patrimoine, bourg centre, travaux et environnement&nbsp;\u00bb o\u00f9 si\u00e8ge une de nos \u00e9lues s\u2019est tenue le 5 avril, commission durant laquelle seuls les travaux de l\u2019avenue des marronniers ont \u00e9t\u00e9 mentionn\u00e9s.<\/p>\n\n\n\n<p>Nous ne sommes \u00e9videment pas oppos\u00e9s \u00e0 ces travaux, particuli\u00e8rement n\u00e9cessaires et pressants. Cependant, une fois de plus et malgr\u00e9 nos demandes, il ne nous a pas \u00e9t\u00e9 transmis pour \u00e9tude, avant le conseil municipal, ni les plans de ces am\u00e9nagements ni leurs plans de financement.<\/p>\n\n\n\n<p>Et nous craignons que, comme les ann\u00e9es pr\u00e9c\u00e9dentes depuis le d\u00e9but du mandat, la majorit\u00e9 d\u00e9cide de basculer une part de la dotation de fonctionnement au chapitre des investissements afin d\u2019abonder un budget investissement en d\u00e9s\u00e9quilibre constant.<\/p>\n\n\n\n<p>&#8212;&#8212;&#8212;&#8212;&#8212;&#8212;<\/p>\n\n\n\n<p>En questions diverses&nbsp;, nous avons signal\u00e9 que <strong>certains comptes rendus de conseils municipaux ainsi que les listes des d\u00e9lib\u00e9rations ne sont plus affich\u00e9s sur le site internet depuis cet \u00e9t\u00e9<\/strong>, ce qui pose un probl\u00e8me r\u00e9glementaire car cela emp\u00eache les citoyens d\u2019\u00eatre inform\u00e9s et de proc\u00e9der \u00e0 d\u2019\u00e9ventuels recours.<\/p>\n\n\n\n<p>Nous avons ainsi appris que le prestataire g\u00e9rant le site internet de la commune ne donnait pas satisfaction et qu\u2019il \u00e9tait envisag\u00e9 d\u2019en changer.<\/p>\n\n\n\n<p>Sans bien sur que soit consult\u00e9 la commission \u00ab&nbsp;communication, animations, festivit\u00e9s&nbsp;\u00bb&#8230;<\/p>\n\n\n\n<p>Nous avons \u00e9galement pr\u00e9cis\u00e9, que contrairement \u00e0 ce qui a \u00e9t\u00e9 dit lors du dernier conseil municipal, ce n\u2019est pas le PPRI (plan de pr\u00e9vention de risque inondation) qui interdit l\u2019installation du trap\u00e8ze volant, car ce type d\u2019am\u00e9nagement ne g\u00eane pas l\u2019\u00e9coulement de l\u2019eau en cas de crue.<\/p>\n\n\n\n<p>A notre question sur le courrier de riverains s\u2019inqui\u00e9tant d\u2018\u00e9ventuelles nuisances (sonores, pollution) autour du stade de la Prade avec l\u2019installation d\u2019une association de moto trial sur ce site, le maire nous a laconiquement r\u00e9pondu qu\u2019un permis d\u2019am\u00e9nager a \u00e9t\u00e9 d\u00e9pos\u00e9. Pas un mot sur l\u2019inqui\u00e9tude des riverains.<\/p>\n\n\n\n<h4 class=\"wp-block-heading\">Podcast du Conseil Municipal<\/h4>\n\n\n\n<p><\/p>\n\n\n\n<figure class=\"wp-block-audio\"><audio controls src=\"http:\/\/demainlargentiere.fr\/wp-content\/uploads\/2024\/12\/2024.17.12.CM_.mp3\"><\/audio><\/figure>\n","protected":false},"excerpt":{"rendered":"<p>Nos prises de paroles &#8211; Nous nous sommes abstenues sur les 2 demandes de subventions concernant des travaux d\u2019am\u00e9nagements envisag\u00e9s avenue des Marronniers et pour des travaux de voirie pour mise en s\u00e9curit\u00e9 devant le Tribunal ainsi que la cr\u00e9ation d\u2019un parvis. L\u2019am\u00e9nagement de l\u2019avenue des Marronniers \u00e9tait un engagement de la majorit\u00e9 lors du &hellip; <\/p>\n<p class=\"link-more\"><a href=\"https:\/\/demainlargentiere.fr\/index.php\/cm-du-17-decembre-2024-demandes-et-convention-petits-dej\/\" class=\"more-link\">Continuer la lecture <span class=\"screen-reader-text\"> \u00ab\u00a0CM du 17 d\u00e9cembre 2024 : demandes et convention petits d\u00e9j.\u00a0\u00bb<\/span><\/a><\/p>\n","protected":false},"author":2,"featured_media":0,"parent":0,"menu_order":0,"comment_status":"closed","ping_status":"closed","template":"","meta":{"ngg_post_thumbnail":0,"footnotes":""},"class_list":["post-5117","page","type-page","status-publish","hentry","entry"],"yoast_head":"<!-- This site is optimized with the Yoast SEO plugin v27.4 - https:\/\/yoast.com\/product\/yoast-seo-wordpress\/ -->\n<title>CM du 17 d\u00e9cembre 2024 : demandes et convention petits d\u00e9j. - Demain LARGENTIERE !<\/title>\n<meta name=\"robots\" content=\"index, follow, max-snippet:-1, max-image-preview:large, max-video-preview:-1\" \/>\n<link rel=\"canonical\" href=\"http:\/\/demainlargentiere.fr\/index.php\/cm-du-17-decembre-2024-demandes-et-convention-petits-dej\/\" \/>\n<meta property=\"og:locale\" content=\"fr_FR\" \/>\n<meta property=\"og:type\" content=\"article\" \/>\n<meta property=\"og:title\" content=\"CM du 17 d\u00e9cembre 2024 : demandes et convention petits d\u00e9j. - Demain LARGENTIERE !\" \/>\n<meta property=\"og:description\" content=\"Nos prises de paroles &#8211; Nous nous sommes abstenues sur les 2 demandes de subventions concernant des travaux d\u2019am\u00e9nagements envisag\u00e9s avenue des Marronniers et pour des travaux de voirie pour mise en s\u00e9curit\u00e9 devant le Tribunal ainsi que la cr\u00e9ation d\u2019un parvis. L\u2019am\u00e9nagement de l\u2019avenue des Marronniers \u00e9tait un engagement de la majorit\u00e9 lors du &hellip; Continuer la lecture \u00ab\u00a0CM du 17 d\u00e9cembre 2024 : demandes et convention petits d\u00e9j.\u00a0\u00bb\" \/>\n<meta property=\"og:url\" content=\"http:\/\/demainlargentiere.fr\/index.php\/cm-du-17-decembre-2024-demandes-et-convention-petits-dej\/\" \/>\n<meta property=\"og:site_name\" content=\"Demain LARGENTIERE !\" \/>\n<meta property=\"article:publisher\" content=\"https:\/\/www.facebook.com\/DemainLargentiere\/\" \/>\n<meta property=\"article:modified_time\" content=\"2025-02-10T15:04:35+00:00\" \/>\n<meta property=\"og:image\" content=\"http:\/\/demainlargentiere.fr\/wp-content\/uploads\/2025\/02\/469939797_906383341682442_5411803112434090029_n.jpg\" \/>\n<meta name=\"twitter:card\" content=\"summary_large_image\" \/>\n<meta name=\"twitter:label1\" content=\"Dur\u00e9e de lecture estim\u00e9e\" \/>\n\t<meta name=\"twitter:data1\" content=\"3 minutes\" \/>\n<script type=\"application\/ld+json\" class=\"yoast-schema-graph\">{\"@context\":\"https:\\\/\\\/schema.org\",\"@graph\":[{\"@type\":\"WebPage\",\"@id\":\"http:\\\/\\\/demainlargentiere.fr\\\/index.php\\\/cm-du-17-decembre-2024-demandes-et-convention-petits-dej\\\/\",\"url\":\"http:\\\/\\\/demainlargentiere.fr\\\/index.php\\\/cm-du-17-decembre-2024-demandes-et-convention-petits-dej\\\/\",\"name\":\"CM du 17 d\u00e9cembre 2024 : demandes et convention petits d\u00e9j. - Demain LARGENTIERE !\",\"isPartOf\":{\"@id\":\"http:\\\/\\\/demainlargentiere.fr\\\/#website\"},\"primaryImageOfPage\":{\"@id\":\"http:\\\/\\\/demainlargentiere.fr\\\/index.php\\\/cm-du-17-decembre-2024-demandes-et-convention-petits-dej\\\/#primaryimage\"},\"image\":{\"@id\":\"http:\\\/\\\/demainlargentiere.fr\\\/index.php\\\/cm-du-17-decembre-2024-demandes-et-convention-petits-dej\\\/#primaryimage\"},\"thumbnailUrl\":\"http:\\\/\\\/demainlargentiere.fr\\\/wp-content\\\/uploads\\\/2025\\\/02\\\/469939797_906383341682442_5411803112434090029_n.jpg\",\"datePublished\":\"2025-02-10T08:20:08+00:00\",\"dateModified\":\"2025-02-10T15:04:35+00:00\",\"breadcrumb\":{\"@id\":\"http:\\\/\\\/demainlargentiere.fr\\\/index.php\\\/cm-du-17-decembre-2024-demandes-et-convention-petits-dej\\\/#breadcrumb\"},\"inLanguage\":\"fr-FR\",\"potentialAction\":[{\"@type\":\"ReadAction\",\"target\":[\"http:\\\/\\\/demainlargentiere.fr\\\/index.php\\\/cm-du-17-decembre-2024-demandes-et-convention-petits-dej\\\/\"]}]},{\"@type\":\"ImageObject\",\"inLanguage\":\"fr-FR\",\"@id\":\"http:\\\/\\\/demainlargentiere.fr\\\/index.php\\\/cm-du-17-decembre-2024-demandes-et-convention-petits-dej\\\/#primaryimage\",\"url\":\"https:\\\/\\\/demainlargentiere.fr\\\/wp-content\\\/uploads\\\/2025\\\/02\\\/469939797_906383341682442_5411803112434090029_n.jpg\",\"contentUrl\":\"https:\\\/\\\/demainlargentiere.fr\\\/wp-content\\\/uploads\\\/2025\\\/02\\\/469939797_906383341682442_5411803112434090029_n.jpg\",\"width\":514,\"height\":720},{\"@type\":\"BreadcrumbList\",\"@id\":\"http:\\\/\\\/demainlargentiere.fr\\\/index.php\\\/cm-du-17-decembre-2024-demandes-et-convention-petits-dej\\\/#breadcrumb\",\"itemListElement\":[{\"@type\":\"ListItem\",\"position\":1,\"name\":\"Accueil\",\"item\":\"https:\\\/\\\/demainlargentiere.fr\\\/\"},{\"@type\":\"ListItem\",\"position\":2,\"name\":\"CM du 17 d\u00e9cembre 2024 : demandes et convention petits d\u00e9j.\"}]},{\"@type\":\"WebSite\",\"@id\":\"http:\\\/\\\/demainlargentiere.fr\\\/#website\",\"url\":\"http:\\\/\\\/demainlargentiere.fr\\\/\",\"name\":\"Demain LARGENTIERE !\",\"description\":\"Ensemble, cr\u00e9ons demain.\",\"publisher\":{\"@id\":\"http:\\\/\\\/demainlargentiere.fr\\\/#organization\"},\"potentialAction\":[{\"@type\":\"SearchAction\",\"target\":{\"@type\":\"EntryPoint\",\"urlTemplate\":\"http:\\\/\\\/demainlargentiere.fr\\\/?s={search_term_string}\"},\"query-input\":{\"@type\":\"PropertyValueSpecification\",\"valueRequired\":true,\"valueName\":\"search_term_string\"}}],\"inLanguage\":\"fr-FR\"},{\"@type\":\"Organization\",\"@id\":\"http:\\\/\\\/demainlargentiere.fr\\\/#organization\",\"name\":\"DemainLargentiere\",\"url\":\"http:\\\/\\\/demainlargentiere.fr\\\/\",\"logo\":{\"@type\":\"ImageObject\",\"inLanguage\":\"fr-FR\",\"@id\":\"http:\\\/\\\/demainlargentiere.fr\\\/#\\\/schema\\\/logo\\\/image\\\/\",\"url\":\"http:\\\/\\\/demainlargentiere.fr\\\/wp-content\\\/uploads\\\/2020\\\/02\\\/logo-250x250-1.png\",\"contentUrl\":\"http:\\\/\\\/demainlargentiere.fr\\\/wp-content\\\/uploads\\\/2020\\\/02\\\/logo-250x250-1.png\",\"width\":250,\"height\":250,\"caption\":\"DemainLargentiere\"},\"image\":{\"@id\":\"http:\\\/\\\/demainlargentiere.fr\\\/#\\\/schema\\\/logo\\\/image\\\/\"},\"sameAs\":[\"https:\\\/\\\/www.facebook.com\\\/DemainLargentiere\\\/\"]}]}<\/script>\n<!-- \/ Yoast SEO plugin. -->","yoast_head_json":{"title":"CM du 17 d\u00e9cembre 2024 : demandes et convention petits d\u00e9j. - Demain LARGENTIERE !","robots":{"index":"index","follow":"follow","max-snippet":"max-snippet:-1","max-image-preview":"max-image-preview:large","max-video-preview":"max-video-preview:-1"},"canonical":"http:\/\/demainlargentiere.fr\/index.php\/cm-du-17-decembre-2024-demandes-et-convention-petits-dej\/","og_locale":"fr_FR","og_type":"article","og_title":"CM du 17 d\u00e9cembre 2024 : demandes et convention petits d\u00e9j. - Demain LARGENTIERE !","og_description":"Nos prises de paroles &#8211; Nous nous sommes abstenues sur les 2 demandes de subventions concernant des travaux d\u2019am\u00e9nagements envisag\u00e9s avenue des Marronniers et pour des travaux de voirie pour mise en s\u00e9curit\u00e9 devant le Tribunal ainsi que la cr\u00e9ation d\u2019un parvis. L\u2019am\u00e9nagement de l\u2019avenue des Marronniers \u00e9tait un engagement de la majorit\u00e9 lors du &hellip; Continuer la lecture \u00ab\u00a0CM du 17 d\u00e9cembre 2024 : demandes et convention petits d\u00e9j.\u00a0\u00bb","og_url":"http:\/\/demainlargentiere.fr\/index.php\/cm-du-17-decembre-2024-demandes-et-convention-petits-dej\/","og_site_name":"Demain LARGENTIERE !","article_publisher":"https:\/\/www.facebook.com\/DemainLargentiere\/","article_modified_time":"2025-02-10T15:04:35+00:00","og_image":[{"url":"http:\/\/demainlargentiere.fr\/wp-content\/uploads\/2025\/02\/469939797_906383341682442_5411803112434090029_n.jpg","type":"","width":"","height":""}],"twitter_card":"summary_large_image","twitter_misc":{"Dur\u00e9e de lecture estim\u00e9e":"3 minutes"},"schema":{"@context":"https:\/\/schema.org","@graph":[{"@type":"WebPage","@id":"http:\/\/demainlargentiere.fr\/index.php\/cm-du-17-decembre-2024-demandes-et-convention-petits-dej\/","url":"http:\/\/demainlargentiere.fr\/index.php\/cm-du-17-decembre-2024-demandes-et-convention-petits-dej\/","name":"CM du 17 d\u00e9cembre 2024 : demandes et convention petits d\u00e9j. - Demain LARGENTIERE !","isPartOf":{"@id":"http:\/\/demainlargentiere.fr\/#website"},"primaryImageOfPage":{"@id":"http:\/\/demainlargentiere.fr\/index.php\/cm-du-17-decembre-2024-demandes-et-convention-petits-dej\/#primaryimage"},"image":{"@id":"http:\/\/demainlargentiere.fr\/index.php\/cm-du-17-decembre-2024-demandes-et-convention-petits-dej\/#primaryimage"},"thumbnailUrl":"http:\/\/demainlargentiere.fr\/wp-content\/uploads\/2025\/02\/469939797_906383341682442_5411803112434090029_n.jpg","datePublished":"2025-02-10T08:20:08+00:00","dateModified":"2025-02-10T15:04:35+00:00","breadcrumb":{"@id":"http:\/\/demainlargentiere.fr\/index.php\/cm-du-17-decembre-2024-demandes-et-convention-petits-dej\/#breadcrumb"},"inLanguage":"fr-FR","potentialAction":[{"@type":"ReadAction","target":["http:\/\/demainlargentiere.fr\/index.php\/cm-du-17-decembre-2024-demandes-et-convention-petits-dej\/"]}]},{"@type":"ImageObject","inLanguage":"fr-FR","@id":"http:\/\/demainlargentiere.fr\/index.php\/cm-du-17-decembre-2024-demandes-et-convention-petits-dej\/#primaryimage","url":"https:\/\/demainlargentiere.fr\/wp-content\/uploads\/2025\/02\/469939797_906383341682442_5411803112434090029_n.jpg","contentUrl":"https:\/\/demainlargentiere.fr\/wp-content\/uploads\/2025\/02\/469939797_906383341682442_5411803112434090029_n.jpg","width":514,"height":720},{"@type":"BreadcrumbList","@id":"http:\/\/demainlargentiere.fr\/index.php\/cm-du-17-decembre-2024-demandes-et-convention-petits-dej\/#breadcrumb","itemListElement":[{"@type":"ListItem","position":1,"name":"Accueil","item":"https:\/\/demainlargentiere.fr\/"},{"@type":"ListItem","position":2,"name":"CM du 17 d\u00e9cembre 2024 : demandes et convention petits d\u00e9j."}]},{"@type":"WebSite","@id":"http:\/\/demainlargentiere.fr\/#website","url":"http:\/\/demainlargentiere.fr\/","name":"Demain LARGENTIERE !","description":"Ensemble, cr\u00e9ons demain.","publisher":{"@id":"http:\/\/demainlargentiere.fr\/#organization"},"potentialAction":[{"@type":"SearchAction","target":{"@type":"EntryPoint","urlTemplate":"http:\/\/demainlargentiere.fr\/?s={search_term_string}"},"query-input":{"@type":"PropertyValueSpecification","valueRequired":true,"valueName":"search_term_string"}}],"inLanguage":"fr-FR"},{"@type":"Organization","@id":"http:\/\/demainlargentiere.fr\/#organization","name":"DemainLargentiere","url":"http:\/\/demainlargentiere.fr\/","logo":{"@type":"ImageObject","inLanguage":"fr-FR","@id":"http:\/\/demainlargentiere.fr\/#\/schema\/logo\/image\/","url":"http:\/\/demainlargentiere.fr\/wp-content\/uploads\/2020\/02\/logo-250x250-1.png","contentUrl":"http:\/\/demainlargentiere.fr\/wp-content\/uploads\/2020\/02\/logo-250x250-1.png","width":250,"height":250,"caption":"DemainLargentiere"},"image":{"@id":"http:\/\/demainlargentiere.fr\/#\/schema\/logo\/image\/"},"sameAs":["https:\/\/www.facebook.com\/DemainLargentiere\/"]}]}},"_links":{"self":[{"href":"https:\/\/demainlargentiere.fr\/index.php\/wp-json\/wp\/v2\/pages\/5117","targetHints":{"allow":["GET"]}}],"collection":[{"href":"https:\/\/demainlargentiere.fr\/index.php\/wp-json\/wp\/v2\/pages"}],"about":[{"href":"https:\/\/demainlargentiere.fr\/index.php\/wp-json\/wp\/v2\/types\/page"}],"author":[{"embeddable":true,"href":"https:\/\/demainlargentiere.fr\/index.php\/wp-json\/wp\/v2\/users\/2"}],"replies":[{"embeddable":true,"href":"https:\/\/demainlargentiere.fr\/index.php\/wp-json\/wp\/v2\/comments?post=5117"}],"version-history":[{"count":2,"href":"https:\/\/demainlargentiere.fr\/index.php\/wp-json\/wp\/v2\/pages\/5117\/revisions"}],"predecessor-version":[{"id":5170,"href":"https:\/\/demainlargentiere.fr\/index.php\/wp-json\/wp\/v2\/pages\/5117\/revisions\/5170"}],"wp:attachment":[{"href":"https:\/\/demainlargentiere.fr\/index.php\/wp-json\/wp\/v2\/media?parent=5117"}],"curies":[{"name":"wp","href":"https:\/\/api.w.org\/{rel}","templated":true}]}}