{"id":5227,"date":"2025-04-01T11:22:30","date_gmt":"2025-04-01T09:22:30","guid":{"rendered":"https:\/\/demainlargentiere.fr\/?page_id=5227"},"modified":"2025-04-04T15:25:16","modified_gmt":"2025-04-04T13:25:16","slug":"cm-du-31-mars-2025-compte-admin-et-impots-locaux","status":"publish","type":"page","link":"https:\/\/demainlargentiere.fr\/index.php\/cm-du-31-mars-2025-compte-admin-et-impots-locaux\/","title":{"rendered":"CM du 31 mars 2025 : compte admin et imp\u00f4ts locaux"},"content":{"rendered":"\n<figure class=\"wp-block-gallery has-nested-images columns-default is-cropped wp-block-gallery-1 is-layout-flex wp-block-gallery-is-layout-flex\">\n<figure class=\"wp-block-image size-large\"><img loading=\"lazy\" decoding=\"async\" width=\"884\" height=\"475\" data-id=\"5228\" src=\"https:\/\/demainlargentiere.fr\/wp-content\/uploads\/2025\/04\/LARGENTIERE-Conseil-Municipal-du-31.03.2025-villardmilene@gmail.com-Gmail-\u2014-Mozilla-Firefox.jpg\" alt=\"\" class=\"wp-image-5228\" srcset=\"https:\/\/demainlargentiere.fr\/wp-content\/uploads\/2025\/04\/LARGENTIERE-Conseil-Municipal-du-31.03.2025-villardmilene@gmail.com-Gmail-\u2014-Mozilla-Firefox.jpg 884w, https:\/\/demainlargentiere.fr\/wp-content\/uploads\/2025\/04\/LARGENTIERE-Conseil-Municipal-du-31.03.2025-villardmilene@gmail.com-Gmail-\u2014-Mozilla-Firefox-300x161.jpg 300w, https:\/\/demainlargentiere.fr\/wp-content\/uploads\/2025\/04\/LARGENTIERE-Conseil-Municipal-du-31.03.2025-villardmilene@gmail.com-Gmail-\u2014-Mozilla-Firefox-768x413.jpg 768w\" sizes=\"auto, (max-width: 884px) 100vw, 884px\" \/><\/figure>\n<\/figure>\n\n\n\n<h4 class=\"wp-block-heading\">Nos prises de parole, nos votes<\/h4>\n\n\n\n<p>Le conseil municipal de Largenti\u00e8re de ce lundi 31 mars contenait dans son ordre du jour les votes du compte de gestion et du compte administratif de l&rsquo;exercice 2024, ainsi que l&rsquo;affectation du r\u00e9sultat.<\/p>\n\n\n\n<p>Si les \u00e9lues du groupe d&rsquo;opposition de Demain Largenti\u00e8re ont vot\u00e9 favorablement pour les deux comptes pr\u00e9sent\u00e9s, comme il en est d&rsquo;usage car il s&rsquo;agit d&rsquo;approuver la sinc\u00e9rit\u00e9 des comptes et non l&rsquo;usage qui a \u00e9t\u00e9 fait des deniers municipaux, elles ont en revanche vot\u00e9 contre l&rsquo;affectation du r\u00e9sultat. Le compte administratif t\u00e9moigne de la volont\u00e9 de la municipalit\u00e9 de comprimer les d\u00e9penses de fonctionnement afin de d\u00e9gager des man\u0153uvres en mati\u00e8re d&rsquo;investissement.<\/p>\n\n\n\n<p>C\u00f4t\u00e9 vie locale, une convention a \u00e9t\u00e9 valid\u00e9e pour une occupation temporaire des locaux de la biblioth\u00e8que les vendredis soirs et samedis par l&rsquo;association culturelle Seven&rsquo;Art, dans le but de proposer des ateliers musicaux et artistiques anim\u00e9s par des b\u00e9n\u00e9voles qui a \u00e9t\u00e9 bien accueilli par l&rsquo;ensemble des \u00e9lus.<\/p>\n\n\n\n<p>Lors des questions diverses, les \u00e9lues d&rsquo;opposition ont questionn\u00e9 le Maire au sujet de l&rsquo;avancement de deux projets. D&rsquo;une part, celui du projet au ch\u00e2teau, o\u00f9 Jean-Roger Durand pr\u00e9cise que les travaux d\u00e9buteront le 04 juillet. \u00c0 savoir que cette premi\u00e8re tranche consiste en la d\u00e9molition (retrait des doubles plafonds et cloisons) et le d\u00e9samiantage \u00e0 l&rsquo;int\u00e9rieur du monument.<br>D&rsquo;autre part, celui de l&rsquo;occupation du stade de la Prade par une association de sports m\u00e9caniques. En effet, cette occupation qui fait l\u2019objet d\u2019une convention ne peut \u00eatre mise en application sans l&rsquo;obtention du permis d&rsquo;am\u00e9nager. Concernant ce dernier, ce sera \u00ab\u00a0compliqu\u00e9\u00a0\u00bb souligne le maire.<br>Une des \u00e9lues de Demain Largenti\u00e8re met l&rsquo;accent sur le d\u00e9p\u00f4t de gravats et m\u00eame de d\u00e9chets routiers, aussit\u00f4t recouverts de terre, dont le stade a fait l&rsquo;objet avant m\u00eame l&rsquo;autorisation du permis d&rsquo;am\u00e9nager. La majorit\u00e9 a annonc\u00e9 \u00e9tudier cette situation pr\u00e9occupante concernant les gravats.<\/p>\n\n\n\n<h4 class=\"wp-block-heading\">Le podcast du conseil municipal<\/h4>\n\n\n\n<figure class=\"wp-block-audio\"><audio controls src=\"http:\/\/demainlargentiere.fr\/wp-content\/uploads\/2025\/04\/CM31mars25.mp3\"><\/audio><\/figure>\n\n\n\n<h4 class=\"wp-block-heading\">Retour presse<\/h4>\n\n\n\n<figure class=\"wp-block-image size-large is-resized\"><img loading=\"lazy\" decoding=\"async\" src=\"http:\/\/demainlargentiere.fr\/wp-content\/uploads\/2025\/04\/presse-e1743771466909-1024x1012.jpg\" alt=\"\" class=\"wp-image-5237\" width=\"421\" height=\"416\" srcset=\"https:\/\/demainlargentiere.fr\/wp-content\/uploads\/2025\/04\/presse-e1743771466909-1024x1012.jpg 1024w, https:\/\/demainlargentiere.fr\/wp-content\/uploads\/2025\/04\/presse-e1743771466909-300x296.jpg 300w, https:\/\/demainlargentiere.fr\/wp-content\/uploads\/2025\/04\/presse-e1743771466909-768x759.jpg 768w, https:\/\/demainlargentiere.fr\/wp-content\/uploads\/2025\/04\/presse-e1743771466909.jpg 1336w\" sizes=\"auto, (max-width: 421px) 100vw, 421px\" \/><figcaption class=\"wp-element-caption\">A lire en entier sur le Dauphin\u00e9 : <a href=\"https:\/\/www.ledauphine.com\/politique\/2025\/04\/03\/l-elue-nathalie-porquet-demissionne\" target=\"_blank\" rel=\"noreferrer noopener\">https:\/\/www.ledauphine.com\/politique\/2025\/04\/03\/l-elue-nathalie-porquet-demissionne<\/a><\/figcaption><\/figure>\n\n\n\n<p><\/p>\n","protected":false},"excerpt":{"rendered":"<p>Nos prises de parole, nos votes Le conseil municipal de Largenti\u00e8re de ce lundi 31 mars contenait dans son ordre du jour les votes du compte de gestion et du compte administratif de l&rsquo;exercice 2024, ainsi que l&rsquo;affectation du r\u00e9sultat. Si les \u00e9lues du groupe d&rsquo;opposition de Demain Largenti\u00e8re ont vot\u00e9 favorablement pour les deux &hellip; <\/p>\n<p class=\"link-more\"><a href=\"https:\/\/demainlargentiere.fr\/index.php\/cm-du-31-mars-2025-compte-admin-et-impots-locaux\/\" class=\"more-link\">Continuer la lecture <span class=\"screen-reader-text\"> \u00ab\u00a0CM du 31 mars 2025 : compte admin et imp\u00f4ts locaux\u00a0\u00bb<\/span><\/a><\/p>\n","protected":false},"author":2,"featured_media":0,"parent":0,"menu_order":0,"comment_status":"closed","ping_status":"closed","template":"","meta":{"ngg_post_thumbnail":0,"footnotes":""},"class_list":["post-5227","page","type-page","status-publish","hentry","entry"],"yoast_head":"<!-- This site is optimized with the Yoast SEO plugin v27.4 - https:\/\/yoast.com\/product\/yoast-seo-wordpress\/ -->\n<title>CM du 31 mars 2025 : compte admin et imp\u00f4ts locaux - Demain LARGENTIERE !<\/title>\n<meta name=\"robots\" content=\"index, follow, max-snippet:-1, max-image-preview:large, max-video-preview:-1\" \/>\n<link rel=\"canonical\" href=\"https:\/\/demainlargentiere.fr\/index.php\/cm-du-31-mars-2025-compte-admin-et-impots-locaux\/\" \/>\n<meta property=\"og:locale\" content=\"fr_FR\" \/>\n<meta property=\"og:type\" content=\"article\" \/>\n<meta property=\"og:title\" content=\"CM du 31 mars 2025 : compte admin et imp\u00f4ts locaux - Demain LARGENTIERE !\" \/>\n<meta property=\"og:description\" content=\"Nos prises de parole, nos votes Le conseil municipal de Largenti\u00e8re de ce lundi 31 mars contenait dans son ordre du jour les votes du compte de gestion et du compte administratif de l&rsquo;exercice 2024, ainsi que l&rsquo;affectation du r\u00e9sultat. Si les \u00e9lues du groupe d&rsquo;opposition de Demain Largenti\u00e8re ont vot\u00e9 favorablement pour les deux &hellip; Continuer la lecture \u00ab\u00a0CM du 31 mars 2025 : compte admin et imp\u00f4ts locaux\u00a0\u00bb\" \/>\n<meta property=\"og:url\" content=\"https:\/\/demainlargentiere.fr\/index.php\/cm-du-31-mars-2025-compte-admin-et-impots-locaux\/\" \/>\n<meta property=\"og:site_name\" content=\"Demain LARGENTIERE !\" \/>\n<meta property=\"article:publisher\" content=\"https:\/\/www.facebook.com\/DemainLargentiere\/\" \/>\n<meta property=\"article:modified_time\" content=\"2025-04-04T13:25:16+00:00\" \/>\n<meta property=\"og:image\" content=\"http:\/\/demainlargentiere.fr\/wp-content\/uploads\/2025\/04\/presse-e1743771466909-1024x1012.jpg\" \/>\n<meta name=\"twitter:card\" content=\"summary_large_image\" \/>\n<meta name=\"twitter:label1\" content=\"Dur\u00e9e de lecture estim\u00e9e\" \/>\n\t<meta name=\"twitter:data1\" content=\"3 minutes\" \/>\n<script type=\"application\/ld+json\" class=\"yoast-schema-graph\">{\"@context\":\"https:\\\/\\\/schema.org\",\"@graph\":[{\"@type\":\"WebPage\",\"@id\":\"https:\\\/\\\/demainlargentiere.fr\\\/index.php\\\/cm-du-31-mars-2025-compte-admin-et-impots-locaux\\\/\",\"url\":\"https:\\\/\\\/demainlargentiere.fr\\\/index.php\\\/cm-du-31-mars-2025-compte-admin-et-impots-locaux\\\/\",\"name\":\"CM du 31 mars 2025 : compte admin et imp\u00f4ts locaux - Demain LARGENTIERE !\",\"isPartOf\":{\"@id\":\"http:\\\/\\\/demainlargentiere.fr\\\/#website\"},\"primaryImageOfPage\":{\"@id\":\"https:\\\/\\\/demainlargentiere.fr\\\/index.php\\\/cm-du-31-mars-2025-compte-admin-et-impots-locaux\\\/#primaryimage\"},\"image\":{\"@id\":\"https:\\\/\\\/demainlargentiere.fr\\\/index.php\\\/cm-du-31-mars-2025-compte-admin-et-impots-locaux\\\/#primaryimage\"},\"thumbnailUrl\":\"http:\\\/\\\/demainlargentiere.fr\\\/wp-content\\\/uploads\\\/2025\\\/04\\\/presse-e1743771466909-1024x1012.jpg\",\"datePublished\":\"2025-04-01T09:22:30+00:00\",\"dateModified\":\"2025-04-04T13:25:16+00:00\",\"breadcrumb\":{\"@id\":\"https:\\\/\\\/demainlargentiere.fr\\\/index.php\\\/cm-du-31-mars-2025-compte-admin-et-impots-locaux\\\/#breadcrumb\"},\"inLanguage\":\"fr-FR\",\"potentialAction\":[{\"@type\":\"ReadAction\",\"target\":[\"https:\\\/\\\/demainlargentiere.fr\\\/index.php\\\/cm-du-31-mars-2025-compte-admin-et-impots-locaux\\\/\"]}]},{\"@type\":\"ImageObject\",\"inLanguage\":\"fr-FR\",\"@id\":\"https:\\\/\\\/demainlargentiere.fr\\\/index.php\\\/cm-du-31-mars-2025-compte-admin-et-impots-locaux\\\/#primaryimage\",\"url\":\"http:\\\/\\\/demainlargentiere.fr\\\/wp-content\\\/uploads\\\/2025\\\/04\\\/presse-e1743771466909-1024x1012.jpg\",\"contentUrl\":\"http:\\\/\\\/demainlargentiere.fr\\\/wp-content\\\/uploads\\\/2025\\\/04\\\/presse-e1743771466909-1024x1012.jpg\"},{\"@type\":\"BreadcrumbList\",\"@id\":\"https:\\\/\\\/demainlargentiere.fr\\\/index.php\\\/cm-du-31-mars-2025-compte-admin-et-impots-locaux\\\/#breadcrumb\",\"itemListElement\":[{\"@type\":\"ListItem\",\"position\":1,\"name\":\"Accueil\",\"item\":\"https:\\\/\\\/demainlargentiere.fr\\\/\"},{\"@type\":\"ListItem\",\"position\":2,\"name\":\"CM du 31 mars 2025 : compte admin et imp\u00f4ts locaux\"}]},{\"@type\":\"WebSite\",\"@id\":\"http:\\\/\\\/demainlargentiere.fr\\\/#website\",\"url\":\"http:\\\/\\\/demainlargentiere.fr\\\/\",\"name\":\"Demain LARGENTIERE !\",\"description\":\"Ensemble, cr\u00e9ons demain.\",\"publisher\":{\"@id\":\"http:\\\/\\\/demainlargentiere.fr\\\/#organization\"},\"potentialAction\":[{\"@type\":\"SearchAction\",\"target\":{\"@type\":\"EntryPoint\",\"urlTemplate\":\"http:\\\/\\\/demainlargentiere.fr\\\/?s={search_term_string}\"},\"query-input\":{\"@type\":\"PropertyValueSpecification\",\"valueRequired\":true,\"valueName\":\"search_term_string\"}}],\"inLanguage\":\"fr-FR\"},{\"@type\":\"Organization\",\"@id\":\"http:\\\/\\\/demainlargentiere.fr\\\/#organization\",\"name\":\"DemainLargentiere\",\"url\":\"http:\\\/\\\/demainlargentiere.fr\\\/\",\"logo\":{\"@type\":\"ImageObject\",\"inLanguage\":\"fr-FR\",\"@id\":\"http:\\\/\\\/demainlargentiere.fr\\\/#\\\/schema\\\/logo\\\/image\\\/\",\"url\":\"http:\\\/\\\/demainlargentiere.fr\\\/wp-content\\\/uploads\\\/2020\\\/02\\\/logo-250x250-1.png\",\"contentUrl\":\"http:\\\/\\\/demainlargentiere.fr\\\/wp-content\\\/uploads\\\/2020\\\/02\\\/logo-250x250-1.png\",\"width\":250,\"height\":250,\"caption\":\"DemainLargentiere\"},\"image\":{\"@id\":\"http:\\\/\\\/demainlargentiere.fr\\\/#\\\/schema\\\/logo\\\/image\\\/\"},\"sameAs\":[\"https:\\\/\\\/www.facebook.com\\\/DemainLargentiere\\\/\"]}]}<\/script>\n<!-- \/ Yoast SEO plugin. -->","yoast_head_json":{"title":"CM du 31 mars 2025 : compte admin et imp\u00f4ts locaux - Demain LARGENTIERE !","robots":{"index":"index","follow":"follow","max-snippet":"max-snippet:-1","max-image-preview":"max-image-preview:large","max-video-preview":"max-video-preview:-1"},"canonical":"https:\/\/demainlargentiere.fr\/index.php\/cm-du-31-mars-2025-compte-admin-et-impots-locaux\/","og_locale":"fr_FR","og_type":"article","og_title":"CM du 31 mars 2025 : compte admin et imp\u00f4ts locaux - Demain LARGENTIERE !","og_description":"Nos prises de parole, nos votes Le conseil municipal de Largenti\u00e8re de ce lundi 31 mars contenait dans son ordre du jour les votes du compte de gestion et du compte administratif de l&rsquo;exercice 2024, ainsi que l&rsquo;affectation du r\u00e9sultat. Si les \u00e9lues du groupe d&rsquo;opposition de Demain Largenti\u00e8re ont vot\u00e9 favorablement pour les deux &hellip; Continuer la lecture \u00ab\u00a0CM du 31 mars 2025 : compte admin et imp\u00f4ts locaux\u00a0\u00bb","og_url":"https:\/\/demainlargentiere.fr\/index.php\/cm-du-31-mars-2025-compte-admin-et-impots-locaux\/","og_site_name":"Demain LARGENTIERE !","article_publisher":"https:\/\/www.facebook.com\/DemainLargentiere\/","article_modified_time":"2025-04-04T13:25:16+00:00","og_image":[{"url":"http:\/\/demainlargentiere.fr\/wp-content\/uploads\/2025\/04\/presse-e1743771466909-1024x1012.jpg","type":"","width":"","height":""}],"twitter_card":"summary_large_image","twitter_misc":{"Dur\u00e9e de lecture estim\u00e9e":"3 minutes"},"schema":{"@context":"https:\/\/schema.org","@graph":[{"@type":"WebPage","@id":"https:\/\/demainlargentiere.fr\/index.php\/cm-du-31-mars-2025-compte-admin-et-impots-locaux\/","url":"https:\/\/demainlargentiere.fr\/index.php\/cm-du-31-mars-2025-compte-admin-et-impots-locaux\/","name":"CM du 31 mars 2025 : compte admin et imp\u00f4ts locaux - Demain LARGENTIERE !","isPartOf":{"@id":"http:\/\/demainlargentiere.fr\/#website"},"primaryImageOfPage":{"@id":"https:\/\/demainlargentiere.fr\/index.php\/cm-du-31-mars-2025-compte-admin-et-impots-locaux\/#primaryimage"},"image":{"@id":"https:\/\/demainlargentiere.fr\/index.php\/cm-du-31-mars-2025-compte-admin-et-impots-locaux\/#primaryimage"},"thumbnailUrl":"http:\/\/demainlargentiere.fr\/wp-content\/uploads\/2025\/04\/presse-e1743771466909-1024x1012.jpg","datePublished":"2025-04-01T09:22:30+00:00","dateModified":"2025-04-04T13:25:16+00:00","breadcrumb":{"@id":"https:\/\/demainlargentiere.fr\/index.php\/cm-du-31-mars-2025-compte-admin-et-impots-locaux\/#breadcrumb"},"inLanguage":"fr-FR","potentialAction":[{"@type":"ReadAction","target":["https:\/\/demainlargentiere.fr\/index.php\/cm-du-31-mars-2025-compte-admin-et-impots-locaux\/"]}]},{"@type":"ImageObject","inLanguage":"fr-FR","@id":"https:\/\/demainlargentiere.fr\/index.php\/cm-du-31-mars-2025-compte-admin-et-impots-locaux\/#primaryimage","url":"http:\/\/demainlargentiere.fr\/wp-content\/uploads\/2025\/04\/presse-e1743771466909-1024x1012.jpg","contentUrl":"http:\/\/demainlargentiere.fr\/wp-content\/uploads\/2025\/04\/presse-e1743771466909-1024x1012.jpg"},{"@type":"BreadcrumbList","@id":"https:\/\/demainlargentiere.fr\/index.php\/cm-du-31-mars-2025-compte-admin-et-impots-locaux\/#breadcrumb","itemListElement":[{"@type":"ListItem","position":1,"name":"Accueil","item":"https:\/\/demainlargentiere.fr\/"},{"@type":"ListItem","position":2,"name":"CM du 31 mars 2025 : compte admin et imp\u00f4ts locaux"}]},{"@type":"WebSite","@id":"http:\/\/demainlargentiere.fr\/#website","url":"http:\/\/demainlargentiere.fr\/","name":"Demain LARGENTIERE !","description":"Ensemble, cr\u00e9ons demain.","publisher":{"@id":"http:\/\/demainlargentiere.fr\/#organization"},"potentialAction":[{"@type":"SearchAction","target":{"@type":"EntryPoint","urlTemplate":"http:\/\/demainlargentiere.fr\/?s={search_term_string}"},"query-input":{"@type":"PropertyValueSpecification","valueRequired":true,"valueName":"search_term_string"}}],"inLanguage":"fr-FR"},{"@type":"Organization","@id":"http:\/\/demainlargentiere.fr\/#organization","name":"DemainLargentiere","url":"http:\/\/demainlargentiere.fr\/","logo":{"@type":"ImageObject","inLanguage":"fr-FR","@id":"http:\/\/demainlargentiere.fr\/#\/schema\/logo\/image\/","url":"http:\/\/demainlargentiere.fr\/wp-content\/uploads\/2020\/02\/logo-250x250-1.png","contentUrl":"http:\/\/demainlargentiere.fr\/wp-content\/uploads\/2020\/02\/logo-250x250-1.png","width":250,"height":250,"caption":"DemainLargentiere"},"image":{"@id":"http:\/\/demainlargentiere.fr\/#\/schema\/logo\/image\/"},"sameAs":["https:\/\/www.facebook.com\/DemainLargentiere\/"]}]}},"_links":{"self":[{"href":"https:\/\/demainlargentiere.fr\/index.php\/wp-json\/wp\/v2\/pages\/5227","targetHints":{"allow":["GET"]}}],"collection":[{"href":"https:\/\/demainlargentiere.fr\/index.php\/wp-json\/wp\/v2\/pages"}],"about":[{"href":"https:\/\/demainlargentiere.fr\/index.php\/wp-json\/wp\/v2\/types\/page"}],"author":[{"embeddable":true,"href":"https:\/\/demainlargentiere.fr\/index.php\/wp-json\/wp\/v2\/users\/2"}],"replies":[{"embeddable":true,"href":"https:\/\/demainlargentiere.fr\/index.php\/wp-json\/wp\/v2\/comments?post=5227"}],"version-history":[{"count":3,"href":"https:\/\/demainlargentiere.fr\/index.php\/wp-json\/wp\/v2\/pages\/5227\/revisions"}],"predecessor-version":[{"id":5238,"href":"https:\/\/demainlargentiere.fr\/index.php\/wp-json\/wp\/v2\/pages\/5227\/revisions\/5238"}],"wp:attachment":[{"href":"https:\/\/demainlargentiere.fr\/index.php\/wp-json\/wp\/v2\/media?parent=5227"}],"curies":[{"name":"wp","href":"https:\/\/api.w.org\/{rel}","templated":true}]}}