{"id":5668,"date":"2026-02-23T21:20:28","date_gmt":"2026-02-23T20:20:28","guid":{"rendered":"https:\/\/demainlargentiere.fr\/?page_id=5668"},"modified":"2026-03-03T09:47:21","modified_gmt":"2026-03-03T08:47:21","slug":"cm-du-23-fevrier-2026-les-comptes","status":"publish","type":"page","link":"https:\/\/demainlargentiere.fr\/index.php\/cm-du-23-fevrier-2026-les-comptes\/","title":{"rendered":"CM du 23 f\u00e9vrier 2026 : les comptes"},"content":{"rendered":"\n<figure class=\"wp-block-image size-large\"><img loading=\"lazy\" decoding=\"async\" width=\"1024\" height=\"492\" src=\"http:\/\/demainlargentiere.fr\/wp-content\/uploads\/2026\/02\/Convocation-Conseil-Municipal-23.02.2026--1024x492.jpg\" alt=\"\" class=\"wp-image-5669\" srcset=\"https:\/\/demainlargentiere.fr\/wp-content\/uploads\/2026\/02\/Convocation-Conseil-Municipal-23.02.2026--1024x492.jpg 1024w, https:\/\/demainlargentiere.fr\/wp-content\/uploads\/2026\/02\/Convocation-Conseil-Municipal-23.02.2026--300x144.jpg 300w, https:\/\/demainlargentiere.fr\/wp-content\/uploads\/2026\/02\/Convocation-Conseil-Municipal-23.02.2026--768x369.jpg 768w, https:\/\/demainlargentiere.fr\/wp-content\/uploads\/2026\/02\/Convocation-Conseil-Municipal-23.02.2026-.jpg 1072w\" sizes=\"auto, (max-width: 1024px) 100vw, 1024px\" \/><\/figure>\n\n\n\n<h4 class=\"wp-block-heading\">Podcast du conseil<\/h4>\n\n\n\n<figure class=\"wp-block-audio\"><audio controls src=\"http:\/\/demainlargentiere.fr\/wp-content\/uploads\/2026\/02\/23.02.2026CM.mp3\"><\/audio><\/figure>\n\n\n\n<h4 class=\"wp-block-heading\">Nos prises de paroles <\/h4>\n\n\n\n<p><strong>1. D\u00e9penses de fonctionnement \u2013 Compte 6232 \u00ab F\u00eates et c\u00e9r\u00e9monies \u00bb<\/strong><\/p>\n\n\n\n<p>Nous avons interrog\u00e9 la majorit\u00e9 sur l\u2019<strong>explosion des d\u00e9penses li\u00e9es aux f\u00eates et c\u00e9r\u00e9monies<\/strong>, qui appellent plusieurs remarques de fond.<\/p>\n\n\n\n<p>Ces d\u00e9penses sont pass\u00e9es de 30 000 \u20ac en 2020, \u00e0 42 000 \u20ac en 2024, pour atteindre <strong>91 000 \u20ac en 2025.<\/strong><\/p>\n\n\n\n<p>Il s\u2019agit d\u2019un niveau jamais atteint, qui a <strong>tripl\u00e9 par rapport \u00e0 2020<\/strong> et doubl\u00e9 par rapport \u00e0 l&rsquo;ann\u00e9e derni\u00e8re.<\/p>\n\n\n\n<p>Le contraste est frappant avec la situation des associations locales :<\/p>\n\n\n\n<p>Le montant total des subventions aux associations de la commune plafonne \u00e0 7 400 \u20ac.<\/p>\n\n\n\n<p>Pour beaucoup d\u2019entre elles, cette subvention est \u00e9quivalente au loyer qu\u2019elles versent \u00e0 la commune, ce qui annule de fait le soutien financier (pour celles qui se situe au gymnase).<\/p>\n\n\n\n<p>Nous avons tenu \u00e0 rappeler que :<\/p>\n\n\n\n<ul class=\"wp-block-list\">\n<li>Si l\u2019engagement de la commune pour l\u2019animation locale est l\u00e9gitime,<\/li>\n\n\n\n<li>le r\u00f4le d\u2019une municipalit\u00e9 ne peut se r\u00e9duire \u00e0 celui d\u2019un \u201ccomit\u00e9 des f\u00eates\u201d.<\/li>\n<\/ul>\n\n\n\n<p>Notre position politique est claire la commune doit \u00eatre facilitatrice des initiatives locales, et non concurrente des associations. Redonner du pouvoir aux associations, ce n\u2019est pas les missionner ponctuellement, ni externaliser \u00e0 des prestataires co\u00fbteux, c\u2019est les accompagner dans la dur\u00e9e, travailler avec elles, les subventionner de mani\u00e8re coh\u00e9rente, voire les conventionner, afin de reconna\u00eetre leur r\u00f4le structurant dans la vie locale.<\/p>\n\n\n\n<hr class=\"wp-block-separator has-alpha-channel-opacity\"\/>\n\n\n\n<p><strong>2. Urbanisme \u2013 PLU \/ PLUi : une d\u00e9cision juridiquement contestable<\/strong><\/p>\n\n\n\n<p>Nous avons \u00e9galement interrog\u00e9 la majorit\u00e9 sur le choix de sortir du <strong>PLUi<\/strong>, alors que la loi impose une mise en conformit\u00e9, le pr\u00e9fet a explicitement demand\u00e9 le retrait de la d\u00e9lib\u00e9ration vot\u00e9e en d\u00e9cembre, la jugeant ill\u00e9gale.<\/p>\n\n\n\n<p>Malgr\u00e9 cet avertissement clair de l\u2019\u00c9tat la majorit\u00e9 maintient sa position, sans apporter de r\u00e9ponse satisfaisante sur les risques juridiques, financiers (frais d&rsquo;avocats) et politiques pour la commune.<\/p>\n\n\n\n<hr class=\"wp-block-separator has-alpha-channel-opacity\"\/>\n\n\n\n<p><strong>3. Cantine \u00e0 1 \u20ac : un dispositif existant, une inaction persistante<\/strong><\/p>\n\n\n\n<p>Enfin, nous avons questionn\u00e9 l\u2019absence de d\u00e9cision concernant la cantine \u00e0 1 \u20ac, alors que le dispositif national a \u00e9t\u00e9 prolong\u00e9, le sujet a \u00e9t\u00e9 abord\u00e9 lors du dernier conseil d\u2019\u00e9cole, une liste de parents est toujours en attente, le dossier n\u2019a toujours pas \u00e9t\u00e9 d\u00e9pos\u00e9 par la majorit\u00e9.<\/p>\n\n\n\n<p>Cette inaction interroge alors que le dispositif est cl\u00e9 pour le pouvoir d\u2019achat des familles et pour l\u2019\u00e9galit\u00e9 d\u2019acc\u00e8s \u00e0 un repas pour les enfants.<\/p>\n\n\n\n<hr class=\"wp-block-separator has-alpha-channel-opacity\"\/>\n\n\n\n<p><strong>En synth\u00e8se<\/strong><\/p>\n\n\n\n<p>Nos interventions visent \u00e0 rappeler que :<\/p>\n\n\n\n<ul class=\"wp-block-list\">\n<li>les priorit\u00e9s budg\u00e9taires doivent \u00eatre <strong>coh\u00e9rentes et justes<\/strong>,<\/li>\n\n\n\n<li>les d\u00e9cisions politiques doivent \u00eatre <strong>l\u00e9gales et responsables<\/strong>,<\/li>\n\n\n\n<li>et que l\u2019action municipale doit <strong>soutenir les acteurs locaux et les familles<\/strong>, plut\u00f4t que les fragiliser.<\/li>\n<\/ul>\n\n\n\n<h4 class=\"wp-block-heading\">Articles presse<\/h4>\n\n\n\n<p>Voir <a href=\"https:\/\/demainlargentiere.fr\/index.php\/2026\/03\/02\/conseil-municipal-quelles-priorites-pour-largentiere\/\">notre article et l&rsquo;article de presse (coup\u00e9) en lien<\/a><\/p>\n","protected":false},"excerpt":{"rendered":"<p>Podcast du conseil Nos prises de paroles 1. D\u00e9penses de fonctionnement \u2013 Compte 6232 \u00ab F\u00eates et c\u00e9r\u00e9monies \u00bb Nous avons interrog\u00e9 la majorit\u00e9 sur l\u2019explosion des d\u00e9penses li\u00e9es aux f\u00eates et c\u00e9r\u00e9monies, qui appellent plusieurs remarques de fond. Ces d\u00e9penses sont pass\u00e9es de 30 000 \u20ac en 2020, \u00e0 42 000 \u20ac en 2024, &hellip; <\/p>\n<p class=\"link-more\"><a href=\"https:\/\/demainlargentiere.fr\/index.php\/cm-du-23-fevrier-2026-les-comptes\/\" class=\"more-link\">Continuer la lecture <span class=\"screen-reader-text\"> \u00ab\u00a0CM du 23 f\u00e9vrier 2026 : les comptes\u00a0\u00bb<\/span><\/a><\/p>\n","protected":false},"author":2,"featured_media":0,"parent":0,"menu_order":0,"comment_status":"closed","ping_status":"closed","template":"","meta":{"ngg_post_thumbnail":0,"footnotes":""},"class_list":["post-5668","page","type-page","status-publish","hentry","entry"],"yoast_head":"<!-- This site is optimized with the Yoast SEO plugin v27.4 - https:\/\/yoast.com\/product\/yoast-seo-wordpress\/ -->\n<title>CM du 23 f\u00e9vrier 2026 : les comptes - Demain LARGENTIERE !<\/title>\n<meta name=\"robots\" content=\"index, follow, max-snippet:-1, max-image-preview:large, max-video-preview:-1\" \/>\n<link rel=\"canonical\" href=\"https:\/\/demainlargentiere.fr\/index.php\/cm-du-23-fevrier-2026-les-comptes\/\" \/>\n<meta property=\"og:locale\" content=\"fr_FR\" \/>\n<meta property=\"og:type\" content=\"article\" \/>\n<meta property=\"og:title\" content=\"CM du 23 f\u00e9vrier 2026 : les comptes - Demain LARGENTIERE !\" \/>\n<meta property=\"og:description\" content=\"Podcast du conseil Nos prises de paroles 1. D\u00e9penses de fonctionnement \u2013 Compte 6232 \u00ab F\u00eates et c\u00e9r\u00e9monies \u00bb Nous avons interrog\u00e9 la majorit\u00e9 sur l\u2019explosion des d\u00e9penses li\u00e9es aux f\u00eates et c\u00e9r\u00e9monies, qui appellent plusieurs remarques de fond. Ces d\u00e9penses sont pass\u00e9es de 30 000 \u20ac en 2020, \u00e0 42 000 \u20ac en 2024, &hellip; Continuer la lecture \u00ab\u00a0CM du 23 f\u00e9vrier 2026 : les comptes\u00a0\u00bb\" \/>\n<meta property=\"og:url\" content=\"https:\/\/demainlargentiere.fr\/index.php\/cm-du-23-fevrier-2026-les-comptes\/\" \/>\n<meta property=\"og:site_name\" content=\"Demain LARGENTIERE !\" \/>\n<meta property=\"article:publisher\" content=\"https:\/\/www.facebook.com\/DemainLargentiere\/\" \/>\n<meta property=\"article:modified_time\" content=\"2026-03-03T08:47:21+00:00\" \/>\n<meta property=\"og:image\" content=\"https:\/\/demainlargentiere.fr\/wp-content\/uploads\/2026\/02\/Convocation-Conseil-Municipal-23.02.2026-.jpg\" \/>\n\t<meta property=\"og:image:width\" content=\"1072\" \/>\n\t<meta property=\"og:image:height\" content=\"515\" \/>\n\t<meta property=\"og:image:type\" content=\"image\/jpeg\" \/>\n<meta name=\"twitter:card\" content=\"summary_large_image\" \/>\n<meta name=\"twitter:label1\" content=\"Dur\u00e9e de lecture estim\u00e9e\" \/>\n\t<meta name=\"twitter:data1\" content=\"3 minutes\" \/>\n<script type=\"application\/ld+json\" class=\"yoast-schema-graph\">{\"@context\":\"https:\\\/\\\/schema.org\",\"@graph\":[{\"@type\":\"WebPage\",\"@id\":\"https:\\\/\\\/demainlargentiere.fr\\\/index.php\\\/cm-du-23-fevrier-2026-les-comptes\\\/\",\"url\":\"https:\\\/\\\/demainlargentiere.fr\\\/index.php\\\/cm-du-23-fevrier-2026-les-comptes\\\/\",\"name\":\"CM du 23 f\u00e9vrier 2026 : les comptes - Demain LARGENTIERE !\",\"isPartOf\":{\"@id\":\"http:\\\/\\\/demainlargentiere.fr\\\/#website\"},\"primaryImageOfPage\":{\"@id\":\"https:\\\/\\\/demainlargentiere.fr\\\/index.php\\\/cm-du-23-fevrier-2026-les-comptes\\\/#primaryimage\"},\"image\":{\"@id\":\"https:\\\/\\\/demainlargentiere.fr\\\/index.php\\\/cm-du-23-fevrier-2026-les-comptes\\\/#primaryimage\"},\"thumbnailUrl\":\"http:\\\/\\\/demainlargentiere.fr\\\/wp-content\\\/uploads\\\/2026\\\/02\\\/Convocation-Conseil-Municipal-23.02.2026--1024x492.jpg\",\"datePublished\":\"2026-02-23T20:20:28+00:00\",\"dateModified\":\"2026-03-03T08:47:21+00:00\",\"breadcrumb\":{\"@id\":\"https:\\\/\\\/demainlargentiere.fr\\\/index.php\\\/cm-du-23-fevrier-2026-les-comptes\\\/#breadcrumb\"},\"inLanguage\":\"fr-FR\",\"potentialAction\":[{\"@type\":\"ReadAction\",\"target\":[\"https:\\\/\\\/demainlargentiere.fr\\\/index.php\\\/cm-du-23-fevrier-2026-les-comptes\\\/\"]}]},{\"@type\":\"ImageObject\",\"inLanguage\":\"fr-FR\",\"@id\":\"https:\\\/\\\/demainlargentiere.fr\\\/index.php\\\/cm-du-23-fevrier-2026-les-comptes\\\/#primaryimage\",\"url\":\"https:\\\/\\\/demainlargentiere.fr\\\/wp-content\\\/uploads\\\/2026\\\/02\\\/Convocation-Conseil-Municipal-23.02.2026-.jpg\",\"contentUrl\":\"https:\\\/\\\/demainlargentiere.fr\\\/wp-content\\\/uploads\\\/2026\\\/02\\\/Convocation-Conseil-Municipal-23.02.2026-.jpg\",\"width\":1072,\"height\":515},{\"@type\":\"BreadcrumbList\",\"@id\":\"https:\\\/\\\/demainlargentiere.fr\\\/index.php\\\/cm-du-23-fevrier-2026-les-comptes\\\/#breadcrumb\",\"itemListElement\":[{\"@type\":\"ListItem\",\"position\":1,\"name\":\"Accueil\",\"item\":\"https:\\\/\\\/demainlargentiere.fr\\\/\"},{\"@type\":\"ListItem\",\"position\":2,\"name\":\"CM du 23 f\u00e9vrier 2026 : les comptes\"}]},{\"@type\":\"WebSite\",\"@id\":\"http:\\\/\\\/demainlargentiere.fr\\\/#website\",\"url\":\"http:\\\/\\\/demainlargentiere.fr\\\/\",\"name\":\"Demain LARGENTIERE !\",\"description\":\"Ensemble, cr\u00e9ons demain.\",\"publisher\":{\"@id\":\"http:\\\/\\\/demainlargentiere.fr\\\/#organization\"},\"potentialAction\":[{\"@type\":\"SearchAction\",\"target\":{\"@type\":\"EntryPoint\",\"urlTemplate\":\"http:\\\/\\\/demainlargentiere.fr\\\/?s={search_term_string}\"},\"query-input\":{\"@type\":\"PropertyValueSpecification\",\"valueRequired\":true,\"valueName\":\"search_term_string\"}}],\"inLanguage\":\"fr-FR\"},{\"@type\":\"Organization\",\"@id\":\"http:\\\/\\\/demainlargentiere.fr\\\/#organization\",\"name\":\"DemainLargentiere\",\"url\":\"http:\\\/\\\/demainlargentiere.fr\\\/\",\"logo\":{\"@type\":\"ImageObject\",\"inLanguage\":\"fr-FR\",\"@id\":\"http:\\\/\\\/demainlargentiere.fr\\\/#\\\/schema\\\/logo\\\/image\\\/\",\"url\":\"http:\\\/\\\/demainlargentiere.fr\\\/wp-content\\\/uploads\\\/2020\\\/02\\\/logo-250x250-1.png\",\"contentUrl\":\"http:\\\/\\\/demainlargentiere.fr\\\/wp-content\\\/uploads\\\/2020\\\/02\\\/logo-250x250-1.png\",\"width\":250,\"height\":250,\"caption\":\"DemainLargentiere\"},\"image\":{\"@id\":\"http:\\\/\\\/demainlargentiere.fr\\\/#\\\/schema\\\/logo\\\/image\\\/\"},\"sameAs\":[\"https:\\\/\\\/www.facebook.com\\\/DemainLargentiere\\\/\"]}]}<\/script>\n<!-- \/ Yoast SEO plugin. -->","yoast_head_json":{"title":"CM du 23 f\u00e9vrier 2026 : les comptes - Demain LARGENTIERE !","robots":{"index":"index","follow":"follow","max-snippet":"max-snippet:-1","max-image-preview":"max-image-preview:large","max-video-preview":"max-video-preview:-1"},"canonical":"https:\/\/demainlargentiere.fr\/index.php\/cm-du-23-fevrier-2026-les-comptes\/","og_locale":"fr_FR","og_type":"article","og_title":"CM du 23 f\u00e9vrier 2026 : les comptes - Demain LARGENTIERE !","og_description":"Podcast du conseil Nos prises de paroles 1. D\u00e9penses de fonctionnement \u2013 Compte 6232 \u00ab F\u00eates et c\u00e9r\u00e9monies \u00bb Nous avons interrog\u00e9 la majorit\u00e9 sur l\u2019explosion des d\u00e9penses li\u00e9es aux f\u00eates et c\u00e9r\u00e9monies, qui appellent plusieurs remarques de fond. Ces d\u00e9penses sont pass\u00e9es de 30 000 \u20ac en 2020, \u00e0 42 000 \u20ac en 2024, &hellip; Continuer la lecture \u00ab\u00a0CM du 23 f\u00e9vrier 2026 : les comptes\u00a0\u00bb","og_url":"https:\/\/demainlargentiere.fr\/index.php\/cm-du-23-fevrier-2026-les-comptes\/","og_site_name":"Demain LARGENTIERE !","article_publisher":"https:\/\/www.facebook.com\/DemainLargentiere\/","article_modified_time":"2026-03-03T08:47:21+00:00","og_image":[{"width":1072,"height":515,"url":"https:\/\/demainlargentiere.fr\/wp-content\/uploads\/2026\/02\/Convocation-Conseil-Municipal-23.02.2026-.jpg","type":"image\/jpeg"}],"twitter_card":"summary_large_image","twitter_misc":{"Dur\u00e9e de lecture estim\u00e9e":"3 minutes"},"schema":{"@context":"https:\/\/schema.org","@graph":[{"@type":"WebPage","@id":"https:\/\/demainlargentiere.fr\/index.php\/cm-du-23-fevrier-2026-les-comptes\/","url":"https:\/\/demainlargentiere.fr\/index.php\/cm-du-23-fevrier-2026-les-comptes\/","name":"CM du 23 f\u00e9vrier 2026 : les comptes - Demain LARGENTIERE !","isPartOf":{"@id":"http:\/\/demainlargentiere.fr\/#website"},"primaryImageOfPage":{"@id":"https:\/\/demainlargentiere.fr\/index.php\/cm-du-23-fevrier-2026-les-comptes\/#primaryimage"},"image":{"@id":"https:\/\/demainlargentiere.fr\/index.php\/cm-du-23-fevrier-2026-les-comptes\/#primaryimage"},"thumbnailUrl":"http:\/\/demainlargentiere.fr\/wp-content\/uploads\/2026\/02\/Convocation-Conseil-Municipal-23.02.2026--1024x492.jpg","datePublished":"2026-02-23T20:20:28+00:00","dateModified":"2026-03-03T08:47:21+00:00","breadcrumb":{"@id":"https:\/\/demainlargentiere.fr\/index.php\/cm-du-23-fevrier-2026-les-comptes\/#breadcrumb"},"inLanguage":"fr-FR","potentialAction":[{"@type":"ReadAction","target":["https:\/\/demainlargentiere.fr\/index.php\/cm-du-23-fevrier-2026-les-comptes\/"]}]},{"@type":"ImageObject","inLanguage":"fr-FR","@id":"https:\/\/demainlargentiere.fr\/index.php\/cm-du-23-fevrier-2026-les-comptes\/#primaryimage","url":"https:\/\/demainlargentiere.fr\/wp-content\/uploads\/2026\/02\/Convocation-Conseil-Municipal-23.02.2026-.jpg","contentUrl":"https:\/\/demainlargentiere.fr\/wp-content\/uploads\/2026\/02\/Convocation-Conseil-Municipal-23.02.2026-.jpg","width":1072,"height":515},{"@type":"BreadcrumbList","@id":"https:\/\/demainlargentiere.fr\/index.php\/cm-du-23-fevrier-2026-les-comptes\/#breadcrumb","itemListElement":[{"@type":"ListItem","position":1,"name":"Accueil","item":"https:\/\/demainlargentiere.fr\/"},{"@type":"ListItem","position":2,"name":"CM du 23 f\u00e9vrier 2026 : les comptes"}]},{"@type":"WebSite","@id":"http:\/\/demainlargentiere.fr\/#website","url":"http:\/\/demainlargentiere.fr\/","name":"Demain LARGENTIERE !","description":"Ensemble, cr\u00e9ons demain.","publisher":{"@id":"http:\/\/demainlargentiere.fr\/#organization"},"potentialAction":[{"@type":"SearchAction","target":{"@type":"EntryPoint","urlTemplate":"http:\/\/demainlargentiere.fr\/?s={search_term_string}"},"query-input":{"@type":"PropertyValueSpecification","valueRequired":true,"valueName":"search_term_string"}}],"inLanguage":"fr-FR"},{"@type":"Organization","@id":"http:\/\/demainlargentiere.fr\/#organization","name":"DemainLargentiere","url":"http:\/\/demainlargentiere.fr\/","logo":{"@type":"ImageObject","inLanguage":"fr-FR","@id":"http:\/\/demainlargentiere.fr\/#\/schema\/logo\/image\/","url":"http:\/\/demainlargentiere.fr\/wp-content\/uploads\/2020\/02\/logo-250x250-1.png","contentUrl":"http:\/\/demainlargentiere.fr\/wp-content\/uploads\/2020\/02\/logo-250x250-1.png","width":250,"height":250,"caption":"DemainLargentiere"},"image":{"@id":"http:\/\/demainlargentiere.fr\/#\/schema\/logo\/image\/"},"sameAs":["https:\/\/www.facebook.com\/DemainLargentiere\/"]}]}},"_links":{"self":[{"href":"https:\/\/demainlargentiere.fr\/index.php\/wp-json\/wp\/v2\/pages\/5668","targetHints":{"allow":["GET"]}}],"collection":[{"href":"https:\/\/demainlargentiere.fr\/index.php\/wp-json\/wp\/v2\/pages"}],"about":[{"href":"https:\/\/demainlargentiere.fr\/index.php\/wp-json\/wp\/v2\/types\/page"}],"author":[{"embeddable":true,"href":"https:\/\/demainlargentiere.fr\/index.php\/wp-json\/wp\/v2\/users\/2"}],"replies":[{"embeddable":true,"href":"https:\/\/demainlargentiere.fr\/index.php\/wp-json\/wp\/v2\/comments?post=5668"}],"version-history":[{"count":5,"href":"https:\/\/demainlargentiere.fr\/index.php\/wp-json\/wp\/v2\/pages\/5668\/revisions"}],"predecessor-version":[{"id":5842,"href":"https:\/\/demainlargentiere.fr\/index.php\/wp-json\/wp\/v2\/pages\/5668\/revisions\/5842"}],"wp:attachment":[{"href":"https:\/\/demainlargentiere.fr\/index.php\/wp-json\/wp\/v2\/media?parent=5668"}],"curies":[{"name":"wp","href":"https:\/\/api.w.org\/{rel}","templated":true}]}}