{"id":5882,"date":"2026-03-03T12:13:22","date_gmt":"2026-03-03T11:13:22","guid":{"rendered":"https:\/\/demainlargentiere.fr\/?page_id=5882"},"modified":"2026-03-03T12:13:23","modified_gmt":"2026-03-03T11:13:23","slug":"emmanuel-samaniego","status":"publish","type":"page","link":"https:\/\/demainlargentiere.fr\/index.php\/emmanuel-samaniego\/","title":{"rendered":"Emmanuel Samaniego"},"content":{"rendered":"\n<p>PORTRAIT : Rencontrez Emmanuel Samaniego : \u00ab\u00a0Planter des oliviers le long de la nouvelle voie verte pour marquer l&rsquo;entr\u00e9e dans notre village\u00a0\u00bb.<\/p>\n\n\n\n<p>Issu d&rsquo;une famille sud-ard\u00e9choise, Emmanuel Samaniego a per\u00e7u comme une \u00e9vidence de s&rsquo;installer dans la commune de Largenti\u00e8re.<\/p>\n\n\n\n<p>Son m\u00e9tier d&rsquo;attach\u00e9 territorial lui donne les cl\u00e9s pour contribuer efficacement \u00e0 la bonne gestion d&rsquo;une commune.<\/p>\n\n\n\n<p>Il s\u2019engage avec Demain Largenti\u00e8re parce qu&rsquo;il a per\u00e7u le s\u00e9rieux et la motivation de nos \u00e9lu\u00b7es au travers du dernier mandat et parce qu&rsquo;il se reconna\u00eet dans les valeurs de Demain Largenti\u00e8re, notamment l&rsquo;attachement au bien commun.<\/p>\n\n\n\n<p>Son envie est de voir repousser des oliviers, en l&rsquo;honneur du pass\u00e9 de Largenti\u00e8re qui \u00e9tait la commune qui en comptait le plus sur son territoire au si\u00e8cle dernier, et afin d&rsquo;agr\u00e9menter notre environnement de beaux arbres symbolisant la paix.<\/p>\n\n\n\n<p>Il pr\u00e9sente donc cette proposition de plantation d&rsquo;oliviers le long de la nouvelle voie verte, depuis le Ginestet et jusqu&rsquo;aux abords du centre-bourg.<\/p>\n\n\n\n<div class=\"wp-block-media-text is-stacked-on-mobile\"><figure class=\"wp-block-media-text__media\"><video controls src=\"http:\/\/demainlargentiere.fr\/wp-content\/uploads\/2026\/03\/DL-Emmanuel-light.mp4\"><\/video><\/figure><div class=\"wp-block-media-text__content\">\n<p>D\u00e9couvrez son portrait en vid\u00e9o ! <img loading=\"lazy\" decoding=\"async\" height=\"16\" width=\"16\" src=\"https:\/\/static.xx.fbcdn.net\/images\/emoji.php\/v9\/t2d\/1\/16\/1f3ac.png\" alt=\"\ud83c\udfac\"><\/p>\n<\/div><\/div>\n","protected":false},"excerpt":{"rendered":"<p>PORTRAIT : Rencontrez Emmanuel Samaniego : \u00ab\u00a0Planter des oliviers le long de la nouvelle voie verte pour marquer l&rsquo;entr\u00e9e dans notre village\u00a0\u00bb. Issu d&rsquo;une famille sud-ard\u00e9choise, Emmanuel Samaniego a per\u00e7u comme une \u00e9vidence de s&rsquo;installer dans la commune de Largenti\u00e8re. Son m\u00e9tier d&rsquo;attach\u00e9 territorial lui donne les cl\u00e9s pour contribuer efficacement \u00e0 la bonne gestion &hellip; <\/p>\n<p class=\"link-more\"><a href=\"https:\/\/demainlargentiere.fr\/index.php\/emmanuel-samaniego\/\" class=\"more-link\">Continuer la lecture <span class=\"screen-reader-text\"> \u00ab\u00a0Emmanuel Samaniego\u00a0\u00bb<\/span><\/a><\/p>\n","protected":false},"author":2,"featured_media":0,"parent":0,"menu_order":0,"comment_status":"closed","ping_status":"closed","template":"","meta":{"ngg_post_thumbnail":0,"footnotes":""},"class_list":["post-5882","page","type-page","status-publish","hentry","entry"],"yoast_head":"<!-- This site is optimized with the Yoast SEO plugin v27.3 - https:\/\/yoast.com\/product\/yoast-seo-wordpress\/ -->\n<title>Emmanuel Samaniego - Demain LARGENTIERE !<\/title>\n<meta name=\"robots\" content=\"index, follow, max-snippet:-1, max-image-preview:large, max-video-preview:-1\" \/>\n<link rel=\"canonical\" href=\"https:\/\/demainlargentiere.fr\/index.php\/emmanuel-samaniego\/\" \/>\n<meta property=\"og:locale\" content=\"fr_FR\" \/>\n<meta property=\"og:type\" content=\"article\" \/>\n<meta property=\"og:title\" content=\"Emmanuel Samaniego - Demain LARGENTIERE !\" \/>\n<meta property=\"og:description\" content=\"PORTRAIT : Rencontrez Emmanuel Samaniego : \u00ab\u00a0Planter des oliviers le long de la nouvelle voie verte pour marquer l&rsquo;entr\u00e9e dans notre village\u00a0\u00bb. Issu d&rsquo;une famille sud-ard\u00e9choise, Emmanuel Samaniego a per\u00e7u comme une \u00e9vidence de s&rsquo;installer dans la commune de Largenti\u00e8re. Son m\u00e9tier d&rsquo;attach\u00e9 territorial lui donne les cl\u00e9s pour contribuer efficacement \u00e0 la bonne gestion &hellip; Continuer la lecture \u00ab\u00a0Emmanuel Samaniego\u00a0\u00bb\" \/>\n<meta property=\"og:url\" content=\"https:\/\/demainlargentiere.fr\/index.php\/emmanuel-samaniego\/\" \/>\n<meta property=\"og:site_name\" content=\"Demain LARGENTIERE !\" \/>\n<meta property=\"article:publisher\" content=\"https:\/\/www.facebook.com\/DemainLargentiere\/\" \/>\n<meta property=\"article:modified_time\" content=\"2026-03-03T11:13:23+00:00\" \/>\n<meta property=\"og:image\" content=\"https:\/\/static.xx.fbcdn.net\/images\/emoji.php\/v9\/t2d\/1\/16\/1f3ac.png\" \/>\n<meta name=\"twitter:card\" content=\"summary_large_image\" \/>\n<meta name=\"twitter:label1\" content=\"Dur\u00e9e de lecture estim\u00e9e\" \/>\n\t<meta name=\"twitter:data1\" content=\"2 minutes\" \/>\n<script type=\"application\/ld+json\" class=\"yoast-schema-graph\">{\"@context\":\"https:\\\/\\\/schema.org\",\"@graph\":[{\"@type\":\"WebPage\",\"@id\":\"https:\\\/\\\/demainlargentiere.fr\\\/index.php\\\/emmanuel-samaniego\\\/\",\"url\":\"https:\\\/\\\/demainlargentiere.fr\\\/index.php\\\/emmanuel-samaniego\\\/\",\"name\":\"Emmanuel Samaniego - Demain LARGENTIERE !\",\"isPartOf\":{\"@id\":\"http:\\\/\\\/demainlargentiere.fr\\\/#website\"},\"primaryImageOfPage\":{\"@id\":\"https:\\\/\\\/demainlargentiere.fr\\\/index.php\\\/emmanuel-samaniego\\\/#primaryimage\"},\"image\":{\"@id\":\"https:\\\/\\\/demainlargentiere.fr\\\/index.php\\\/emmanuel-samaniego\\\/#primaryimage\"},\"thumbnailUrl\":\"https:\\\/\\\/static.xx.fbcdn.net\\\/images\\\/emoji.php\\\/v9\\\/t2d\\\/1\\\/16\\\/1f3ac.png\",\"datePublished\":\"2026-03-03T11:13:22+00:00\",\"dateModified\":\"2026-03-03T11:13:23+00:00\",\"breadcrumb\":{\"@id\":\"https:\\\/\\\/demainlargentiere.fr\\\/index.php\\\/emmanuel-samaniego\\\/#breadcrumb\"},\"inLanguage\":\"fr-FR\",\"potentialAction\":[{\"@type\":\"ReadAction\",\"target\":[\"https:\\\/\\\/demainlargentiere.fr\\\/index.php\\\/emmanuel-samaniego\\\/\"]}]},{\"@type\":\"ImageObject\",\"inLanguage\":\"fr-FR\",\"@id\":\"https:\\\/\\\/demainlargentiere.fr\\\/index.php\\\/emmanuel-samaniego\\\/#primaryimage\",\"url\":\"https:\\\/\\\/static.xx.fbcdn.net\\\/images\\\/emoji.php\\\/v9\\\/t2d\\\/1\\\/16\\\/1f3ac.png\",\"contentUrl\":\"https:\\\/\\\/static.xx.fbcdn.net\\\/images\\\/emoji.php\\\/v9\\\/t2d\\\/1\\\/16\\\/1f3ac.png\"},{\"@type\":\"BreadcrumbList\",\"@id\":\"https:\\\/\\\/demainlargentiere.fr\\\/index.php\\\/emmanuel-samaniego\\\/#breadcrumb\",\"itemListElement\":[{\"@type\":\"ListItem\",\"position\":1,\"name\":\"Accueil\",\"item\":\"https:\\\/\\\/demainlargentiere.fr\\\/\"},{\"@type\":\"ListItem\",\"position\":2,\"name\":\"Emmanuel Samaniego\"}]},{\"@type\":\"WebSite\",\"@id\":\"http:\\\/\\\/demainlargentiere.fr\\\/#website\",\"url\":\"http:\\\/\\\/demainlargentiere.fr\\\/\",\"name\":\"Demain LARGENTIERE !\",\"description\":\"Ensemble, cr\u00e9ons demain.\",\"publisher\":{\"@id\":\"http:\\\/\\\/demainlargentiere.fr\\\/#organization\"},\"potentialAction\":[{\"@type\":\"SearchAction\",\"target\":{\"@type\":\"EntryPoint\",\"urlTemplate\":\"http:\\\/\\\/demainlargentiere.fr\\\/?s={search_term_string}\"},\"query-input\":{\"@type\":\"PropertyValueSpecification\",\"valueRequired\":true,\"valueName\":\"search_term_string\"}}],\"inLanguage\":\"fr-FR\"},{\"@type\":\"Organization\",\"@id\":\"http:\\\/\\\/demainlargentiere.fr\\\/#organization\",\"name\":\"DemainLargentiere\",\"url\":\"http:\\\/\\\/demainlargentiere.fr\\\/\",\"logo\":{\"@type\":\"ImageObject\",\"inLanguage\":\"fr-FR\",\"@id\":\"http:\\\/\\\/demainlargentiere.fr\\\/#\\\/schema\\\/logo\\\/image\\\/\",\"url\":\"http:\\\/\\\/demainlargentiere.fr\\\/wp-content\\\/uploads\\\/2020\\\/02\\\/logo-250x250-1.png\",\"contentUrl\":\"http:\\\/\\\/demainlargentiere.fr\\\/wp-content\\\/uploads\\\/2020\\\/02\\\/logo-250x250-1.png\",\"width\":250,\"height\":250,\"caption\":\"DemainLargentiere\"},\"image\":{\"@id\":\"http:\\\/\\\/demainlargentiere.fr\\\/#\\\/schema\\\/logo\\\/image\\\/\"},\"sameAs\":[\"https:\\\/\\\/www.facebook.com\\\/DemainLargentiere\\\/\"]}]}<\/script>\n<!-- \/ Yoast SEO plugin. -->","yoast_head_json":{"title":"Emmanuel Samaniego - Demain LARGENTIERE !","robots":{"index":"index","follow":"follow","max-snippet":"max-snippet:-1","max-image-preview":"max-image-preview:large","max-video-preview":"max-video-preview:-1"},"canonical":"https:\/\/demainlargentiere.fr\/index.php\/emmanuel-samaniego\/","og_locale":"fr_FR","og_type":"article","og_title":"Emmanuel Samaniego - Demain LARGENTIERE !","og_description":"PORTRAIT : Rencontrez Emmanuel Samaniego : \u00ab\u00a0Planter des oliviers le long de la nouvelle voie verte pour marquer l&rsquo;entr\u00e9e dans notre village\u00a0\u00bb. Issu d&rsquo;une famille sud-ard\u00e9choise, Emmanuel Samaniego a per\u00e7u comme une \u00e9vidence de s&rsquo;installer dans la commune de Largenti\u00e8re. Son m\u00e9tier d&rsquo;attach\u00e9 territorial lui donne les cl\u00e9s pour contribuer efficacement \u00e0 la bonne gestion &hellip; Continuer la lecture \u00ab\u00a0Emmanuel Samaniego\u00a0\u00bb","og_url":"https:\/\/demainlargentiere.fr\/index.php\/emmanuel-samaniego\/","og_site_name":"Demain LARGENTIERE !","article_publisher":"https:\/\/www.facebook.com\/DemainLargentiere\/","article_modified_time":"2026-03-03T11:13:23+00:00","og_image":[{"url":"https:\/\/static.xx.fbcdn.net\/images\/emoji.php\/v9\/t2d\/1\/16\/1f3ac.png","type":"","width":"","height":""}],"twitter_card":"summary_large_image","twitter_misc":{"Dur\u00e9e de lecture estim\u00e9e":"2 minutes"},"schema":{"@context":"https:\/\/schema.org","@graph":[{"@type":"WebPage","@id":"https:\/\/demainlargentiere.fr\/index.php\/emmanuel-samaniego\/","url":"https:\/\/demainlargentiere.fr\/index.php\/emmanuel-samaniego\/","name":"Emmanuel Samaniego - Demain LARGENTIERE !","isPartOf":{"@id":"http:\/\/demainlargentiere.fr\/#website"},"primaryImageOfPage":{"@id":"https:\/\/demainlargentiere.fr\/index.php\/emmanuel-samaniego\/#primaryimage"},"image":{"@id":"https:\/\/demainlargentiere.fr\/index.php\/emmanuel-samaniego\/#primaryimage"},"thumbnailUrl":"https:\/\/static.xx.fbcdn.net\/images\/emoji.php\/v9\/t2d\/1\/16\/1f3ac.png","datePublished":"2026-03-03T11:13:22+00:00","dateModified":"2026-03-03T11:13:23+00:00","breadcrumb":{"@id":"https:\/\/demainlargentiere.fr\/index.php\/emmanuel-samaniego\/#breadcrumb"},"inLanguage":"fr-FR","potentialAction":[{"@type":"ReadAction","target":["https:\/\/demainlargentiere.fr\/index.php\/emmanuel-samaniego\/"]}]},{"@type":"ImageObject","inLanguage":"fr-FR","@id":"https:\/\/demainlargentiere.fr\/index.php\/emmanuel-samaniego\/#primaryimage","url":"https:\/\/static.xx.fbcdn.net\/images\/emoji.php\/v9\/t2d\/1\/16\/1f3ac.png","contentUrl":"https:\/\/static.xx.fbcdn.net\/images\/emoji.php\/v9\/t2d\/1\/16\/1f3ac.png"},{"@type":"BreadcrumbList","@id":"https:\/\/demainlargentiere.fr\/index.php\/emmanuel-samaniego\/#breadcrumb","itemListElement":[{"@type":"ListItem","position":1,"name":"Accueil","item":"https:\/\/demainlargentiere.fr\/"},{"@type":"ListItem","position":2,"name":"Emmanuel Samaniego"}]},{"@type":"WebSite","@id":"http:\/\/demainlargentiere.fr\/#website","url":"http:\/\/demainlargentiere.fr\/","name":"Demain LARGENTIERE !","description":"Ensemble, cr\u00e9ons demain.","publisher":{"@id":"http:\/\/demainlargentiere.fr\/#organization"},"potentialAction":[{"@type":"SearchAction","target":{"@type":"EntryPoint","urlTemplate":"http:\/\/demainlargentiere.fr\/?s={search_term_string}"},"query-input":{"@type":"PropertyValueSpecification","valueRequired":true,"valueName":"search_term_string"}}],"inLanguage":"fr-FR"},{"@type":"Organization","@id":"http:\/\/demainlargentiere.fr\/#organization","name":"DemainLargentiere","url":"http:\/\/demainlargentiere.fr\/","logo":{"@type":"ImageObject","inLanguage":"fr-FR","@id":"http:\/\/demainlargentiere.fr\/#\/schema\/logo\/image\/","url":"http:\/\/demainlargentiere.fr\/wp-content\/uploads\/2020\/02\/logo-250x250-1.png","contentUrl":"http:\/\/demainlargentiere.fr\/wp-content\/uploads\/2020\/02\/logo-250x250-1.png","width":250,"height":250,"caption":"DemainLargentiere"},"image":{"@id":"http:\/\/demainlargentiere.fr\/#\/schema\/logo\/image\/"},"sameAs":["https:\/\/www.facebook.com\/DemainLargentiere\/"]}]}},"_links":{"self":[{"href":"https:\/\/demainlargentiere.fr\/index.php\/wp-json\/wp\/v2\/pages\/5882","targetHints":{"allow":["GET"]}}],"collection":[{"href":"https:\/\/demainlargentiere.fr\/index.php\/wp-json\/wp\/v2\/pages"}],"about":[{"href":"https:\/\/demainlargentiere.fr\/index.php\/wp-json\/wp\/v2\/types\/page"}],"author":[{"embeddable":true,"href":"https:\/\/demainlargentiere.fr\/index.php\/wp-json\/wp\/v2\/users\/2"}],"replies":[{"embeddable":true,"href":"https:\/\/demainlargentiere.fr\/index.php\/wp-json\/wp\/v2\/comments?post=5882"}],"version-history":[{"count":1,"href":"https:\/\/demainlargentiere.fr\/index.php\/wp-json\/wp\/v2\/pages\/5882\/revisions"}],"predecessor-version":[{"id":5883,"href":"https:\/\/demainlargentiere.fr\/index.php\/wp-json\/wp\/v2\/pages\/5882\/revisions\/5883"}],"wp:attachment":[{"href":"https:\/\/demainlargentiere.fr\/index.php\/wp-json\/wp\/v2\/media?parent=5882"}],"curies":[{"name":"wp","href":"https:\/\/api.w.org\/{rel}","templated":true}]}}