{"id":5926,"date":"2026-03-11T09:53:52","date_gmt":"2026-03-11T08:53:52","guid":{"rendered":"https:\/\/demainlargentiere.fr\/?page_id=5926"},"modified":"2026-03-11T09:53:53","modified_gmt":"2026-03-11T08:53:53","slug":"lucien-martin","status":"publish","type":"page","link":"https:\/\/demainlargentiere.fr\/index.php\/lucien-martin\/","title":{"rendered":"Lucien Martin"},"content":{"rendered":"\n<p>Je m&rsquo;appelle Martin Lucien j\u2019ai 71 ans, retrait\u00e9 des travaux publics, j&rsquo;habite \u00e0 Largenti\u00e8re depuis 2014,au centre bourg.\u00a0<\/p>\n\n\n\n<p>\u00a0Je me pr\u00e9sente sur la liste Demain Largenti\u00e8re car cette liste a des projets qui me tiennent \u00e0 c\u0153ur en terme de travaux publics dont la continuit\u00e9 de la voie cycliste par la rue de la r\u00e9publique sur une voie s\u00e9curis\u00e9, embellissement de cette rue, mise en place de ralentisseurs, voire de radars p\u00e9dagogiques, plantations de v\u00e9g\u00e9taux, ext.<\/p>\n\n\n\n<p>\u00a0Je suis persuad\u00e9 que si la liste Demain Largenti\u00e8re est \u00e9lue, elle aura \u00e0 c\u0153ur de d\u00e9velopper et de poursuivre l&#8217;embellissement du village et le d\u00e9veloppement des voies douces.\u00a0<\/p>\n","protected":false},"excerpt":{"rendered":"<p>Je m&rsquo;appelle Martin Lucien j\u2019ai 71 ans, retrait\u00e9 des travaux publics, j&rsquo;habite \u00e0 Largenti\u00e8re depuis 2014,au centre bourg.\u00a0 \u00a0Je me pr\u00e9sente sur la liste Demain Largenti\u00e8re car cette liste a des projets qui me tiennent \u00e0 c\u0153ur en terme de travaux publics dont la continuit\u00e9 de la voie cycliste par la rue de la r\u00e9publique &hellip; <\/p>\n<p class=\"link-more\"><a href=\"https:\/\/demainlargentiere.fr\/index.php\/lucien-martin\/\" class=\"more-link\">Continuer la lecture <span class=\"screen-reader-text\"> \u00ab\u00a0Lucien Martin\u00a0\u00bb<\/span><\/a><\/p>\n","protected":false},"author":2,"featured_media":0,"parent":0,"menu_order":0,"comment_status":"closed","ping_status":"closed","template":"","meta":{"ngg_post_thumbnail":0,"footnotes":""},"class_list":["post-5926","page","type-page","status-publish","hentry","entry"],"yoast_head":"<!-- This site is optimized with the Yoast SEO plugin v27.4 - https:\/\/yoast.com\/product\/yoast-seo-wordpress\/ -->\n<title>Lucien Martin - Demain LARGENTIERE !<\/title>\n<meta name=\"robots\" content=\"index, follow, max-snippet:-1, max-image-preview:large, max-video-preview:-1\" \/>\n<link rel=\"canonical\" href=\"https:\/\/demainlargentiere.fr\/index.php\/lucien-martin\/\" \/>\n<meta property=\"og:locale\" content=\"fr_FR\" \/>\n<meta property=\"og:type\" content=\"article\" \/>\n<meta property=\"og:title\" content=\"Lucien Martin - Demain LARGENTIERE !\" \/>\n<meta property=\"og:description\" content=\"Je m&rsquo;appelle Martin Lucien j\u2019ai 71 ans, retrait\u00e9 des travaux publics, j&rsquo;habite \u00e0 Largenti\u00e8re depuis 2014,au centre bourg.\u00a0 \u00a0Je me pr\u00e9sente sur la liste Demain Largenti\u00e8re car cette liste a des projets qui me tiennent \u00e0 c\u0153ur en terme de travaux publics dont la continuit\u00e9 de la voie cycliste par la rue de la r\u00e9publique &hellip; Continuer la lecture \u00ab\u00a0Lucien Martin\u00a0\u00bb\" \/>\n<meta property=\"og:url\" content=\"https:\/\/demainlargentiere.fr\/index.php\/lucien-martin\/\" \/>\n<meta property=\"og:site_name\" content=\"Demain LARGENTIERE !\" \/>\n<meta property=\"article:publisher\" content=\"https:\/\/www.facebook.com\/DemainLargentiere\/\" \/>\n<meta property=\"article:modified_time\" content=\"2026-03-11T08:53:53+00:00\" \/>\n<meta name=\"twitter:card\" content=\"summary_large_image\" \/>\n<meta name=\"twitter:label1\" content=\"Dur\u00e9e de lecture estim\u00e9e\" \/>\n\t<meta name=\"twitter:data1\" content=\"1 minute\" \/>\n<script type=\"application\/ld+json\" class=\"yoast-schema-graph\">{\"@context\":\"https:\\\/\\\/schema.org\",\"@graph\":[{\"@type\":\"WebPage\",\"@id\":\"https:\\\/\\\/demainlargentiere.fr\\\/index.php\\\/lucien-martin\\\/\",\"url\":\"https:\\\/\\\/demainlargentiere.fr\\\/index.php\\\/lucien-martin\\\/\",\"name\":\"Lucien Martin - Demain LARGENTIERE !\",\"isPartOf\":{\"@id\":\"http:\\\/\\\/demainlargentiere.fr\\\/#website\"},\"datePublished\":\"2026-03-11T08:53:52+00:00\",\"dateModified\":\"2026-03-11T08:53:53+00:00\",\"breadcrumb\":{\"@id\":\"https:\\\/\\\/demainlargentiere.fr\\\/index.php\\\/lucien-martin\\\/#breadcrumb\"},\"inLanguage\":\"fr-FR\",\"potentialAction\":[{\"@type\":\"ReadAction\",\"target\":[\"https:\\\/\\\/demainlargentiere.fr\\\/index.php\\\/lucien-martin\\\/\"]}]},{\"@type\":\"BreadcrumbList\",\"@id\":\"https:\\\/\\\/demainlargentiere.fr\\\/index.php\\\/lucien-martin\\\/#breadcrumb\",\"itemListElement\":[{\"@type\":\"ListItem\",\"position\":1,\"name\":\"Accueil\",\"item\":\"https:\\\/\\\/demainlargentiere.fr\\\/\"},{\"@type\":\"ListItem\",\"position\":2,\"name\":\"Lucien Martin\"}]},{\"@type\":\"WebSite\",\"@id\":\"http:\\\/\\\/demainlargentiere.fr\\\/#website\",\"url\":\"http:\\\/\\\/demainlargentiere.fr\\\/\",\"name\":\"Demain LARGENTIERE !\",\"description\":\"Ensemble, cr\u00e9ons demain.\",\"publisher\":{\"@id\":\"http:\\\/\\\/demainlargentiere.fr\\\/#organization\"},\"potentialAction\":[{\"@type\":\"SearchAction\",\"target\":{\"@type\":\"EntryPoint\",\"urlTemplate\":\"http:\\\/\\\/demainlargentiere.fr\\\/?s={search_term_string}\"},\"query-input\":{\"@type\":\"PropertyValueSpecification\",\"valueRequired\":true,\"valueName\":\"search_term_string\"}}],\"inLanguage\":\"fr-FR\"},{\"@type\":\"Organization\",\"@id\":\"http:\\\/\\\/demainlargentiere.fr\\\/#organization\",\"name\":\"DemainLargentiere\",\"url\":\"http:\\\/\\\/demainlargentiere.fr\\\/\",\"logo\":{\"@type\":\"ImageObject\",\"inLanguage\":\"fr-FR\",\"@id\":\"http:\\\/\\\/demainlargentiere.fr\\\/#\\\/schema\\\/logo\\\/image\\\/\",\"url\":\"http:\\\/\\\/demainlargentiere.fr\\\/wp-content\\\/uploads\\\/2020\\\/02\\\/logo-250x250-1.png\",\"contentUrl\":\"http:\\\/\\\/demainlargentiere.fr\\\/wp-content\\\/uploads\\\/2020\\\/02\\\/logo-250x250-1.png\",\"width\":250,\"height\":250,\"caption\":\"DemainLargentiere\"},\"image\":{\"@id\":\"http:\\\/\\\/demainlargentiere.fr\\\/#\\\/schema\\\/logo\\\/image\\\/\"},\"sameAs\":[\"https:\\\/\\\/www.facebook.com\\\/DemainLargentiere\\\/\"]}]}<\/script>\n<!-- \/ Yoast SEO plugin. -->","yoast_head_json":{"title":"Lucien Martin - Demain LARGENTIERE !","robots":{"index":"index","follow":"follow","max-snippet":"max-snippet:-1","max-image-preview":"max-image-preview:large","max-video-preview":"max-video-preview:-1"},"canonical":"https:\/\/demainlargentiere.fr\/index.php\/lucien-martin\/","og_locale":"fr_FR","og_type":"article","og_title":"Lucien Martin - Demain LARGENTIERE !","og_description":"Je m&rsquo;appelle Martin Lucien j\u2019ai 71 ans, retrait\u00e9 des travaux publics, j&rsquo;habite \u00e0 Largenti\u00e8re depuis 2014,au centre bourg.\u00a0 \u00a0Je me pr\u00e9sente sur la liste Demain Largenti\u00e8re car cette liste a des projets qui me tiennent \u00e0 c\u0153ur en terme de travaux publics dont la continuit\u00e9 de la voie cycliste par la rue de la r\u00e9publique &hellip; Continuer la lecture \u00ab\u00a0Lucien Martin\u00a0\u00bb","og_url":"https:\/\/demainlargentiere.fr\/index.php\/lucien-martin\/","og_site_name":"Demain LARGENTIERE !","article_publisher":"https:\/\/www.facebook.com\/DemainLargentiere\/","article_modified_time":"2026-03-11T08:53:53+00:00","twitter_card":"summary_large_image","twitter_misc":{"Dur\u00e9e de lecture estim\u00e9e":"1 minute"},"schema":{"@context":"https:\/\/schema.org","@graph":[{"@type":"WebPage","@id":"https:\/\/demainlargentiere.fr\/index.php\/lucien-martin\/","url":"https:\/\/demainlargentiere.fr\/index.php\/lucien-martin\/","name":"Lucien Martin - Demain LARGENTIERE !","isPartOf":{"@id":"http:\/\/demainlargentiere.fr\/#website"},"datePublished":"2026-03-11T08:53:52+00:00","dateModified":"2026-03-11T08:53:53+00:00","breadcrumb":{"@id":"https:\/\/demainlargentiere.fr\/index.php\/lucien-martin\/#breadcrumb"},"inLanguage":"fr-FR","potentialAction":[{"@type":"ReadAction","target":["https:\/\/demainlargentiere.fr\/index.php\/lucien-martin\/"]}]},{"@type":"BreadcrumbList","@id":"https:\/\/demainlargentiere.fr\/index.php\/lucien-martin\/#breadcrumb","itemListElement":[{"@type":"ListItem","position":1,"name":"Accueil","item":"https:\/\/demainlargentiere.fr\/"},{"@type":"ListItem","position":2,"name":"Lucien Martin"}]},{"@type":"WebSite","@id":"http:\/\/demainlargentiere.fr\/#website","url":"http:\/\/demainlargentiere.fr\/","name":"Demain LARGENTIERE !","description":"Ensemble, cr\u00e9ons demain.","publisher":{"@id":"http:\/\/demainlargentiere.fr\/#organization"},"potentialAction":[{"@type":"SearchAction","target":{"@type":"EntryPoint","urlTemplate":"http:\/\/demainlargentiere.fr\/?s={search_term_string}"},"query-input":{"@type":"PropertyValueSpecification","valueRequired":true,"valueName":"search_term_string"}}],"inLanguage":"fr-FR"},{"@type":"Organization","@id":"http:\/\/demainlargentiere.fr\/#organization","name":"DemainLargentiere","url":"http:\/\/demainlargentiere.fr\/","logo":{"@type":"ImageObject","inLanguage":"fr-FR","@id":"http:\/\/demainlargentiere.fr\/#\/schema\/logo\/image\/","url":"http:\/\/demainlargentiere.fr\/wp-content\/uploads\/2020\/02\/logo-250x250-1.png","contentUrl":"http:\/\/demainlargentiere.fr\/wp-content\/uploads\/2020\/02\/logo-250x250-1.png","width":250,"height":250,"caption":"DemainLargentiere"},"image":{"@id":"http:\/\/demainlargentiere.fr\/#\/schema\/logo\/image\/"},"sameAs":["https:\/\/www.facebook.com\/DemainLargentiere\/"]}]}},"_links":{"self":[{"href":"https:\/\/demainlargentiere.fr\/index.php\/wp-json\/wp\/v2\/pages\/5926","targetHints":{"allow":["GET"]}}],"collection":[{"href":"https:\/\/demainlargentiere.fr\/index.php\/wp-json\/wp\/v2\/pages"}],"about":[{"href":"https:\/\/demainlargentiere.fr\/index.php\/wp-json\/wp\/v2\/types\/page"}],"author":[{"embeddable":true,"href":"https:\/\/demainlargentiere.fr\/index.php\/wp-json\/wp\/v2\/users\/2"}],"replies":[{"embeddable":true,"href":"https:\/\/demainlargentiere.fr\/index.php\/wp-json\/wp\/v2\/comments?post=5926"}],"version-history":[{"count":1,"href":"https:\/\/demainlargentiere.fr\/index.php\/wp-json\/wp\/v2\/pages\/5926\/revisions"}],"predecessor-version":[{"id":5928,"href":"https:\/\/demainlargentiere.fr\/index.php\/wp-json\/wp\/v2\/pages\/5926\/revisions\/5928"}],"wp:attachment":[{"href":"https:\/\/demainlargentiere.fr\/index.php\/wp-json\/wp\/v2\/media?parent=5926"}],"curies":[{"name":"wp","href":"https:\/\/api.w.org\/{rel}","templated":true}]}}