{"id":5967,"date":"2026-03-20T12:29:39","date_gmt":"2026-03-20T11:29:39","guid":{"rendered":"https:\/\/demainlargentiere.fr\/?page_id=5967"},"modified":"2026-03-24T10:26:47","modified_gmt":"2026-03-24T09:26:47","slug":"cm-du-21-mars-2026-conseil-dinstallation","status":"publish","type":"page","link":"https:\/\/demainlargentiere.fr\/index.php\/cm-du-21-mars-2026-conseil-dinstallation\/","title":{"rendered":"CM du 21 mars 2026 : conseil d&rsquo;installation"},"content":{"rendered":"\n<figure class=\"wp-block-image size-full is-resized\"><img loading=\"lazy\" decoding=\"async\" width=\"566\" height=\"725\" src=\"http:\/\/demainlargentiere.fr\/wp-content\/uploads\/2026\/03\/convoc.jpg\" alt=\"\" class=\"wp-image-5968\" style=\"width:319px;height:auto\" srcset=\"https:\/\/demainlargentiere.fr\/wp-content\/uploads\/2026\/03\/convoc.jpg 566w, https:\/\/demainlargentiere.fr\/wp-content\/uploads\/2026\/03\/convoc-234x300.jpg 234w\" sizes=\"auto, (max-width: 566px) 100vw, 566px\" \/><\/figure>\n\n\n\n<h4 class=\"wp-block-heading\">\u00c9lection du nouveau maire<\/h4>\n\n\n\n<p><strong>Monsieur Guillemin Alban<\/strong> : 12 voix pour, 2 votes blanc et 1voix pour Nathalie Fabre<\/p>\n\n\n\n<h4 class=\"wp-block-heading\">Discours du nouveau maire<\/h4>\n\n\n\n<p>Le maire a remerci\u00e9 les Largenti\u00e9roises et Largenti\u00e9rois pour leur confiance ainsi que l&rsquo;ensemble du conseil municipal.  Des remerciements ont \u00e9t\u00e9 adress\u00e9s aux \u00e9lus sortants de la majorit\u00e9 et de l&rsquo;opposition, avec une pens\u00e9e particuli\u00e8re pour <strong>M. Cl\u00e9ment Emmanuel<\/strong> et <strong>M. Descombe<\/strong> <strong>Bruno<\/strong>, d\u00e9c\u00e9d\u00e9s pendant le mandat.<\/p>\n\n\n\n<h4 class=\"wp-block-heading\">\u00c9lection des adjoints<\/h4>\n\n\n\n<p>Agn\u00e8s MAIGRON, 1\u00e8re adjointe, Erick GLANOWSKI, 2\u00e8me adjoint, Huguette ANJOLRAS, 3\u00e8me adjointe, Mahmed-Noor TAHANI, 4\u00e8me adjoint<\/p>\n\n\n\n<h4 class=\"wp-block-heading\">Lecture et approbation de la charte de l&rsquo;\u00e9lu local<\/h4>\n\n\n\n<p>La loi du 22 d\u00e9cembre 2025 modernise la <strong>Charte de l\u2019\u00e9lu local<\/strong>, texte de r\u00e9f\u00e9rence qui encadre les <strong>principes \u00e9thiques attach\u00e9s \u00e0 l\u2019exercice du mandat<\/strong>.\u00a0<\/p>\n\n\n\n<p>Pour nous cette charte n&rsquo;est pas un simple document, elle rappelle les principes d&rsquo;<strong>impartialit\u00e9<\/strong>, de <strong>dignit\u00e9<\/strong>, de <strong>probit\u00e9<\/strong>, d&rsquo;<strong>int\u00e9grit\u00e9<\/strong> et de poursuite de l&rsquo;<strong>int\u00e9r\u00eat g\u00e9n\u00e9ral<\/strong>.<\/p>\n\n\n\n<h4 class=\"wp-block-heading\">Fixation des indemnit\u00e9s de fonction<\/h4>\n\n\n\n<p>Du fait que la commune est chef-lieu d&rsquo;arrondissement, les indemnit\u00e9s peuvent \u00eatre major\u00e9es de 20%. <strong>Enveloppe globale :<\/strong> <strong>69 658,56 euros<\/strong>. Il n&rsquo;a pas \u00e9t\u00e9 pr\u00e9cis\u00e9 que l&rsquo;\u00e9quipe majoritaire baisserait leurs indemnit\u00e9s.<\/p>\n\n\n\n<h4 class=\"wp-block-heading\">Cl\u00f4ture de s\u00e9ance<\/h4>\n\n\n\n<p>Une question pos\u00e9e dans le public par Mme Villard pour demander si l&rsquo;\u00e9quipe majoritaire r\u00e9tablira enfin la possibilit\u00e9 d&rsquo;avoir des \u00e9changes avec la salle en fin de conseil en lui laissant la possibilit\u00e9 de poser des questions : le nouveau maire n&rsquo;a pas donn\u00e9 de r\u00e9ponse et interrogera son \u00e9quipe.<\/p>\n","protected":false},"excerpt":{"rendered":"<p>\u00c9lection du nouveau maire Monsieur Guillemin Alban : 12 voix pour, 2 votes blanc et 1voix pour Nathalie Fabre Discours du nouveau maire Le maire a remerci\u00e9 les Largenti\u00e9roises et Largenti\u00e9rois pour leur confiance ainsi que l&rsquo;ensemble du conseil municipal. Des remerciements ont \u00e9t\u00e9 adress\u00e9s aux \u00e9lus sortants de la majorit\u00e9 et de l&rsquo;opposition, avec &hellip; <\/p>\n<p class=\"link-more\"><a href=\"https:\/\/demainlargentiere.fr\/index.php\/cm-du-21-mars-2026-conseil-dinstallation\/\" class=\"more-link\">Continuer la lecture <span class=\"screen-reader-text\"> \u00ab\u00a0CM du 21 mars 2026 : conseil d&rsquo;installation\u00a0\u00bb<\/span><\/a><\/p>\n","protected":false},"author":2,"featured_media":0,"parent":0,"menu_order":0,"comment_status":"closed","ping_status":"closed","template":"","meta":{"ngg_post_thumbnail":0,"footnotes":""},"class_list":["post-5967","page","type-page","status-publish","hentry","entry"],"yoast_head":"<!-- This site is optimized with the Yoast SEO plugin v27.3 - https:\/\/yoast.com\/product\/yoast-seo-wordpress\/ -->\n<title>CM du 21 mars 2026 : conseil d&#039;installation - Demain LARGENTIERE !<\/title>\n<meta name=\"robots\" content=\"index, follow, max-snippet:-1, max-image-preview:large, max-video-preview:-1\" \/>\n<link rel=\"canonical\" href=\"https:\/\/demainlargentiere.fr\/index.php\/cm-du-21-mars-2026-conseil-dinstallation\/\" \/>\n<meta property=\"og:locale\" content=\"fr_FR\" \/>\n<meta property=\"og:type\" content=\"article\" \/>\n<meta property=\"og:title\" content=\"CM du 21 mars 2026 : conseil d&#039;installation - Demain LARGENTIERE !\" \/>\n<meta property=\"og:description\" content=\"\u00c9lection du nouveau maire Monsieur Guillemin Alban : 12 voix pour, 2 votes blanc et 1voix pour Nathalie Fabre Discours du nouveau maire Le maire a remerci\u00e9 les Largenti\u00e9roises et Largenti\u00e9rois pour leur confiance ainsi que l&rsquo;ensemble du conseil municipal. Des remerciements ont \u00e9t\u00e9 adress\u00e9s aux \u00e9lus sortants de la majorit\u00e9 et de l&rsquo;opposition, avec &hellip; Continuer la lecture \u00ab\u00a0CM du 21 mars 2026 : conseil d&rsquo;installation\u00a0\u00bb\" \/>\n<meta property=\"og:url\" content=\"https:\/\/demainlargentiere.fr\/index.php\/cm-du-21-mars-2026-conseil-dinstallation\/\" \/>\n<meta property=\"og:site_name\" content=\"Demain LARGENTIERE !\" \/>\n<meta property=\"article:publisher\" content=\"https:\/\/www.facebook.com\/DemainLargentiere\/\" \/>\n<meta property=\"article:modified_time\" content=\"2026-03-24T09:26:47+00:00\" \/>\n<meta property=\"og:image\" content=\"https:\/\/demainlargentiere.fr\/wp-content\/uploads\/2026\/03\/convoc.jpg\" \/>\n\t<meta property=\"og:image:width\" content=\"566\" \/>\n\t<meta property=\"og:image:height\" content=\"725\" \/>\n\t<meta property=\"og:image:type\" content=\"image\/jpeg\" \/>\n<meta name=\"twitter:card\" content=\"summary_large_image\" \/>\n<meta name=\"twitter:label1\" content=\"Dur\u00e9e de lecture estim\u00e9e\" \/>\n\t<meta name=\"twitter:data1\" content=\"2 minutes\" \/>\n<script type=\"application\/ld+json\" class=\"yoast-schema-graph\">{\"@context\":\"https:\\\/\\\/schema.org\",\"@graph\":[{\"@type\":\"WebPage\",\"@id\":\"https:\\\/\\\/demainlargentiere.fr\\\/index.php\\\/cm-du-21-mars-2026-conseil-dinstallation\\\/\",\"url\":\"https:\\\/\\\/demainlargentiere.fr\\\/index.php\\\/cm-du-21-mars-2026-conseil-dinstallation\\\/\",\"name\":\"CM du 21 mars 2026 : conseil d'installation - Demain LARGENTIERE !\",\"isPartOf\":{\"@id\":\"http:\\\/\\\/demainlargentiere.fr\\\/#website\"},\"primaryImageOfPage\":{\"@id\":\"https:\\\/\\\/demainlargentiere.fr\\\/index.php\\\/cm-du-21-mars-2026-conseil-dinstallation\\\/#primaryimage\"},\"image\":{\"@id\":\"https:\\\/\\\/demainlargentiere.fr\\\/index.php\\\/cm-du-21-mars-2026-conseil-dinstallation\\\/#primaryimage\"},\"thumbnailUrl\":\"http:\\\/\\\/demainlargentiere.fr\\\/wp-content\\\/uploads\\\/2026\\\/03\\\/convoc.jpg\",\"datePublished\":\"2026-03-20T11:29:39+00:00\",\"dateModified\":\"2026-03-24T09:26:47+00:00\",\"breadcrumb\":{\"@id\":\"https:\\\/\\\/demainlargentiere.fr\\\/index.php\\\/cm-du-21-mars-2026-conseil-dinstallation\\\/#breadcrumb\"},\"inLanguage\":\"fr-FR\",\"potentialAction\":[{\"@type\":\"ReadAction\",\"target\":[\"https:\\\/\\\/demainlargentiere.fr\\\/index.php\\\/cm-du-21-mars-2026-conseil-dinstallation\\\/\"]}]},{\"@type\":\"ImageObject\",\"inLanguage\":\"fr-FR\",\"@id\":\"https:\\\/\\\/demainlargentiere.fr\\\/index.php\\\/cm-du-21-mars-2026-conseil-dinstallation\\\/#primaryimage\",\"url\":\"https:\\\/\\\/demainlargentiere.fr\\\/wp-content\\\/uploads\\\/2026\\\/03\\\/convoc.jpg\",\"contentUrl\":\"https:\\\/\\\/demainlargentiere.fr\\\/wp-content\\\/uploads\\\/2026\\\/03\\\/convoc.jpg\",\"width\":566,\"height\":725},{\"@type\":\"BreadcrumbList\",\"@id\":\"https:\\\/\\\/demainlargentiere.fr\\\/index.php\\\/cm-du-21-mars-2026-conseil-dinstallation\\\/#breadcrumb\",\"itemListElement\":[{\"@type\":\"ListItem\",\"position\":1,\"name\":\"Accueil\",\"item\":\"https:\\\/\\\/demainlargentiere.fr\\\/\"},{\"@type\":\"ListItem\",\"position\":2,\"name\":\"CM du 21 mars 2026 : conseil d&rsquo;installation\"}]},{\"@type\":\"WebSite\",\"@id\":\"http:\\\/\\\/demainlargentiere.fr\\\/#website\",\"url\":\"http:\\\/\\\/demainlargentiere.fr\\\/\",\"name\":\"Demain LARGENTIERE !\",\"description\":\"Ensemble, cr\u00e9ons demain.\",\"publisher\":{\"@id\":\"http:\\\/\\\/demainlargentiere.fr\\\/#organization\"},\"potentialAction\":[{\"@type\":\"SearchAction\",\"target\":{\"@type\":\"EntryPoint\",\"urlTemplate\":\"http:\\\/\\\/demainlargentiere.fr\\\/?s={search_term_string}\"},\"query-input\":{\"@type\":\"PropertyValueSpecification\",\"valueRequired\":true,\"valueName\":\"search_term_string\"}}],\"inLanguage\":\"fr-FR\"},{\"@type\":\"Organization\",\"@id\":\"http:\\\/\\\/demainlargentiere.fr\\\/#organization\",\"name\":\"DemainLargentiere\",\"url\":\"http:\\\/\\\/demainlargentiere.fr\\\/\",\"logo\":{\"@type\":\"ImageObject\",\"inLanguage\":\"fr-FR\",\"@id\":\"http:\\\/\\\/demainlargentiere.fr\\\/#\\\/schema\\\/logo\\\/image\\\/\",\"url\":\"http:\\\/\\\/demainlargentiere.fr\\\/wp-content\\\/uploads\\\/2020\\\/02\\\/logo-250x250-1.png\",\"contentUrl\":\"http:\\\/\\\/demainlargentiere.fr\\\/wp-content\\\/uploads\\\/2020\\\/02\\\/logo-250x250-1.png\",\"width\":250,\"height\":250,\"caption\":\"DemainLargentiere\"},\"image\":{\"@id\":\"http:\\\/\\\/demainlargentiere.fr\\\/#\\\/schema\\\/logo\\\/image\\\/\"},\"sameAs\":[\"https:\\\/\\\/www.facebook.com\\\/DemainLargentiere\\\/\"]}]}<\/script>\n<!-- \/ Yoast SEO plugin. -->","yoast_head_json":{"title":"CM du 21 mars 2026 : conseil d'installation - Demain LARGENTIERE !","robots":{"index":"index","follow":"follow","max-snippet":"max-snippet:-1","max-image-preview":"max-image-preview:large","max-video-preview":"max-video-preview:-1"},"canonical":"https:\/\/demainlargentiere.fr\/index.php\/cm-du-21-mars-2026-conseil-dinstallation\/","og_locale":"fr_FR","og_type":"article","og_title":"CM du 21 mars 2026 : conseil d'installation - Demain LARGENTIERE !","og_description":"\u00c9lection du nouveau maire Monsieur Guillemin Alban : 12 voix pour, 2 votes blanc et 1voix pour Nathalie Fabre Discours du nouveau maire Le maire a remerci\u00e9 les Largenti\u00e9roises et Largenti\u00e9rois pour leur confiance ainsi que l&rsquo;ensemble du conseil municipal. Des remerciements ont \u00e9t\u00e9 adress\u00e9s aux \u00e9lus sortants de la majorit\u00e9 et de l&rsquo;opposition, avec &hellip; Continuer la lecture \u00ab\u00a0CM du 21 mars 2026 : conseil d&rsquo;installation\u00a0\u00bb","og_url":"https:\/\/demainlargentiere.fr\/index.php\/cm-du-21-mars-2026-conseil-dinstallation\/","og_site_name":"Demain LARGENTIERE !","article_publisher":"https:\/\/www.facebook.com\/DemainLargentiere\/","article_modified_time":"2026-03-24T09:26:47+00:00","og_image":[{"width":566,"height":725,"url":"https:\/\/demainlargentiere.fr\/wp-content\/uploads\/2026\/03\/convoc.jpg","type":"image\/jpeg"}],"twitter_card":"summary_large_image","twitter_misc":{"Dur\u00e9e de lecture estim\u00e9e":"2 minutes"},"schema":{"@context":"https:\/\/schema.org","@graph":[{"@type":"WebPage","@id":"https:\/\/demainlargentiere.fr\/index.php\/cm-du-21-mars-2026-conseil-dinstallation\/","url":"https:\/\/demainlargentiere.fr\/index.php\/cm-du-21-mars-2026-conseil-dinstallation\/","name":"CM du 21 mars 2026 : conseil d'installation - Demain LARGENTIERE !","isPartOf":{"@id":"http:\/\/demainlargentiere.fr\/#website"},"primaryImageOfPage":{"@id":"https:\/\/demainlargentiere.fr\/index.php\/cm-du-21-mars-2026-conseil-dinstallation\/#primaryimage"},"image":{"@id":"https:\/\/demainlargentiere.fr\/index.php\/cm-du-21-mars-2026-conseil-dinstallation\/#primaryimage"},"thumbnailUrl":"http:\/\/demainlargentiere.fr\/wp-content\/uploads\/2026\/03\/convoc.jpg","datePublished":"2026-03-20T11:29:39+00:00","dateModified":"2026-03-24T09:26:47+00:00","breadcrumb":{"@id":"https:\/\/demainlargentiere.fr\/index.php\/cm-du-21-mars-2026-conseil-dinstallation\/#breadcrumb"},"inLanguage":"fr-FR","potentialAction":[{"@type":"ReadAction","target":["https:\/\/demainlargentiere.fr\/index.php\/cm-du-21-mars-2026-conseil-dinstallation\/"]}]},{"@type":"ImageObject","inLanguage":"fr-FR","@id":"https:\/\/demainlargentiere.fr\/index.php\/cm-du-21-mars-2026-conseil-dinstallation\/#primaryimage","url":"https:\/\/demainlargentiere.fr\/wp-content\/uploads\/2026\/03\/convoc.jpg","contentUrl":"https:\/\/demainlargentiere.fr\/wp-content\/uploads\/2026\/03\/convoc.jpg","width":566,"height":725},{"@type":"BreadcrumbList","@id":"https:\/\/demainlargentiere.fr\/index.php\/cm-du-21-mars-2026-conseil-dinstallation\/#breadcrumb","itemListElement":[{"@type":"ListItem","position":1,"name":"Accueil","item":"https:\/\/demainlargentiere.fr\/"},{"@type":"ListItem","position":2,"name":"CM du 21 mars 2026 : conseil d&rsquo;installation"}]},{"@type":"WebSite","@id":"http:\/\/demainlargentiere.fr\/#website","url":"http:\/\/demainlargentiere.fr\/","name":"Demain LARGENTIERE !","description":"Ensemble, cr\u00e9ons demain.","publisher":{"@id":"http:\/\/demainlargentiere.fr\/#organization"},"potentialAction":[{"@type":"SearchAction","target":{"@type":"EntryPoint","urlTemplate":"http:\/\/demainlargentiere.fr\/?s={search_term_string}"},"query-input":{"@type":"PropertyValueSpecification","valueRequired":true,"valueName":"search_term_string"}}],"inLanguage":"fr-FR"},{"@type":"Organization","@id":"http:\/\/demainlargentiere.fr\/#organization","name":"DemainLargentiere","url":"http:\/\/demainlargentiere.fr\/","logo":{"@type":"ImageObject","inLanguage":"fr-FR","@id":"http:\/\/demainlargentiere.fr\/#\/schema\/logo\/image\/","url":"http:\/\/demainlargentiere.fr\/wp-content\/uploads\/2020\/02\/logo-250x250-1.png","contentUrl":"http:\/\/demainlargentiere.fr\/wp-content\/uploads\/2020\/02\/logo-250x250-1.png","width":250,"height":250,"caption":"DemainLargentiere"},"image":{"@id":"http:\/\/demainlargentiere.fr\/#\/schema\/logo\/image\/"},"sameAs":["https:\/\/www.facebook.com\/DemainLargentiere\/"]}]}},"_links":{"self":[{"href":"https:\/\/demainlargentiere.fr\/index.php\/wp-json\/wp\/v2\/pages\/5967","targetHints":{"allow":["GET"]}}],"collection":[{"href":"https:\/\/demainlargentiere.fr\/index.php\/wp-json\/wp\/v2\/pages"}],"about":[{"href":"https:\/\/demainlargentiere.fr\/index.php\/wp-json\/wp\/v2\/types\/page"}],"author":[{"embeddable":true,"href":"https:\/\/demainlargentiere.fr\/index.php\/wp-json\/wp\/v2\/users\/2"}],"replies":[{"embeddable":true,"href":"https:\/\/demainlargentiere.fr\/index.php\/wp-json\/wp\/v2\/comments?post=5967"}],"version-history":[{"count":2,"href":"https:\/\/demainlargentiere.fr\/index.php\/wp-json\/wp\/v2\/pages\/5967\/revisions"}],"predecessor-version":[{"id":5983,"href":"https:\/\/demainlargentiere.fr\/index.php\/wp-json\/wp\/v2\/pages\/5967\/revisions\/5983"}],"wp:attachment":[{"href":"https:\/\/demainlargentiere.fr\/index.php\/wp-json\/wp\/v2\/media?parent=5967"}],"curies":[{"name":"wp","href":"https:\/\/api.w.org\/{rel}","templated":true}]}}