{"id":731,"date":"2020-02-12T15:44:01","date_gmt":"2020-02-12T14:44:01","guid":{"rendered":"http:\/\/demainlargentiere.fr\/?page_id=731"},"modified":"2026-03-20T15:03:47","modified_gmt":"2026-03-20T14:03:47","slug":"accueil","status":"publish","type":"page","link":"https:\/\/demainlargentiere.fr\/","title":{"rendered":"Accueil"},"content":{"rendered":"\n<h4 class=\"wp-block-heading has-text-align-center\">2 si\u00e8ges pour Demain Largenti\u00e8re<\/h4>\n\n\n\n<p>La liste majoritaire l\u2019emporte avec 383 voix pour 1277 \u00e9lecteurs. Avec 244 voix, notre liste Demain Largenti\u00e8re 2026 rassemble une part importante des suffrages exprim\u00e9s. Dans un contexte marqu\u00e9 par une forte abstention, pr\u00e8s de 40 %, nous prenons acte du r\u00e9sultat. Deux si\u00e8ges nous reviennent : c&rsquo;est <strong>Claudine Fournet et Emmanuel Samaniego <\/strong>qui les occuperont.<\/p>\n\n\n\n<p><em><a href=\"https:\/\/demainlargentiere.fr\/index.php\/2026\/03\/17\/resultat-des-elections-municipales-2026\/\">Lire l&rsquo;article<\/a><\/em><\/p>\n\n\n<div class=\"wp-block-image\">\n<figure class=\"aligncenter size-large is-resized\"><img loading=\"lazy\" decoding=\"async\" width=\"851\" height=\"315\" src=\"http:\/\/demainlargentiere.fr\/wp-content\/uploads\/2020\/02\/facebook-couverture-851x315px.png\" alt=\"\" class=\"wp-image-1310\" style=\"width:420px;height:155px\" srcset=\"https:\/\/demainlargentiere.fr\/wp-content\/uploads\/2020\/02\/facebook-couverture-851x315px.png 851w, https:\/\/demainlargentiere.fr\/wp-content\/uploads\/2020\/02\/facebook-couverture-851x315px-300x111.png 300w, https:\/\/demainlargentiere.fr\/wp-content\/uploads\/2020\/02\/facebook-couverture-851x315px-768x284.png 768w\" sizes=\"auto, (max-width: 851px) 100vw, 851px\" \/><\/figure><\/div>\n\n\n<hr class=\"wp-block-separator aligncenter has-alpha-channel-opacity is-style-wide\"\/>\n\n\n\n<figure class=\"wp-block-image size-large\"><img loading=\"lazy\" decoding=\"async\" width=\"1024\" height=\"62\" src=\"http:\/\/demainlargentiere.fr\/wp-content\/uploads\/2020\/02\/info-rouge-1024x62.jpg\" alt=\"\" class=\"wp-image-882\" srcset=\"https:\/\/demainlargentiere.fr\/wp-content\/uploads\/2020\/02\/info-rouge-1024x62.jpg 1024w, https:\/\/demainlargentiere.fr\/wp-content\/uploads\/2020\/02\/info-rouge-300x18.jpg 300w, https:\/\/demainlargentiere.fr\/wp-content\/uploads\/2020\/02\/info-rouge-768x47.jpg 768w, https:\/\/demainlargentiere.fr\/wp-content\/uploads\/2020\/02\/info-rouge.jpg 1479w\" sizes=\"auto, (max-width: 1024px) 100vw, 1024px\" \/><\/figure>\n\n\n\n<div class=\"wp-block-columns is-layout-flex wp-container-core-columns-is-layout-9d6595d7 wp-block-columns-is-layout-flex\">\n<div class=\"wp-block-column is-layout-flow wp-block-column-is-layout-flow\">\n<figure class=\"wp-block-image size-large is-resized\"><a href=\"https:\/\/www.facebook.com\/DemainLargentiere\/\" target=\"_blank\" rel=\"noreferrer noopener\"><img loading=\"lazy\" decoding=\"async\" width=\"312\" height=\"60\" src=\"http:\/\/demainlargentiere.fr\/wp-content\/uploads\/2020\/02\/FBDL.jpg\" alt=\"\" class=\"wp-image-901\" style=\"width:160px;height:30px\" srcset=\"https:\/\/demainlargentiere.fr\/wp-content\/uploads\/2020\/02\/FBDL.jpg 312w, https:\/\/demainlargentiere.fr\/wp-content\/uploads\/2020\/02\/FBDL-300x58.jpg 300w\" sizes=\"auto, (max-width: 312px) 100vw, 312px\" \/><\/a><\/figure>\n<\/div>\n\n\n\n<div class=\"wp-block-column is-layout-flow wp-block-column-is-layout-flow\">\n<figure class=\"wp-block-image size-large is-resized\"><a href=\"mailto:demainlargentiere@gmail.com\"><img loading=\"lazy\" decoding=\"async\" width=\"439\" height=\"59\" src=\"http:\/\/demainlargentiere.fr\/wp-content\/uploads\/2020\/02\/MAILdl.jpg\" alt=\"\" class=\"wp-image-902\" style=\"width:287px;height:38px\" srcset=\"https:\/\/demainlargentiere.fr\/wp-content\/uploads\/2020\/02\/MAILdl.jpg 439w, https:\/\/demainlargentiere.fr\/wp-content\/uploads\/2020\/02\/MAILdl-300x40.jpg 300w\" sizes=\"auto, (max-width: 439px) 100vw, 439px\" \/><\/a><\/figure>\n<\/div>\n\n\n\n<div class=\"wp-block-column is-layout-flow wp-block-column-is-layout-flow\">\n<figure class=\"wp-block-image size-large is-resized\"><img loading=\"lazy\" decoding=\"async\" width=\"254\" height=\"56\" src=\"http:\/\/demainlargentiere.fr\/wp-content\/uploads\/2020\/02\/teldl.jpg\" alt=\"\" class=\"wp-image-904\" style=\"width:121px;height:26px\"\/><\/figure>\n<\/div>\n<\/div>\n\n\n\n<p><\/p>\n","protected":false},"excerpt":{"rendered":"<p>2 si\u00e8ges pour Demain Largenti\u00e8re La liste majoritaire l\u2019emporte avec 383 voix pour 1277 \u00e9lecteurs. Avec 244 voix, notre liste Demain Largenti\u00e8re 2026 rassemble une part importante des suffrages exprim\u00e9s. Dans un contexte marqu\u00e9 par une forte abstention, pr\u00e8s de 40 %, nous prenons acte du r\u00e9sultat. Deux si\u00e8ges nous reviennent : c&rsquo;est Claudine Fournet &hellip; <\/p>\n<p class=\"link-more\"><a href=\"https:\/\/demainlargentiere.fr\/\" class=\"more-link\">Continuer la lecture <span class=\"screen-reader-text\"> \u00ab\u00a0Accueil\u00a0\u00bb<\/span><\/a><\/p>\n","protected":false},"author":1,"featured_media":0,"parent":0,"menu_order":0,"comment_status":"closed","ping_status":"closed","template":"","meta":{"ngg_post_thumbnail":0,"footnotes":""},"class_list":["post-731","page","type-page","status-publish","hentry","entry"],"yoast_head":"<!-- This site is optimized with the Yoast SEO plugin v27.3 - https:\/\/yoast.com\/product\/yoast-seo-wordpress\/ -->\n<title>Accueil - Demain LARGENTIERE !<\/title>\n<meta name=\"robots\" content=\"index, follow, max-snippet:-1, max-image-preview:large, max-video-preview:-1\" \/>\n<link rel=\"canonical\" href=\"https:\/\/demainlargentiere.fr\/\" \/>\n<meta property=\"og:locale\" content=\"fr_FR\" \/>\n<meta property=\"og:type\" content=\"article\" \/>\n<meta property=\"og:title\" content=\"Accueil - Demain LARGENTIERE !\" \/>\n<meta property=\"og:description\" content=\"2 si\u00e8ges pour Demain Largenti\u00e8re La liste majoritaire l\u2019emporte avec 383 voix pour 1277 \u00e9lecteurs. Avec 244 voix, notre liste Demain Largenti\u00e8re 2026 rassemble une part importante des suffrages exprim\u00e9s. Dans un contexte marqu\u00e9 par une forte abstention, pr\u00e8s de 40 %, nous prenons acte du r\u00e9sultat. Deux si\u00e8ges nous reviennent : c&rsquo;est Claudine Fournet &hellip; Continuer la lecture \u00ab\u00a0Accueil\u00a0\u00bb\" \/>\n<meta property=\"og:url\" content=\"https:\/\/demainlargentiere.fr\/\" \/>\n<meta property=\"og:site_name\" content=\"Demain LARGENTIERE !\" \/>\n<meta property=\"article:publisher\" content=\"https:\/\/www.facebook.com\/DemainLargentiere\/\" \/>\n<meta property=\"article:modified_time\" content=\"2026-03-20T14:03:47+00:00\" \/>\n<meta property=\"og:image\" content=\"https:\/\/demainlargentiere.fr\/wp-content\/uploads\/2020\/02\/facebook-couverture-851x315px.png\" \/>\n\t<meta property=\"og:image:width\" content=\"851\" \/>\n\t<meta property=\"og:image:height\" content=\"315\" \/>\n\t<meta property=\"og:image:type\" content=\"image\/png\" \/>\n<meta name=\"twitter:card\" content=\"summary_large_image\" \/>\n<meta name=\"twitter:label1\" content=\"Dur\u00e9e de lecture estim\u00e9e\" \/>\n\t<meta name=\"twitter:data1\" content=\"2 minutes\" \/>\n<script type=\"application\/ld+json\" class=\"yoast-schema-graph\">{\"@context\":\"https:\\\/\\\/schema.org\",\"@graph\":[{\"@type\":\"WebPage\",\"@id\":\"https:\\\/\\\/demainlargentiere.fr\\\/\",\"url\":\"https:\\\/\\\/demainlargentiere.fr\\\/\",\"name\":\"Accueil - Demain LARGENTIERE !\",\"isPartOf\":{\"@id\":\"http:\\\/\\\/demainlargentiere.fr\\\/#website\"},\"primaryImageOfPage\":{\"@id\":\"https:\\\/\\\/demainlargentiere.fr\\\/#primaryimage\"},\"image\":{\"@id\":\"https:\\\/\\\/demainlargentiere.fr\\\/#primaryimage\"},\"thumbnailUrl\":\"http:\\\/\\\/demainlargentiere.fr\\\/wp-content\\\/uploads\\\/2020\\\/02\\\/facebook-couverture-851x315px.png\",\"datePublished\":\"2020-02-12T14:44:01+00:00\",\"dateModified\":\"2026-03-20T14:03:47+00:00\",\"breadcrumb\":{\"@id\":\"https:\\\/\\\/demainlargentiere.fr\\\/#breadcrumb\"},\"inLanguage\":\"fr-FR\",\"potentialAction\":[{\"@type\":\"ReadAction\",\"target\":[\"https:\\\/\\\/demainlargentiere.fr\\\/\"]}]},{\"@type\":\"ImageObject\",\"inLanguage\":\"fr-FR\",\"@id\":\"https:\\\/\\\/demainlargentiere.fr\\\/#primaryimage\",\"url\":\"https:\\\/\\\/demainlargentiere.fr\\\/wp-content\\\/uploads\\\/2020\\\/02\\\/facebook-couverture-851x315px.png\",\"contentUrl\":\"https:\\\/\\\/demainlargentiere.fr\\\/wp-content\\\/uploads\\\/2020\\\/02\\\/facebook-couverture-851x315px.png\",\"width\":851,\"height\":315},{\"@type\":\"BreadcrumbList\",\"@id\":\"https:\\\/\\\/demainlargentiere.fr\\\/#breadcrumb\",\"itemListElement\":[{\"@type\":\"ListItem\",\"position\":1,\"name\":\"Accueil\",\"item\":\"https:\\\/\\\/demainlargentiere.fr\\\/\"},{\"@type\":\"ListItem\",\"position\":2,\"name\":\"Accueil\"}]},{\"@type\":\"WebSite\",\"@id\":\"http:\\\/\\\/demainlargentiere.fr\\\/#website\",\"url\":\"http:\\\/\\\/demainlargentiere.fr\\\/\",\"name\":\"Demain LARGENTIERE !\",\"description\":\"Ensemble, cr\u00e9ons demain.\",\"publisher\":{\"@id\":\"http:\\\/\\\/demainlargentiere.fr\\\/#organization\"},\"potentialAction\":[{\"@type\":\"SearchAction\",\"target\":{\"@type\":\"EntryPoint\",\"urlTemplate\":\"http:\\\/\\\/demainlargentiere.fr\\\/?s={search_term_string}\"},\"query-input\":{\"@type\":\"PropertyValueSpecification\",\"valueRequired\":true,\"valueName\":\"search_term_string\"}}],\"inLanguage\":\"fr-FR\"},{\"@type\":\"Organization\",\"@id\":\"http:\\\/\\\/demainlargentiere.fr\\\/#organization\",\"name\":\"DemainLargentiere\",\"url\":\"http:\\\/\\\/demainlargentiere.fr\\\/\",\"logo\":{\"@type\":\"ImageObject\",\"inLanguage\":\"fr-FR\",\"@id\":\"http:\\\/\\\/demainlargentiere.fr\\\/#\\\/schema\\\/logo\\\/image\\\/\",\"url\":\"http:\\\/\\\/demainlargentiere.fr\\\/wp-content\\\/uploads\\\/2020\\\/02\\\/logo-250x250-1.png\",\"contentUrl\":\"http:\\\/\\\/demainlargentiere.fr\\\/wp-content\\\/uploads\\\/2020\\\/02\\\/logo-250x250-1.png\",\"width\":250,\"height\":250,\"caption\":\"DemainLargentiere\"},\"image\":{\"@id\":\"http:\\\/\\\/demainlargentiere.fr\\\/#\\\/schema\\\/logo\\\/image\\\/\"},\"sameAs\":[\"https:\\\/\\\/www.facebook.com\\\/DemainLargentiere\\\/\"]}]}<\/script>\n<!-- \/ Yoast SEO plugin. -->","yoast_head_json":{"title":"Accueil - Demain LARGENTIERE !","robots":{"index":"index","follow":"follow","max-snippet":"max-snippet:-1","max-image-preview":"max-image-preview:large","max-video-preview":"max-video-preview:-1"},"canonical":"https:\/\/demainlargentiere.fr\/","og_locale":"fr_FR","og_type":"article","og_title":"Accueil - Demain LARGENTIERE !","og_description":"2 si\u00e8ges pour Demain Largenti\u00e8re La liste majoritaire l\u2019emporte avec 383 voix pour 1277 \u00e9lecteurs. Avec 244 voix, notre liste Demain Largenti\u00e8re 2026 rassemble une part importante des suffrages exprim\u00e9s. Dans un contexte marqu\u00e9 par une forte abstention, pr\u00e8s de 40 %, nous prenons acte du r\u00e9sultat. Deux si\u00e8ges nous reviennent : c&rsquo;est Claudine Fournet &hellip; Continuer la lecture \u00ab\u00a0Accueil\u00a0\u00bb","og_url":"https:\/\/demainlargentiere.fr\/","og_site_name":"Demain LARGENTIERE !","article_publisher":"https:\/\/www.facebook.com\/DemainLargentiere\/","article_modified_time":"2026-03-20T14:03:47+00:00","og_image":[{"width":851,"height":315,"url":"https:\/\/demainlargentiere.fr\/wp-content\/uploads\/2020\/02\/facebook-couverture-851x315px.png","type":"image\/png"}],"twitter_card":"summary_large_image","twitter_misc":{"Dur\u00e9e de lecture estim\u00e9e":"2 minutes"},"schema":{"@context":"https:\/\/schema.org","@graph":[{"@type":"WebPage","@id":"https:\/\/demainlargentiere.fr\/","url":"https:\/\/demainlargentiere.fr\/","name":"Accueil - Demain LARGENTIERE !","isPartOf":{"@id":"http:\/\/demainlargentiere.fr\/#website"},"primaryImageOfPage":{"@id":"https:\/\/demainlargentiere.fr\/#primaryimage"},"image":{"@id":"https:\/\/demainlargentiere.fr\/#primaryimage"},"thumbnailUrl":"http:\/\/demainlargentiere.fr\/wp-content\/uploads\/2020\/02\/facebook-couverture-851x315px.png","datePublished":"2020-02-12T14:44:01+00:00","dateModified":"2026-03-20T14:03:47+00:00","breadcrumb":{"@id":"https:\/\/demainlargentiere.fr\/#breadcrumb"},"inLanguage":"fr-FR","potentialAction":[{"@type":"ReadAction","target":["https:\/\/demainlargentiere.fr\/"]}]},{"@type":"ImageObject","inLanguage":"fr-FR","@id":"https:\/\/demainlargentiere.fr\/#primaryimage","url":"https:\/\/demainlargentiere.fr\/wp-content\/uploads\/2020\/02\/facebook-couverture-851x315px.png","contentUrl":"https:\/\/demainlargentiere.fr\/wp-content\/uploads\/2020\/02\/facebook-couverture-851x315px.png","width":851,"height":315},{"@type":"BreadcrumbList","@id":"https:\/\/demainlargentiere.fr\/#breadcrumb","itemListElement":[{"@type":"ListItem","position":1,"name":"Accueil","item":"https:\/\/demainlargentiere.fr\/"},{"@type":"ListItem","position":2,"name":"Accueil"}]},{"@type":"WebSite","@id":"http:\/\/demainlargentiere.fr\/#website","url":"http:\/\/demainlargentiere.fr\/","name":"Demain LARGENTIERE !","description":"Ensemble, cr\u00e9ons demain.","publisher":{"@id":"http:\/\/demainlargentiere.fr\/#organization"},"potentialAction":[{"@type":"SearchAction","target":{"@type":"EntryPoint","urlTemplate":"http:\/\/demainlargentiere.fr\/?s={search_term_string}"},"query-input":{"@type":"PropertyValueSpecification","valueRequired":true,"valueName":"search_term_string"}}],"inLanguage":"fr-FR"},{"@type":"Organization","@id":"http:\/\/demainlargentiere.fr\/#organization","name":"DemainLargentiere","url":"http:\/\/demainlargentiere.fr\/","logo":{"@type":"ImageObject","inLanguage":"fr-FR","@id":"http:\/\/demainlargentiere.fr\/#\/schema\/logo\/image\/","url":"http:\/\/demainlargentiere.fr\/wp-content\/uploads\/2020\/02\/logo-250x250-1.png","contentUrl":"http:\/\/demainlargentiere.fr\/wp-content\/uploads\/2020\/02\/logo-250x250-1.png","width":250,"height":250,"caption":"DemainLargentiere"},"image":{"@id":"http:\/\/demainlargentiere.fr\/#\/schema\/logo\/image\/"},"sameAs":["https:\/\/www.facebook.com\/DemainLargentiere\/"]}]}},"_links":{"self":[{"href":"https:\/\/demainlargentiere.fr\/index.php\/wp-json\/wp\/v2\/pages\/731","targetHints":{"allow":["GET"]}}],"collection":[{"href":"https:\/\/demainlargentiere.fr\/index.php\/wp-json\/wp\/v2\/pages"}],"about":[{"href":"https:\/\/demainlargentiere.fr\/index.php\/wp-json\/wp\/v2\/types\/page"}],"author":[{"embeddable":true,"href":"https:\/\/demainlargentiere.fr\/index.php\/wp-json\/wp\/v2\/users\/1"}],"replies":[{"embeddable":true,"href":"https:\/\/demainlargentiere.fr\/index.php\/wp-json\/wp\/v2\/comments?post=731"}],"version-history":[{"count":193,"href":"https:\/\/demainlargentiere.fr\/index.php\/wp-json\/wp\/v2\/pages\/731\/revisions"}],"predecessor-version":[{"id":5979,"href":"https:\/\/demainlargentiere.fr\/index.php\/wp-json\/wp\/v2\/pages\/731\/revisions\/5979"}],"wp:attachment":[{"href":"https:\/\/demainlargentiere.fr\/index.php\/wp-json\/wp\/v2\/media?parent=731"}],"curies":[{"name":"wp","href":"https:\/\/api.w.org\/{rel}","templated":true}]}}